Back to Multiple platform build/check report for BioC 3.15
[A]BCDEFGHIJKLMNOPQRSTUVWXYZ

This page was generated on 2022-01-21 11:06:58 -0500 (Fri, 21 Jan 2022).

HostnameOSArch (*)R versionInstalled pkgs
nebbiolo1Linux (Ubuntu 20.04.4 LTS)x86_64R Under development (unstable) (2022-01-05 r81451) -- "Unsuffered Consequences" 4163
riesling1Windows Server 2019 Standardx64R Under development (unstable) (2021-11-21 r81221) -- "Unsuffered Consequences" 4058
palomino3Windows Server 2022 Datacenterx64R Under development (unstable) (2021-12-21 r81400 ucrt) -- "Unsuffered Consequences" 4000
merida1macOS 10.14.6 Mojavex86_64R Under development (unstable) (2022-01-05 r81451) -- "Unsuffered Consequences" 4117
Click on any hostname to see more info about the system (e.g. compilers)      (*) as reported by 'uname -p', except on Windows and Mac OS X

CHECK results for annaffy on riesling1


To the developers/maintainers of the annaffy package:
- Please allow up to 24 hours (and sometimes 48 hours) for your latest push to git@git.bioconductor.org:packages/annaffy.git to
reflect on this report. See How and When does the builder pull? When will my changes propagate? here for more information.
- Make sure to use the following settings in order to reproduce any error or warning you see on this page.

raw results

Package 54/2075HostnameOS / ArchINSTALLBUILDCHECKBUILD BIN
annaffy 1.67.0  (landing page)
Colin A. Smith
Snapshot Date: 2022-01-20 13:55:17 -0500 (Thu, 20 Jan 2022)
git_url: https://git.bioconductor.org/packages/annaffy
git_branch: master
git_last_commit: 98222ad
git_last_commit_date: 2021-10-26 11:46:08 -0500 (Tue, 26 Oct 2021)
nebbiolo1Linux (Ubuntu 20.04.4 LTS) / x86_64  OK    OK    WARNINGS  UNNEEDED, same version is already published
riesling1Windows Server 2019 Standard / x64  OK    OK    WARNINGS    OK  
palomino3Windows Server 2022 Datacenter / x64  OK    OK    WARNINGS    OK  NO, package depends on 'Biobase' which is not available
merida1macOS 10.14.6 Mojave / x86_64  OK    OK    WARNINGS    OK  UNNEEDED, same version is already published

Summary

Package: annaffy
Version: 1.67.0
Command: D:\biocbuild\bbs-3.15-bioc\R\bin\R.exe CMD check --no-multiarch --install=check:annaffy.install-out.txt --library=D:\biocbuild\bbs-3.15-bioc\R\library --no-vignettes --timings annaffy_1.67.0.tar.gz
StartedAt: 2022-01-20 18:13:14 -0500 (Thu, 20 Jan 2022)
EndedAt: 2022-01-20 18:15:00 -0500 (Thu, 20 Jan 2022)
EllapsedTime: 105.5 seconds
RetCode: 0
Status:   WARNINGS  
CheckDir: annaffy.Rcheck
Warnings: 2

Command output

##############################################################################
##############################################################################
###
### Running command:
###
###   D:\biocbuild\bbs-3.15-bioc\R\bin\R.exe CMD check --no-multiarch --install=check:annaffy.install-out.txt --library=D:\biocbuild\bbs-3.15-bioc\R\library --no-vignettes --timings annaffy_1.67.0.tar.gz
###
##############################################################################
##############################################################################


* using log directory 'D:/biocbuild/bbs-3.15-bioc/meat/annaffy.Rcheck'
* using R Under development (unstable) (2021-11-21 r81221)
* using platform: x86_64-w64-mingw32 (64-bit)
* using session charset: ISO8859-1
* using option '--no-vignettes'
* checking for file 'annaffy/DESCRIPTION' ... OK
* this is package 'annaffy' version '1.67.0'
* checking package namespace information ... OK
* checking package dependencies ... OK
* checking if this is a source package ... OK
* checking if there is a namespace ... OK
* checking for hidden files and directories ... OK
* checking for portable file names ... OK
* checking whether package 'annaffy' can be installed ... WARNING
Found the following significant warnings:
  Rd warning: D:/biocbuild/bbs-3.15-bioc/meat/annaffy/man/getURL-methods.Rd:25: missing link 'aafUniGene-class'
See 'D:/biocbuild/bbs-3.15-bioc/meat/annaffy.Rcheck/00install.out' for details.
* checking installed package size ... OK
* checking package directory ... OK
* checking 'build' directory ... OK
* checking DESCRIPTION meta-information ... OK
* checking top-level files ... OK
* checking for left-over files ... OK
* checking index information ... OK
* checking package subdirectories ... OK
* checking R files for non-ASCII characters ... OK
* checking R files for syntax errors ... OK
* checking whether the package can be loaded ... OK
* checking whether the package can be loaded with stated dependencies ... OK
* checking whether the package can be unloaded cleanly ... OK
* checking whether the namespace can be loaded with stated dependencies ... OK
* checking whether the namespace can be unloaded cleanly ... OK
* checking dependencies in R code ... NOTE
'library' or 'require' call to 'methods' which was already attached by Depends.
  Please remove these calls from your code.
'library' or 'require' call to 'tcltk' in package code.
  Please use :: or requireNamespace() instead.
  See section 'Suggested packages' in the 'Writing R Extensions' manual.
Packages in Depends field not imported from:
  'Biobase' 'BiocManager' 'GO.db' 'methods'
  These packages need to be imported from (in the NAMESPACE file)
  for when this namespace is loaded but not attached.
':::' call which should be '::': 'BiocManager:::available'
  See the note in ?`:::` about the use of this operator.
* checking S3 generic/method consistency ... OK
* checking replacement functions ... OK
* checking foreign function calls ... OK
* checking R code for possible problems ... NOTE
File 'annaffy/R/zzz.R':
  .onLoad calls:
    require(methods)

Package startup functions should not change the search path.
See section 'Good practice' in '?.onAttach'.

.aaf.goterm: no visible binding for global variable 'GOTERM'
aafGO: no visible global function definition for 'GO_dbfile'
aafTableInt: no visible global function definition for 'sampleNames'
aafTableInt: no visible global function definition for 'featureNames'
aafTableInt: no visible global function definition for 'exprs'
chkPkgs: no visible global function definition for 'userQuery'
selectorWidget : move: no visible global function definition for
  'tkcurselection'
selectorWidget : move: no visible global function definition for
  'tclvalue'
selectorWidget : move: no visible global function definition for
  'tkget'
selectorWidget : move: no visible global function definition for
  'tkinsert'
selectorWidget : move: no visible global function definition for
  'tkdelete'
selectorWidget : move: no visible global function definition for
  'tkselection.clear'
selectorWidget : ok: no visible global function definition for 'tkget'
selectorWidget : ok: no visible global function definition for
  'tkdestroy'
selectorWidget: no visible global function definition for 'tktoplevel'
selectorWidget: no visible global function definition for 'tkwm.title'
selectorWidget: no visible global function definition for
  'tkwm.resizable'
selectorWidget: no visible global function definition for 'tkframe'
selectorWidget: no visible global function definition for 'tklistbox'
selectorWidget : <anonymous>: no visible global function definition for
  'tkset'
selectorWidget: no visible global function definition for 'tkscrollbar'
selectorWidget : <anonymous>: no visible global function definition for
  'tkyview'
selectorWidget: no visible global function definition for 'tkgrid'
selectorWidget: no visible global function definition for 'tklabel'
selectorWidget: no visible global function definition for 'tkbutton'
selectorWidget: no visible global function definition for 'tkinsert'
selectorWidget : <anonymous>: no visible global function definition for
  'tkdestroy'
selectorWidget: no visible global function definition for 'tkbind'
selectorWidget: no visible global function definition for
  'tkwait.window'
saveHTML,aafTable: no visible global function definition for
  'browseURL'
Undefined global functions or variables:
  GOTERM GO_dbfile browseURL exprs featureNames sampleNames tclvalue
  tkbind tkbutton tkcurselection tkdelete tkdestroy tkframe tkget
  tkgrid tkinsert tklabel tklistbox tkscrollbar tkselection.clear tkset
  tktoplevel tkwait.window tkwm.resizable tkwm.title tkyview userQuery
Consider adding
  importFrom("utils", "browseURL")
to your NAMESPACE file.
* checking Rd files ... OK
* checking Rd metadata ... OK
* checking Rd cross-references ... WARNING
Missing link or links in documentation object 'getURL-methods.Rd':
  'aafUniGene-class'

See section 'Cross-references' in the 'Writing R Extensions' manual.
* checking for missing documentation entries ... OK
* checking for code/documentation mismatches ... OK
* checking Rd \usage sections ... OK
* checking Rd contents ... OK
* checking for unstated dependencies in examples ... OK
* checking contents of 'data' directory ... OK
* checking data for non-ASCII characters ... OK
* checking data for ASCII and uncompressed saves ... OK
* checking files in 'vignettes' ... OK
* checking examples ... OK
Examples with CPU (user + system) or elapsed time > 5s
          user system elapsed
is.annpkg 6.34   1.11    7.46
* checking for unstated dependencies in vignettes ... OK
* checking package vignettes in 'inst/doc' ... OK
* checking running R code from vignettes ... SKIPPED
* checking re-building of vignette outputs ... SKIPPED
* checking PDF version of manual ... OK
* DONE

Status: 2 WARNINGs, 2 NOTEs
See
  'D:/biocbuild/bbs-3.15-bioc/meat/annaffy.Rcheck/00check.log'
for details.



Installation output

annaffy.Rcheck/00install.out

##############################################################################
##############################################################################
###
### Running command:
###
###   D:\biocbuild\bbs-3.15-bioc\R\bin\R.exe CMD INSTALL annaffy
###
##############################################################################
##############################################################################


* installing to library 'D:/biocbuild/bbs-3.15-bioc/R/library'
* installing *source* package 'annaffy' ...
** using staged installation
** R
** data
** byte-compile and prepare package for lazy loading
** help
*** installing help indices
  converting help for package 'annaffy'
    finding HTML links ... done
    aaf.character                           html  
    aaf.goterm                              html  
    aaf.handler                             html  
    aaf.integer                             html  
    aaf.raw                                 html  
    aafChromLoc-class                       html  
    aafChromLoc                             html  
    aafChromosome-class                     html  
    aafChromosome                           html  
    aafCytoband-class                       html  
    aafCytoband                             html  
    aafDescription-class                    html  
    aafDescription                          html  
    aafExpr                                 html  
    aafGO-class                             html  
    aafGO                                   html  
    aafGOItem-class                         html  
    aafGenBank-class                        html  
    aafGenBank                              html  
    aafIntensity-class                      html  
    aafList-class                           html  
    aafLocusLink-class                      html  
    aafLocusLink                            html  
    aafPathway-class                        html  
    aafPathway                              html  
    aafPathwayItem-class                    html  
    aafProbe-class                          html  
    aafProbe                                html  
    aafPubMed-class                         html  
    aafPubMed                               html  
    aafSearchGO                             html  
    aafSearchText                           html  
    aafSigned-class                         html  
    aafSymbol-class                         html  
    aafSymbol                               html  
    aafTable-class                          html  
    aafTable                                html  
    aafTableAnn                             html  
    aafTableFrame                           html  
    aafTableInt                             html  
    chkPkgs                                 html  
    getCSS-methods                          html  
    getHTML-methods                         html  
    getTD-methods                           html  
    getText-methods                         html  
    getURL-methods                          html  
    finding level-2 HTML links ... done

Rd warning: D:/biocbuild/bbs-3.15-bioc/meat/annaffy/man/getURL-methods.Rd:25: missing link 'aafUniGene-class'
    is.annpkg                               html  
    selectorWidget                          html  
** building package indices
** installing vignettes
** testing if installed package can be loaded from temporary location
** testing if installed package can be loaded from final location
** testing if installed package keeps a record of temporary installation path
* DONE (annaffy)
Making 'packages.html' ...Warning in packageDescription(i, lib.loc = lib, fields = "Title", encoding = "UTF-8") :
  DESCRIPTION file of package 'MetCirc' is missing or broken
 done

Tests output


Example timings

annaffy.Rcheck/annaffy-Ex.timings

nameusersystemelapsed
aafChromLoc0.180.000.17
aafChromosome0.010.040.04
aafCytoband0.010.010.03
aafDescription0.030.000.03
aafGO0.120.090.22
aafGenBank0.050.000.04
aafLocusLink0.030.000.03
aafPathway0.010.040.05
aafProbe0.020.000.01
aafPubMed0.210.010.23
aafSearchText0.290.000.28
aafSymbol0.030.000.04
is.annpkg6.341.117.46