Back to Multiple platform build/check report for BioC 3.16 |
|
This page was generated on 2022-06-24 11:06:03 -0400 (Fri, 24 Jun 2022).
Hostname | OS | Arch (*) | R version | Installed pkgs |
---|---|---|---|---|
nebbiolo2 | Linux (Ubuntu 20.04.4 LTS) | x86_64 | 4.2.0 Patched (2022-06-02 r82447) -- "Vigorous Calisthenics" | 4331 |
palomino4 | Windows Server 2022 Datacenter | x64 | 4.2.0 Patched (2022-06-02 r82447 ucrt) -- "Vigorous Calisthenics" | 4136 |
lconway | macOS 12.2.1 Monterey | x86_64 | 4.2.0 Patched (2022-05-29 r82424) -- "Vigorous Calisthenics" | 4147 |
Click on any hostname to see more info about the system (e.g. compilers) (*) as reported by 'uname -p', except on Windows and Mac OS X |
To the developers/maintainers of the affy package: - Please allow up to 24 hours (and sometimes 48 hours) for your latest push to git@git.bioconductor.org:packages/affy.git to reflect on this report. See How and When does the builder pull? When will my changes propagate? for more information. - Make sure to use the following settings in order to reproduce any error or warning you see on this page. |
Package 22/2118 | Hostname | OS / Arch | INSTALL | BUILD | CHECK | BUILD BIN | ||||||||
affy 1.75.0 (landing page) Rafael A. Irizarry
| nebbiolo2 | Linux (Ubuntu 20.04.4 LTS) / x86_64 | OK | OK | WARNINGS | ![]() | ||||||||
palomino4 | Windows Server 2022 Datacenter / x64 | OK | OK | WARNINGS | OK | ![]() | ||||||||
lconway | macOS 12.2.1 Monterey / x86_64 | OK | OK | WARNINGS | OK | ![]() | ||||||||
Package: affy |
Version: 1.75.0 |
Command: F:\biocbuild\bbs-3.16-bioc\R\bin\R.exe CMD check --force-multiarch --install=check:affy.install-out.txt --library=F:\biocbuild\bbs-3.16-bioc\R\library --no-vignettes --timings affy_1.75.0.tar.gz |
StartedAt: 2022-06-23 23:03:01 -0400 (Thu, 23 Jun 2022) |
EndedAt: 2022-06-23 23:05:21 -0400 (Thu, 23 Jun 2022) |
EllapsedTime: 140.1 seconds |
RetCode: 0 |
Status: WARNINGS |
CheckDir: affy.Rcheck |
Warnings: 1 |
############################################################################## ############################################################################## ### ### Running command: ### ### F:\biocbuild\bbs-3.16-bioc\R\bin\R.exe CMD check --force-multiarch --install=check:affy.install-out.txt --library=F:\biocbuild\bbs-3.16-bioc\R\library --no-vignettes --timings affy_1.75.0.tar.gz ### ############################################################################## ############################################################################## * using log directory 'F:/biocbuild/bbs-3.16-bioc/meat/affy.Rcheck' * using R version 4.2.0 Patched (2022-06-02 r82447 ucrt) * using platform: x86_64-w64-mingw32 (64-bit) * using session charset: UTF-8 * using option '--no-vignettes' * checking for file 'affy/DESCRIPTION' ... OK * this is package 'affy' version '1.75.0' * checking package namespace information ... OK * checking package dependencies ... OK * checking if this is a source package ... OK * checking if there is a namespace ... OK * checking for hidden files and directories ... OK * checking for portable file names ... OK * checking whether package 'affy' can be installed ... OK * checking installed package size ... OK * checking package directory ... OK * checking 'build' directory ... OK * checking DESCRIPTION meta-information ... OK * checking top-level files ... OK * checking for left-over files ... OK * checking index information ... OK * checking package subdirectories ... OK * checking R files for non-ASCII characters ... OK * checking R files for syntax errors ... OK * checking whether the package can be loaded ... OK * checking whether the package can be loaded with stated dependencies ... OK * checking whether the package can be unloaded cleanly ... OK * checking whether the namespace can be loaded with stated dependencies ... OK * checking whether the namespace can be unloaded cleanly ... OK * checking dependencies in R code ... NOTE Unexported objects imported by ':::' calls: 'stats:::C_loess_raw' 'stats:::C_lowesp' 'stats:::C_lowesw' See the note in ?`:::` about the use of this operator. * checking S3 generic/method consistency ... OK * checking replacement functions ... OK * checking foreign function calls ... WARNING Foreign function calls to a base package: .C(stats:::C_loess_raw, ...) .Fortran(stats:::C_lowesp, ...) .Fortran(stats:::C_lowesw, ...) Packages should not make .C/.Call/.External/.Fortran calls to a base package. They are not part of the API, for use only by R itself and subject to change without notice. * checking R code for possible problems ... OK * checking Rd files ... OK * checking Rd metadata ... OK * checking Rd cross-references ... OK * checking for missing documentation entries ... OK * checking for code/documentation mismatches ... OK * checking Rd \usage sections ... OK * checking Rd contents ... OK * checking for unstated dependencies in examples ... OK * checking contents of 'data' directory ... OK * checking data for non-ASCII characters ... OK * checking data for ASCII and uncompressed saves ... OK * checking line endings in shell scripts ... OK * checking line endings in C/C++/Fortran sources/headers ... OK * checking line endings in Makefiles ... OK * checking compilation flags in Makevars ... OK * checking for GNU extensions in Makefiles ... OK * checking for portable use of $(BLAS_LIBS) and $(LAPACK_LIBS) ... OK * checking use of PKG_*FLAGS in Makefiles ... OK * checking compiled code ... NOTE Note: information on .o files for x64 is not available File 'F:/biocbuild/bbs-3.16-bioc/R/library/affy/libs/x64/affy.dll': Found 'abort', possibly from 'abort' (C), 'runtime' (Fortran) Compiled code should not call entry points which might terminate R nor write to stdout/stderr instead of to the console, nor use Fortran I/O nor system RNGs. The detected symbols are linked into the code but might come from libraries and not actually be called. See 'Writing portable packages' in the 'Writing R Extensions' manual. * checking sizes of PDF files under 'inst/doc' ... OK * checking files in 'vignettes' ... OK * checking examples ... OK Examples with CPU (user + system) or elapsed time > 5s user system elapsed mas5 17.88 0.31 18.18 MAplot 10.81 0.42 11.23 expresso 9.19 0.14 9.33 ProgressBarText-class 0.86 0.04 16.89 * checking for unstated dependencies in vignettes ... OK * checking package vignettes in 'inst/doc' ... OK * checking running R code from vignettes ... SKIPPED * checking re-building of vignette outputs ... SKIPPED * checking PDF version of manual ... OK * DONE Status: 1 WARNING, 2 NOTEs See 'F:/biocbuild/bbs-3.16-bioc/meat/affy.Rcheck/00check.log' for details.
affy.Rcheck/00install.out
############################################################################## ############################################################################## ### ### Running command: ### ### C:\cygwin\bin\curl.exe -O http://155.52.207.166/BBS/3.16/bioc/src/contrib/affy_1.75.0.tar.gz && rm -rf affy.buildbin-libdir && mkdir affy.buildbin-libdir && F:\biocbuild\bbs-3.16-bioc\R\bin\R.exe CMD INSTALL --merge-multiarch --build --library=affy.buildbin-libdir affy_1.75.0.tar.gz && F:\biocbuild\bbs-3.16-bioc\R\bin\R.exe CMD INSTALL affy_1.75.0.zip && rm affy_1.75.0.tar.gz affy_1.75.0.zip ### ############################################################################## ############################################################################## % Total % Received % Xferd Average Speed Time Time Time Current Dload Upload Total Spent Left Speed 0 0 0 0 0 0 0 0 --:--:-- --:--:-- --:--:-- 0 100 285k 100 285k 0 0 3581k 0 --:--:-- --:--:-- --:--:-- 3612k only one architecture so ignoring '--merge-multiarch' * installing *source* package 'affy' ... ** using staged installation ********************************************** WARNING: this package has a configure script It probably needs manual configuration ********************************************** ** libs gcc -I"F:/biocbuild/bbs-3.16-bioc/R/library/zlibbioc/include" -I"F:/biocbuild/bbs-3.16-bioc/R/include" -DNDEBUG -DHAVE_ZLIB -I'F:/biocbuild/bbs-3.16-bioc/R/library/preprocessCore/include' -I"C:/rtools42/x86_64-w64-mingw32.static.posix/include" -O2 -Wall -std=gnu99 -mfpmath=sse -msse2 -mstackrealign -c chipbackground.c -o chipbackground.o gcc -I"F:/biocbuild/bbs-3.16-bioc/R/library/zlibbioc/include" -I"F:/biocbuild/bbs-3.16-bioc/R/include" -DNDEBUG -DHAVE_ZLIB -I'F:/biocbuild/bbs-3.16-bioc/R/library/preprocessCore/include' -I"C:/rtools42/x86_64-w64-mingw32.static.posix/include" -O2 -Wall -std=gnu99 -mfpmath=sse -msse2 -mstackrealign -c getall_locations.c -o getall_locations.o gcc -I"F:/biocbuild/bbs-3.16-bioc/R/library/zlibbioc/include" -I"F:/biocbuild/bbs-3.16-bioc/R/include" -DNDEBUG -DHAVE_ZLIB -I'F:/biocbuild/bbs-3.16-bioc/R/library/preprocessCore/include' -I"C:/rtools42/x86_64-w64-mingw32.static.posix/include" -O2 -Wall -std=gnu99 -mfpmath=sse -msse2 -mstackrealign -c mas5calls.c -o mas5calls.o gcc -I"F:/biocbuild/bbs-3.16-bioc/R/library/zlibbioc/include" -I"F:/biocbuild/bbs-3.16-bioc/R/include" -DNDEBUG -DHAVE_ZLIB -I'F:/biocbuild/bbs-3.16-bioc/R/library/preprocessCore/include' -I"C:/rtools42/x86_64-w64-mingw32.static.posix/include" -O2 -Wall -std=gnu99 -mfpmath=sse -msse2 -mstackrealign -c rma2.c -o rma2.o gcc -I"F:/biocbuild/bbs-3.16-bioc/R/library/zlibbioc/include" -I"F:/biocbuild/bbs-3.16-bioc/R/include" -DNDEBUG -DHAVE_ZLIB -I'F:/biocbuild/bbs-3.16-bioc/R/library/preprocessCore/include' -I"C:/rtools42/x86_64-w64-mingw32.static.posix/include" -O2 -Wall -std=gnu99 -mfpmath=sse -msse2 -mstackrealign -c rma_common.c -o rma_common.o gcc -shared -s -static-libgcc -o affy.dll tmp.def chipbackground.o getall_locations.o mas5calls.o rma2.o rma_common.o -LF:/biocbuild/bbs-3.16-bioc/R/library/zlibbioc/libs/x64 -lzlib1bioc -LC:/rtools42/x86_64-w64-mingw32.static.posix/lib/x64 -LC:/rtools42/x86_64-w64-mingw32.static.posix/lib -LF:/biocbuild/bbs-3.16-bioc/R/bin/x64 -lR installing to F:/biocbuild/bbs-3.16-bioc/meat/affy.buildbin-libdir/00LOCK-affy/00new/affy/libs/x64 ** R ** data ** demo ** inst ** byte-compile and prepare package for lazy loading ** help *** installing help indices ** building package indices ** installing vignettes ** testing if installed package can be loaded from temporary location ** testing if installed package can be loaded from final location ** testing if installed package keeps a record of temporary installation path * MD5 sums packaged installation of 'affy' as affy_1.75.0.zip * DONE (affy) * installing to library 'F:/biocbuild/bbs-3.16-bioc/R/library' package 'affy' successfully unpacked and MD5 sums checked
affy.Rcheck/affy-Ex.timings
name | user | system | elapsed | |
AffyBatch-class | 4.10 | 0.22 | 4.33 | |
AffyRNAdeg | 2.04 | 0.08 | 2.12 | |
MAplot | 10.81 | 0.42 | 11.23 | |
ProbeSet-class | 0.27 | 0.02 | 0.28 | |
ProgressBarText-class | 0.86 | 0.04 | 16.89 | |
affy-options | 0 | 0 | 0 | |
barplot.ProbeSet | 0.56 | 0.00 | 0.57 | |
bgc | 3.45 | 0.15 | 3.59 | |
cleancdfname | 0 | 0 | 0 | |
expresso | 9.19 | 0.14 | 9.33 | |
expressoWidget | 0.0 | 0.0 | 0.1 | |
fit.li.wong | 3.64 | 0.04 | 3.68 | |
generateExprSet-methods | 0.3 | 0.0 | 0.3 | |
generateExprVal-methods | 0.31 | 0.02 | 0.33 | |
generateExprVal.method.avgdiff | 0.13 | 0.00 | 0.13 | |
list.celfiles | 0 | 0 | 0 | |
maffy.subset | 0.01 | 0.00 | 0.02 | |
mas5 | 17.88 | 0.31 | 18.18 | |
mas5calls | 1.03 | 0.02 | 1.05 | |
mva.pairs | 0.06 | 0.00 | 0.06 | |
normalize-methods | 0.24 | 0.00 | 0.24 | |
normalize.loess | 0.00 | 0.01 | 0.01 | |
plot.ProbeSet | 0.02 | 0.00 | 0.01 | |
plot.density | 0.36 | 0.05 | 0.41 | |
plotLocation | 1.25 | 0.08 | 1.32 | |
pmcorrect | 0.22 | 0.07 | 0.28 | |
ppsetApply | 0 | 0 | 0 | |
read.affybatch | 2.03 | 0.12 | 2.17 | |
rma | 2.07 | 0.02 | 2.08 | |
setAffyOptions | 0 | 0 | 0 | |
xy2indices | 1.75 | 0.11 | 1.87 | |