Back to Multiple platform build/check report for BioC 3.16
ABCDEFGHIJKLMNOPQRSTUVWX[Y]Z

This page was generated on 2022-08-12 11:07:08 -0400 (Fri, 12 Aug 2022).

HostnameOSArch (*)R versionInstalled pkgs
nebbiolo2Linux (Ubuntu 20.04.4 LTS)x86_644.2.1 (2022-06-23) -- "Funny-Looking Kid" 4375
palomino4Windows Server 2022 Datacenterx644.2.1 (2022-06-23 ucrt) -- "Funny-Looking Kid" 4159
lconwaymacOS 12.2.1 Montereyx86_644.2.1 Patched (2022-07-09 r82577) -- "Funny-Looking Kid" 4167
Click on any hostname to see more info about the system (e.g. compilers)      (*) as reported by 'uname -p', except on Windows and Mac OS X

CHECK results for YAPSA on palomino4


To the developers/maintainers of the YAPSA package:
- Please allow up to 24 hours (and sometimes 48 hours) for your latest push to git@git.bioconductor.org:packages/YAPSA.git to
reflect on this report. See How and When does the builder pull? When will my changes propagate? for more information.
- Make sure to use the following settings in order to reproduce any error or warning you see on this page.

raw results

Package 2133/2139HostnameOS / ArchINSTALLBUILDCHECKBUILD BIN
YAPSA 1.23.0  (landing page)
Daniel Huebschmann
Snapshot Date: 2022-08-11 14:00:04 -0400 (Thu, 11 Aug 2022)
git_url: https://git.bioconductor.org/packages/YAPSA
git_branch: master
git_last_commit: 68d5478
git_last_commit_date: 2022-04-26 11:35:04 -0400 (Tue, 26 Apr 2022)
nebbiolo2Linux (Ubuntu 20.04.4 LTS) / x86_64  OK    OK    WARNINGS  UNNEEDED, same version is already published
palomino4Windows Server 2022 Datacenter / x64  OK    OK    WARNINGS    OK  UNNEEDED, same version is already published
lconwaymacOS 12.2.1 Monterey / x86_64  OK    OK    WARNINGS    OK  UNNEEDED, same version is already published

Summary

Package: YAPSA
Version: 1.23.0
Command: F:\biocbuild\bbs-3.16-bioc\R\bin\R.exe CMD check --force-multiarch --install=check:YAPSA.install-out.txt --library=F:\biocbuild\bbs-3.16-bioc\R\library --no-vignettes --timings YAPSA_1.23.0.tar.gz
StartedAt: 2022-08-12 07:03:14 -0400 (Fri, 12 Aug 2022)
EndedAt: 2022-08-12 07:11:13 -0400 (Fri, 12 Aug 2022)
EllapsedTime: 478.7 seconds
RetCode: 0
Status:   WARNINGS  
CheckDir: YAPSA.Rcheck
Warnings: 1

Command output

##############################################################################
##############################################################################
###
### Running command:
###
###   F:\biocbuild\bbs-3.16-bioc\R\bin\R.exe CMD check --force-multiarch --install=check:YAPSA.install-out.txt --library=F:\biocbuild\bbs-3.16-bioc\R\library --no-vignettes --timings YAPSA_1.23.0.tar.gz
###
##############################################################################
##############################################################################


* using log directory 'F:/biocbuild/bbs-3.16-bioc/meat/YAPSA.Rcheck'
* using R version 4.2.1 (2022-06-23 ucrt)
* using platform: x86_64-w64-mingw32 (64-bit)
* using session charset: UTF-8
* using option '--no-vignettes'
* checking for file 'YAPSA/DESCRIPTION' ... OK
* checking extension type ... Package
* this is package 'YAPSA' version '1.23.0'
* package encoding: UTF-8
* checking package namespace information ... OK
* checking package dependencies ... OK
* checking if this is a source package ... OK
* checking if there is a namespace ... OK
* checking for hidden files and directories ... OK
* checking for portable file names ... OK
* checking whether package 'YAPSA' can be installed ... WARNING
Found the following significant warnings:
  Warning: replacing previous import 'GenomicRanges::subtract' by 'magrittr::subtract' when loading 'YAPSA'
See 'F:/biocbuild/bbs-3.16-bioc/meat/YAPSA.Rcheck/00install.out' for details.
* checking installed package size ... OK
* checking package directory ... OK
* checking 'build' directory ... OK
* checking DESCRIPTION meta-information ... OK
* checking top-level files ... OK
* checking for left-over files ... OK
* checking index information ... OK
* checking package subdirectories ... OK
* checking R files for non-ASCII characters ... OK
* checking R files for syntax errors ... OK
* checking whether the package can be loaded ... OK
* checking whether the package can be loaded with stated dependencies ... OK
* checking whether the package can be unloaded cleanly ... OK
* checking whether the namespace can be loaded with stated dependencies ... OK
* checking whether the namespace can be unloaded cleanly ... OK
* checking dependencies in R code ... OK
* checking S3 generic/method consistency ... OK
* checking replacement functions ... OK
* checking foreign function calls ... OK
* checking R code for possible problems ... NOTE
read_list: no visible global function definition for 'detectCores'
read_list: no visible global function definition for 'makeCluster'
read_list: no visible global function definition for 'mclapply'
read_list: no visible global function definition for 'stopCluster'
Undefined global functions or variables:
  detectCores makeCluster mclapply stopCluster
* checking Rd files ... OK
* checking Rd metadata ... OK
* checking Rd cross-references ... OK
* checking for missing documentation entries ... OK
* checking for code/documentation mismatches ... OK
* checking Rd \usage sections ... OK
* checking Rd contents ... OK
* checking for unstated dependencies in examples ... OK
* checking contents of 'data' directory ... OK
* checking data for non-ASCII characters ... OK
* checking data for ASCII and uncompressed saves ... OK
* checking installed files from 'inst/doc' ... OK
* checking files in 'vignettes' ... OK
* checking examples ... OK
Examples with CPU (user + system) or elapsed time > 5s
                                         user system elapsed
confidence_indel_only_calulation        20.69   0.78   21.47
create_indel_mutation_catalogue_from_df 14.08   1.12   15.20
build_gene_list_for_pathway              3.91   0.09   18.95
* checking for unstated dependencies in 'tests' ... OK
* checking tests ...
  Running 'testthat.R'
 OK
* checking for unstated dependencies in vignettes ... OK
* checking package vignettes in 'inst/doc' ... OK
* checking running R code from vignettes ... SKIPPED
* checking re-building of vignette outputs ... SKIPPED
* checking PDF version of manual ... OK
* DONE

Status: 1 WARNING, 1 NOTE
See
  'F:/biocbuild/bbs-3.16-bioc/meat/YAPSA.Rcheck/00check.log'
for details.



Installation output

YAPSA.Rcheck/00install.out

##############################################################################
##############################################################################
###
### Running command:
###
###   C:\cygwin\bin\curl.exe -O http://155.52.207.166/BBS/3.16/bioc/src/contrib/YAPSA_1.23.0.tar.gz && rm -rf YAPSA.buildbin-libdir && mkdir YAPSA.buildbin-libdir && F:\biocbuild\bbs-3.16-bioc\R\bin\R.exe CMD INSTALL --merge-multiarch --build --library=YAPSA.buildbin-libdir YAPSA_1.23.0.tar.gz && F:\biocbuild\bbs-3.16-bioc\R\bin\R.exe CMD INSTALL YAPSA_1.23.0.zip && rm YAPSA_1.23.0.tar.gz YAPSA_1.23.0.zip
###
##############################################################################
##############################################################################


  % Total    % Received % Xferd  Average Speed   Time    Time     Time  Current
                                 Dload  Upload   Total   Spent    Left  Speed

  0     0    0     0    0     0      0      0 --:--:-- --:--:-- --:--:--     0
100 1293k  100 1293k    0     0  3565k      0 --:--:-- --:--:-- --:--:-- 3573k
only one architecture so ignoring '--merge-multiarch'
* installing *source* package 'YAPSA' ...
** using staged installation
** R
** data
** inst
** byte-compile and prepare package for lazy loading
Found more than one class "atomicVector" in cache; using the first, from namespace 'Matrix'
Also defined by 'Rmpfr'
Found more than one class "atomicVector" in cache; using the first, from namespace 'Matrix'
Also defined by 'Rmpfr'
Found more than one class "atomicVector" in cache; using the first, from namespace 'Matrix'
Also defined by 'Rmpfr'
Found more than one class "atomicVector" in cache; using the first, from namespace 'Matrix'
Also defined by 'Rmpfr'
Found more than one class "atomicVector" in cache; using the first, from namespace 'Matrix'
Also defined by 'Rmpfr'
Found more than one class "atomicVector" in cache; using the first, from namespace 'Matrix'
Also defined by 'Rmpfr'
Found more than one class "atomicVector" in cache; using the first, from namespace 'Matrix'
Also defined by 'Rmpfr'
Found more than one class "atomicVector" in cache; using the first, from namespace 'Matrix'
Also defined by 'Rmpfr'
Found more than one class "atomicVector" in cache; using the first, from namespace 'Matrix'
Also defined by 'Rmpfr'
Found more than one class "atomicVector" in cache; using the first, from namespace 'Matrix'
Also defined by 'Rmpfr'
Found more than one class "atomicVector" in cache; using the first, from namespace 'Matrix'
Also defined by 'Rmpfr'
Found more than one class "atomicVector" in cache; using the first, from namespace 'Matrix'
Also defined by 'Rmpfr'
Warning: replacing previous import 'GenomicRanges::subtract' by 'magrittr::subtract' when loading 'YAPSA'
** help
*** installing help indices
** building package indices
** installing vignettes
** testing if installed package can be loaded from temporary location
Found more than one class "atomicVector" in cache; using the first, from namespace 'Matrix'
Also defined by 'Rmpfr'
Found more than one class "atomicVector" in cache; using the first, from namespace 'Matrix'
Also defined by 'Rmpfr'
Found more than one class "atomicVector" in cache; using the first, from namespace 'Matrix'
Also defined by 'Rmpfr'
Found more than one class "atomicVector" in cache; using the first, from namespace 'Matrix'
Also defined by 'Rmpfr'
Found more than one class "atomicVector" in cache; using the first, from namespace 'Matrix'
Also defined by 'Rmpfr'
Found more than one class "atomicVector" in cache; using the first, from namespace 'Matrix'
Also defined by 'Rmpfr'
Found more than one class "atomicVector" in cache; using the first, from namespace 'Matrix'
Also defined by 'Rmpfr'
Found more than one class "atomicVector" in cache; using the first, from namespace 'Matrix'
Also defined by 'Rmpfr'
Found more than one class "atomicVector" in cache; using the first, from namespace 'Matrix'
Also defined by 'Rmpfr'
Found more than one class "atomicVector" in cache; using the first, from namespace 'Matrix'
Also defined by 'Rmpfr'
Found more than one class "atomicVector" in cache; using the first, from namespace 'Matrix'
Also defined by 'Rmpfr'
Found more than one class "atomicVector" in cache; using the first, from namespace 'Matrix'
Also defined by 'Rmpfr'
Warning: replacing previous import 'GenomicRanges::subtract' by 'magrittr::subtract' when loading 'YAPSA'
** testing if installed package can be loaded from final location
Found more than one class "atomicVector" in cache; using the first, from namespace 'Matrix'
Also defined by 'Rmpfr'
Found more than one class "atomicVector" in cache; using the first, from namespace 'Matrix'
Also defined by 'Rmpfr'
Found more than one class "atomicVector" in cache; using the first, from namespace 'Matrix'
Also defined by 'Rmpfr'
Found more than one class "atomicVector" in cache; using the first, from namespace 'Matrix'
Also defined by 'Rmpfr'
Found more than one class "atomicVector" in cache; using the first, from namespace 'Matrix'
Also defined by 'Rmpfr'
Found more than one class "atomicVector" in cache; using the first, from namespace 'Matrix'
Also defined by 'Rmpfr'
Found more than one class "atomicVector" in cache; using the first, from namespace 'Matrix'
Also defined by 'Rmpfr'
Found more than one class "atomicVector" in cache; using the first, from namespace 'Matrix'
Also defined by 'Rmpfr'
Found more than one class "atomicVector" in cache; using the first, from namespace 'Matrix'
Also defined by 'Rmpfr'
Found more than one class "atomicVector" in cache; using the first, from namespace 'Matrix'
Also defined by 'Rmpfr'
Found more than one class "atomicVector" in cache; using the first, from namespace 'Matrix'
Also defined by 'Rmpfr'
Found more than one class "atomicVector" in cache; using the first, from namespace 'Matrix'
Also defined by 'Rmpfr'
Warning: replacing previous import 'GenomicRanges::subtract' by 'magrittr::subtract' when loading 'YAPSA'
** testing if installed package keeps a record of temporary installation path
* MD5 sums
packaged installation of 'YAPSA' as YAPSA_1.23.0.zip
* DONE (YAPSA)
* installing to library 'F:/biocbuild/bbs-3.16-bioc/R/library'
package 'YAPSA' successfully unpacked and MD5 sums checked

Tests output

YAPSA.Rcheck/tests/testthat.Rout


R version 4.2.1 (2022-06-23 ucrt) -- "Funny-Looking Kid"
Copyright (C) 2022 The R Foundation for Statistical Computing
Platform: x86_64-w64-mingw32/x64 (64-bit)

R is free software and comes with ABSOLUTELY NO WARRANTY.
You are welcome to redistribute it under certain conditions.
Type 'license()' or 'licence()' for distribution details.

R is a collaborative project with many contributors.
Type 'contributors()' for more information and
'citation()' on how to cite R or R packages in publications.

Type 'demo()' for some demos, 'help()' for on-line help, or
'help.start()' for an HTML browser interface to help.
Type 'q()' to quit R.

> Sys.setenv(R_TESTS=" ")
> library(testthat)
> library(YAPSA)
Loading required package: GenomicRanges
Loading required package: stats4
Loading required package: BiocGenerics

Attaching package: 'BiocGenerics'

The following objects are masked from 'package:stats':

    IQR, mad, sd, var, xtabs

The following objects are masked from 'package:base':

    Filter, Find, Map, Position, Reduce, anyDuplicated, append,
    as.data.frame, basename, cbind, colnames, dirname, do.call,
    duplicated, eval, evalq, get, grep, grepl, intersect, is.unsorted,
    lapply, mapply, match, mget, order, paste, pmax, pmax.int, pmin,
    pmin.int, rank, rbind, rownames, sapply, setdiff, sort, table,
    tapply, union, unique, unsplit, which.max, which.min

Loading required package: S4Vectors

Attaching package: 'S4Vectors'

The following objects are masked from 'package:base':

    I, expand.grid, unname

Loading required package: IRanges

Attaching package: 'IRanges'

The following object is masked from 'package:grDevices':

    windows

Loading required package: GenomeInfoDb
Loading required package: ggplot2
Loading required package: grid
Found more than one class "atomicVector" in cache; using the first, from namespace 'Matrix'
Also defined by 'Rmpfr'
Found more than one class "atomicVector" in cache; using the first, from namespace 'Matrix'
Also defined by 'Rmpfr'
Found more than one class "atomicVector" in cache; using the first, from namespace 'Matrix'
Also defined by 'Rmpfr'
Found more than one class "atomicVector" in cache; using the first, from namespace 'Matrix'
Also defined by 'Rmpfr'
Found more than one class "atomicVector" in cache; using the first, from namespace 'Matrix'
Also defined by 'Rmpfr'
Found more than one class "atomicVector" in cache; using the first, from namespace 'Matrix'
Also defined by 'Rmpfr'
Found more than one class "atomicVector" in cache; using the first, from namespace 'Matrix'
Also defined by 'Rmpfr'
Found more than one class "atomicVector" in cache; using the first, from namespace 'Matrix'
Also defined by 'Rmpfr'
Found more than one class "atomicVector" in cache; using the first, from namespace 'Matrix'
Also defined by 'Rmpfr'
Found more than one class "atomicVector" in cache; using the first, from namespace 'Matrix'
Also defined by 'Rmpfr'
Found more than one class "atomicVector" in cache; using the first, from namespace 'Matrix'
Also defined by 'Rmpfr'
Found more than one class "atomicVector" in cache; using the first, from namespace 'Matrix'
Also defined by 'Rmpfr'
Warning message:
replacing previous import 'GenomicRanges::subtract' by 'magrittr::subtract' when loading 'YAPSA' 
> 
> test_check("YAPSA")
YAPSA:::shapiro_if_possible::error: Non-numeric inputYAPSA:::makeVRangesFromDataFrame::warning:strand  information missing, set to "+".
YAPSA:::makeVRangesFromDataFrame::in_PID.field found.  Retrieving PID information.
YAPSA:::makeVRangesFromDataFrame::in_subgroup.field found.  Retrieving subgroup information.
[ FAIL 0 | WARN 0 | SKIP 0 | PASS 62 ]
> 
> proc.time()
   user  system elapsed 
  17.29    1.23   18.50 

Example timings

YAPSA.Rcheck/YAPSA-Ex.timings

nameusersystemelapsed
GenomeOfNl_raw0.010.000.02
LCD0.000.000.01
LCD_complex_cutoff000
MutCat_indel_df000
SMC000
SMC_perPID000
add_annotation000
add_as_fist_to_list000
aggregate_exposures_by_category000
annotate_intermut_dist_PID0.010.000.02
annotate_intermut_dist_cohort0.020.000.01
annotation_exposures_barplot0.010.000.02
annotation_exposures_list_barplot000
annotation_heatmap_exposures000
attribute_nucleotide_exchanges000
attribute_sequence_contex_indel1.710.031.73
attribution_of_indels0.450.070.52
build_gene_list_for_pathway 3.91 0.0918.95
classify_indels000
compare_SMCs000
compare_exposures000
compare_expousre_sets000
compare_sets000
compare_to_catalogues000
complex_heatmap_exposures0.870.041.05
computeLogLik000
compute_comparison_stat_df000
confIntExp1.450.221.67
confidence_indel_calulation0.000.020.01
confidence_indel_only_calulation20.69 0.7821.47
correct_rounded000
cosineDist000
cosineMatchDist000
create_indel_mut_cat_from_df0.470.000.47
create_indel_mutation_catalogue_from_df14.08 1.1215.20
create_mutation_catalogue_from_VR1.250.211.46
create_mutation_catalogue_from_df0.950.181.14
cut_breaks_as_intervals0.130.000.12
deriveSigInd_df000
disambiguateVector000
enrichSigs000
exampleYAPSA0.060.020.08
exome_mutCatRaw_df0.000.020.02
exposures_barplot2.580.012.59
extract_names_from_gene_list000
find_affected_PIDs000
getSequenceContext0.170.030.20
get_extreme_PIDs0.030.000.03
hclust_exposures0.020.000.02
logLikelihood0.870.271.14
lymphomaNature2013_mutCat_df0.020.000.02
makeVRangesFromDataFrame0.120.000.12
make_catalogue_strata_df000
make_comparison_matrix0.080.000.08
make_strata_df000
make_subgroups_df0.030.010.05
melt_exposures000
merge_exposures000
normalizeMotifs_otherRownames000
normalize_df_per_dim0.000.020.01
plotExchangeSpectra000
plotExchangeSpectra_indel1.090.021.11
plotExposuresConfidence000
plotExposuresConfidence_indel000
plot_SMC000
plot_exposures0.460.010.47
plot_strata000
read_entry000
relateSigs000
repeat_df0.010.000.02
round_precision000
run_SMC4.210.674.87
run_annotate_vcf_pl000
run_comparison_catalogues000
run_comparison_general000
run_kmer_frequency_correction000
run_kmer_frequency_normalization0.010.000.02
run_plot_strata_general000
shapiro_if_possible000
split_exposures_by_subgroups000
stat_plot_subgroups000
stat_test_SMC000
stat_test_subgroups000
stderrmean000
sum_over_list_of_df000
temp_trellis_rainfall_plot2.030.032.09
testSigs000
test_exposureAffected000
test_gene_list_in_exposures000
transform_rownames_R_to_MATLAB000
translate_to_hg190.020.000.02
trellis_rainfall_plot2.090.072.15
trellis_rainfall_plot_old2.030.042.08
variateExp2.530.252.78
variateExpSingle0.910.251.16