Back to Multiple platform build/check report for BioC 3.15
ABCDEFGHIJKLMNOPQRSTU[V]WXYZ

This page was generated on 2022-01-21 11:08:52 -0500 (Fri, 21 Jan 2022).

HostnameOSArch (*)R versionInstalled pkgs
nebbiolo1Linux (Ubuntu 20.04.4 LTS)x86_64R Under development (unstable) (2022-01-05 r81451) -- "Unsuffered Consequences" 4163
riesling1Windows Server 2019 Standardx64R Under development (unstable) (2021-11-21 r81221) -- "Unsuffered Consequences" 4058
palomino3Windows Server 2022 Datacenterx64R Under development (unstable) (2021-12-21 r81400 ucrt) -- "Unsuffered Consequences" 4000
merida1macOS 10.14.6 Mojavex86_64R Under development (unstable) (2022-01-05 r81451) -- "Unsuffered Consequences" 4117
Click on any hostname to see more info about the system (e.g. compilers)      (*) as reported by 'uname -p', except on Windows and Mac OS X

CHECK results for VariantTools on riesling1


To the developers/maintainers of the VariantTools package:
- Please allow up to 24 hours (and sometimes 48 hours) for your latest push to git@git.bioconductor.org:packages/VariantTools.git to
reflect on this report. See How and When does the builder pull? When will my changes propagate? here for more information.
- Make sure to use the following settings in order to reproduce any error or warning you see on this page.

raw results

Package 2033/2075HostnameOS / ArchINSTALLBUILDCHECKBUILD BIN
VariantTools 1.37.1  (landing page)
Michael Lawrence
Snapshot Date: 2022-01-20 13:55:17 -0500 (Thu, 20 Jan 2022)
git_url: https://git.bioconductor.org/packages/VariantTools
git_branch: master
git_last_commit: 4d8c909
git_last_commit_date: 2021-11-17 00:42:05 -0500 (Wed, 17 Nov 2021)
nebbiolo1Linux (Ubuntu 20.04.4 LTS) / x86_64  OK    OK    WARNINGS  UNNEEDED, same version is already published
riesling1Windows Server 2019 Standard / x64  OK    OK    WARNINGS    OK  
palomino3Windows Server 2022 Datacenter / x64  OK    OK    WARNINGS    OK  NO, package depends on 'S4Vectors' which is not available
merida1macOS 10.14.6 Mojave / x86_64  OK    OK    WARNINGS    OK  UNNEEDED, same version is already published

Summary

Package: VariantTools
Version: 1.37.1
Command: set _R_CHECK_FORCE_SUGGESTS_=0&& D:\biocbuild\bbs-3.15-bioc\R\bin\R.exe CMD check --no-multiarch --install=check:VariantTools.install-out.txt --library=D:\biocbuild\bbs-3.15-bioc\R\library --no-vignettes --timings VariantTools_1.37.1.tar.gz
StartedAt: 2022-01-20 20:22:49 -0500 (Thu, 20 Jan 2022)
EndedAt: 2022-01-20 20:26:57 -0500 (Thu, 20 Jan 2022)
EllapsedTime: 248.3 seconds
RetCode: 0
Status:   WARNINGS  
CheckDir: VariantTools.Rcheck
Warnings: 1

Command output

##############################################################################
##############################################################################
###
### Running command:
###
###   set _R_CHECK_FORCE_SUGGESTS_=0&& D:\biocbuild\bbs-3.15-bioc\R\bin\R.exe CMD check --no-multiarch --install=check:VariantTools.install-out.txt --library=D:\biocbuild\bbs-3.15-bioc\R\library --no-vignettes --timings VariantTools_1.37.1.tar.gz
###
##############################################################################
##############################################################################


* using log directory 'D:/biocbuild/bbs-3.15-bioc/meat/VariantTools.Rcheck'
* using R Under development (unstable) (2021-11-21 r81221)
* using platform: x86_64-w64-mingw32 (64-bit)
* using session charset: ISO8859-1
* using option '--no-vignettes'
* checking for file 'VariantTools/DESCRIPTION' ... OK
* checking extension type ... Package
* this is package 'VariantTools' version '1.37.1'
* checking package namespace information ... OK
* checking package dependencies ... NOTE
Package suggested but not available for checking: 'gmapR'
* checking if this is a source package ... OK
* checking if there is a namespace ... OK
* checking for hidden files and directories ... NOTE
Found the following hidden files and directories:
  .BBSoptions
These were most likely included in error. See section 'Package
structure' in the 'Writing R Extensions' manual.
* checking for portable file names ... OK
* checking whether package 'VariantTools' can be installed ... OK
* checking installed package size ... NOTE
  installed size is  6.6Mb
  sub-directories of 1Mb or more:
    doc   5.4Mb
* checking package directory ... OK
* checking 'build' directory ... OK
* checking DESCRIPTION meta-information ... OK
* checking top-level files ... OK
* checking for left-over files ... OK
* checking index information ... OK
* checking package subdirectories ... OK
* checking R files for non-ASCII characters ... OK
* checking R files for syntax errors ... OK
* checking whether the package can be loaded ... OK
* checking whether the package can be loaded with stated dependencies ... OK
* checking whether the package can be unloaded cleanly ... OK
* checking whether the namespace can be loaded with stated dependencies ... OK
* checking whether the namespace can be unloaded cleanly ... OK
* checking dependencies in R code ... NOTE
Unexported objects imported by ':::' calls:
  'BiocGenerics:::testPackage' 'IRanges:::unlist_as_integer'
  See the note in ?`:::` about the use of this operator.
Unavailable namespace imported from by a ':::' call: 'gmapR'
  See the note in ?`:::` about the use of this operator.
* checking S3 generic/method consistency ... OK
* checking replacement functions ... OK
* checking foreign function calls ... OK
* checking R code for possible problems ... NOTE
LowerFrequencyInOtherFilter : <anonymous>: no visible binding for
  global variable 'control.alt.depth'
LowerFrequencyInOtherFilter : <anonymous>: no visible binding for
  global variable 'control.total.depth'
ReadPositionTTestFilter : <anonymous>: no visible binding for global
  variable 'read.pos.mean'
ReadPositionTTestFilter : <anonymous>: no visible binding for global
  variable 'read.pos.mean.ref'
ReadPositionTTestFilter : <anonymous>: no visible binding for global
  variable 'read.pos.var'
ReadPositionTTestFilter : <anonymous>: no visible binding for global
  variable 'read.pos.var.ref'
ReadPositionTTestFilter : <anonymous>: no visible global function
  definition for 'rawDepth'
StrandFETFilter : <anonymous>: no visible binding for global variable
  'count.plus.ref'
StrandFETFilter : <anonymous>: no visible binding for global variable
  'count.minus.ref'
StrandFETFilter : <anonymous>: no visible binding for global variable
  'count.plus'
StrandFETFilter : <anonymous>: no visible binding for global variable
  'count.minus'
calculateConcordanceMatrix: no visible binding for global variable 'x'
caseControlFET: no visible binding for global variable
  'control.alt.depth'
caseControlFET: no visible binding for global variable
  'control.total.depth'
variantGR2Vcf: no visible global function definition for
  'variantGRangesIsDeprecated'
variantGR2Vcf: no visible global function definition for
  'makeVRangesFromVariantGRanges'
callVariants,GenomicRanges: no visible global function definition for
  'variantGRangesIsDeprecated'
callVariants,GenomicRanges: no visible global function definition for
  'variantGRangesToVRanges'
Undefined global functions or variables:
  control.alt.depth control.total.depth count.minus count.minus.ref
  count.plus count.plus.ref makeVRangesFromVariantGRanges rawDepth
  read.pos.mean read.pos.mean.ref read.pos.var read.pos.var.ref
  variantGRangesIsDeprecated variantGRangesToVRanges x
* checking Rd files ... WARNING
man/tallyVariants.Rd: non-ASCII input and no declared encoding
problem found in 'tallyVariants.Rd'
* checking Rd metadata ... OK
* checking Rd cross-references ... NOTE
Package unavailable to check Rd xrefs: 'gmapR'
* checking for missing documentation entries ... OK
* checking for code/documentation mismatches ... OK
* checking Rd \usage sections ... OK
* checking Rd contents ... OK
* checking for unstated dependencies in examples ... OK
* checking contents of 'data' directory ... OK
* checking data for non-ASCII characters ... OK
* checking data for ASCII and uncompressed saves ... OK
* checking installed files from 'inst/doc' ... NOTE
The following directories should probably not be installed:
  'fig'

Consider the use of a .Rinstignore file: see 'Writing R Extensions',
or move the vignette sources from 'inst/doc' to 'vignettes'.
* checking files in 'vignettes' ... OK
* checking examples ... OK
Examples with CPU (user + system) or elapsed time > 5s
              user system elapsed
callGenotypes 2.36   0.08   23.74
* checking for unstated dependencies in 'tests' ... OK
* checking tests ...
  Running 'VariantTools_unit_tests.R'
 OK
* checking for unstated dependencies in vignettes ... OK
* checking package vignettes in 'inst/doc' ... OK
* checking running R code from vignettes ... SKIPPED
* checking re-building of vignette outputs ... SKIPPED
* checking PDF version of manual ... OK
* DONE

Status: 1 WARNING, 7 NOTEs
See
  'D:/biocbuild/bbs-3.15-bioc/meat/VariantTools.Rcheck/00check.log'
for details.



Installation output

VariantTools.Rcheck/00install.out

##############################################################################
##############################################################################
###
### Running command:
###
###   D:\biocbuild\bbs-3.15-bioc\R\bin\R.exe CMD INSTALL VariantTools
###
##############################################################################
##############################################################################


* installing to library 'D:/biocbuild/bbs-3.15-bioc/R/library'
* installing *source* package 'VariantTools' ...
** using staged installation
** R
** data
** inst
** byte-compile and prepare package for lazy loading
** help
*** installing help indices
  converting help for package 'VariantTools'
    finding HTML links ... done
    FilterConstructors                      html  
    annnotateWithControlDepth               html  
    callGenotypes                           html  
    callSampleSpecificVariants              html  
    callVariants                            html  
    callWildtype                            html  
    concordance                             html  
    extractCoverageForPositions             html  
    matchVariants                           html  
    pileupVariants                          html  
    postFilterVariants                      html  
    qaVariants                              html  
    tallyVariants                           html  
    finding level-2 HTML links ... done

    variantGR2Vcf                           html  
    vignette                                html  
** building package indices
** installing vignettes
** testing if installed package can be loaded from temporary location
** testing if installed package can be loaded from final location
** testing if installed package keeps a record of temporary installation path
* DONE (VariantTools)
Making 'packages.html' ...Warning in packageDescription(i, lib.loc = lib, fields = "Title", encoding = "UTF-8") :
  DESCRIPTION file of package 'methylKit' is missing or broken
Warning in packageDescription(i, lib.loc = lib, fields = "Title", encoding = "UTF-8") :
  DESCRIPTION file of package 'OMICsPCA' is missing or broken
Warning in packageDescription(i, lib.loc = lib, fields = "Title", encoding = "UTF-8") :
  DESCRIPTION file of package 'RiboCrypt' is missing or broken
 done

Tests output

VariantTools.Rcheck/tests/VariantTools_unit_tests.Rout


R Under development (unstable) (2021-11-21 r81221) -- "Unsuffered Consequences"
Copyright (C) 2021 The R Foundation for Statistical Computing
Platform: x86_64-w64-mingw32/x64 (64-bit)

R is free software and comes with ABSOLUTELY NO WARRANTY.
You are welcome to redistribute it under certain conditions.
Type 'license()' or 'licence()' for distribution details.

R is a collaborative project with many contributors.
Type 'contributors()' for more information and
'citation()' on how to cite R or R packages in publications.

Type 'demo()' for some demos, 'help()' for on-line help, or
'help.start()' for an HTML browser interface to help.
Type 'q()' to quit R.

> ##require("VariantTools") || stop("unable to load VariantTools package")
> ##VariantTools:::.test()
> 
> proc.time()
   user  system elapsed 
   0.15    0.00    0.14 

Example timings

VariantTools.Rcheck/VariantTools-Ex.timings

nameusersystemelapsed
FilterConstructors0.750.020.80
annnotateWithControlDepth0.870.010.89
callGenotypes 2.36 0.0823.74
callSampleSpecificVariants0.280.070.34
callVariants0.080.000.08
callWildtype0.190.030.21
pileupVariants000
postFilterVariants0.170.020.19
qaVariants0.120.000.13
tallyVariants000
variantGR2Vcf000
vignette0.020.000.01