Back to Multiple platform build/check report for BioC 3.19:   simplified   long
ABCDEFGHIJKLMNOPQRS[T]UVWXYZ

This page was generated on 2024-02-28 11:38:25 -0500 (Wed, 28 Feb 2024).

HostnameOSArch (*)R versionInstalled pkgs
nebbiolo1Linux (Ubuntu 22.04.3 LTS)x86_64R Under development (unstable) (2024-01-16 r85808) -- "Unsuffered Consequences" 4671
palomino3Windows Server 2022 Datacenterx64R Under development (unstable) (2024-01-14 r85805 ucrt) -- "Unsuffered Consequences" 4411
merida1macOS 12.7.1 Montereyx86_64R Under development (unstable) (2024-01-16 r85808) -- "Unsuffered Consequences" 4438
kunpeng2Linux (openEuler 22.03 LTS-SP1)aarch64R Under development (unstable) (2024-01-16 r85812) -- "Unsuffered Consequences" 4414
Click on any hostname to see more info about the system (e.g. compilers)      (*) as reported by 'uname -p', except on Windows and Mac OS X

Package 2094/2251HostnameOS / ArchINSTALLBUILDCHECKBUILD BIN
TCGAbiolinks 2.31.3  (landing page)
Tiago Chedraoui Silva
Snapshot Date: 2024-02-26 14:39:26 -0500 (Mon, 26 Feb 2024)
git_url: https://git.bioconductor.org/packages/TCGAbiolinks
git_branch: devel
git_last_commit: b596b1f2
git_last_commit_date: 2024-01-30 20:07:53 -0500 (Tue, 30 Jan 2024)
nebbiolo1Linux (Ubuntu 22.04.3 LTS) / x86_64  OK    OK    WARNINGS  UNNEEDED, same version is already published
palomino3Windows Server 2022 Datacenter / x64  OK    OK    WARNINGS    OK  UNNEEDED, same version is already published
merida1macOS 12.7.1 Monterey / x86_64  OK    OK    WARNINGS    OK  UNNEEDED, same version is already published
kunpeng2Linux (openEuler 22.03 LTS-SP1) / aarch64  OK    OK    WARNINGS  

CHECK results for TCGAbiolinks on palomino3


To the developers/maintainers of the TCGAbiolinks package:
- Allow up to 24 hours (and sometimes 48 hours) for your latest push to git@git.bioconductor.org:packages/TCGAbiolinks.git to reflect on this report. See Troubleshooting Build Report for more information.
- Use the following Renviron settings to reproduce errors and warnings.
- If 'R CMD check' started to fail recently on the Linux builder(s) over a missing dependency, add the missing dependency to 'Suggests:' in your DESCRIPTION file. See Renviron.bioc for more information.

raw results


Summary

Package: TCGAbiolinks
Version: 2.31.3
Command: F:\biocbuild\bbs-3.19-bioc\R\bin\R.exe CMD check --no-multiarch --install=check:TCGAbiolinks.install-out.txt --library=F:\biocbuild\bbs-3.19-bioc\R\library --no-vignettes --timings TCGAbiolinks_2.31.3.tar.gz
StartedAt: 2024-02-27 10:21:22 -0500 (Tue, 27 Feb 2024)
EndedAt: 2024-02-27 10:30:10 -0500 (Tue, 27 Feb 2024)
EllapsedTime: 527.6 seconds
RetCode: 0
Status:   WARNINGS  
CheckDir: TCGAbiolinks.Rcheck
Warnings: 1

Command output

##############################################################################
##############################################################################
###
### Running command:
###
###   F:\biocbuild\bbs-3.19-bioc\R\bin\R.exe CMD check --no-multiarch --install=check:TCGAbiolinks.install-out.txt --library=F:\biocbuild\bbs-3.19-bioc\R\library --no-vignettes --timings TCGAbiolinks_2.31.3.tar.gz
###
##############################################################################
##############################################################################


* using log directory 'F:/biocbuild/bbs-3.19-bioc/meat/TCGAbiolinks.Rcheck'
* using R Under development (unstable) (2024-01-14 r85805 ucrt)
* using platform: x86_64-w64-mingw32
* R was compiled by
    gcc.exe (GCC) 12.3.0
    GNU Fortran (GCC) 12.3.0
* running under: Windows Server 2022 x64 (build 20348)
* using session charset: UTF-8
* using option '--no-vignettes'
* checking for file 'TCGAbiolinks/DESCRIPTION' ... OK
* checking extension type ... Package
* this is package 'TCGAbiolinks' version '2.31.3'
* package encoding: UTF-8
* checking package namespace information ... OK
* checking package dependencies ... OK
* checking if this is a source package ... OK
* checking if there is a namespace ... OK
* checking for hidden files and directories ... OK
* checking for portable file names ... OK
* checking whether package 'TCGAbiolinks' can be installed ... OK
* checking installed package size ... NOTE
  installed size is  6.4Mb
  sub-directories of 1Mb or more:
    R      1.6Mb
    data   4.5Mb
* checking package directory ... OK
* checking 'build' directory ... OK
* checking DESCRIPTION meta-information ... OK
* checking top-level files ... OK
* checking for left-over files ... OK
* checking index information ... OK
* checking package subdirectories ... OK
* checking R files for non-ASCII characters ... OK
* checking R files for syntax errors ... OK
* checking whether the package can be loaded ... OK
* checking whether the package can be loaded with stated dependencies ... OK
* checking whether the package can be unloaded cleanly ... OK
* checking whether the namespace can be loaded with stated dependencies ... OK
* checking whether the namespace can be unloaded cleanly ... OK
* checking whether startup messages can be suppressed ... OK
* checking dependencies in R code ... OK
* checking S3 generic/method consistency ... WARNING
print:
  function(x, ...)
print.header:
  function(text, type)
See section 'Generic functions and methods' in the 'Writing R
Extensions' manual.
* checking replacement functions ... OK
* checking foreign function calls ... OK
* checking R code for possible problems ... NOTE
GDCprepare_clinic: no visible binding for global variable
  'bcr_patient_barcode'
GDCprepare_clinic: no visible binding for global variable
  'days_to_last_followup'
GDCprepare_clinic: no visible binding for global variable
  'vital_status'
GDCquery : <anonymous>: no visible binding for global variable
  'submitter_id'
GDCquery : <anonymous>: no visible binding for global variable
  'is_ffpe'
GDCquery_clinic : <anonymous>: no visible binding for global variable
  'submitter_id'
GDCquery_clinic : <anonymous>: no visible global function definition
  for 'across'
GDCquery_clinic : <anonymous>: no visible global function definition
  for 'everything'
TCGAanalyze_DEA: no visible binding for global variable 'barcode'
TCGAanalyze_DEA: no visible binding for global variable 'clinical'
TCGAquery_recount2: no visible binding for global variable 'rse_gene'
TCGAtumor_purity: no visible binding for global variable 'Tumor.purity'
TCGAvisualize_oncoprint: no visible binding for global variable 'value'
TCGAvisualize_starburst: no visible binding for global variable
  'gene_name'
TCGAvisualize_starburst: no visible binding for global variable
  'geFDR2'
TCGAvisualize_starburst: no visible binding for global variable 'logFC'
TCGAvisualize_starburst: no visible binding for global variable
  'meFDR2'
TCGAvisualize_starburst: no visible binding for global variable
  'threshold.starburst'
TCGAvisualize_starburst: no visible binding for global variable
  'starburst.status'
colDataPrepare: no visible binding for global variable
  'sample_submitter_id'
colDataPrepare: no visible binding for global variable 'submitter_id'
readExonQuantification: no visible binding for global variable 'exon'
readExonQuantification: no visible binding for global variable
  'coordinates'
readSingleCellAnalysis : <anonymous>: no visible global function
  definition for 'Read10X'
read_gene_expression_quantification : <anonymous>: no visible binding
  for '<<-' assignment to 'assay.list'
read_gene_expression_quantification: no visible binding for global
  variable 'assay.list'
Undefined global functions or variables:
  Read10X Tumor.purity across assay.list barcode bcr_patient_barcode
  clinical coordinates days_to_last_followup everything exon geFDR2
  gene_name is_ffpe logFC meFDR2 rse_gene sample_submitter_id
  starburst.status submitter_id threshold.starburst value vital_status
* checking Rd files ... OK
* checking Rd metadata ... OK
* checking Rd cross-references ... OK
* checking for missing documentation entries ... OK
* checking for code/documentation mismatches ... OK
* checking Rd \usage sections ... OK
* checking Rd contents ... OK
* checking for unstated dependencies in examples ... OK
* checking contents of 'data' directory ... OK
* checking data for non-ASCII characters ... OK
* checking LazyData ... OK
* checking data for ASCII and uncompressed saves ... OK
* checking R/sysdata.rda ... OK
* checking files in 'vignettes' ... OK
* checking examples ... OK
Examples with CPU (user + system) or elapsed time > 5s
                      user system elapsed
TCGAanalyze_DEA      12.19   0.70   12.89
getManifest           9.36   0.09   81.65
TCGAanalyze_LevelTab  6.91   0.12    7.03
GDCquery              1.48   0.08    8.01
GDCprepare_clinic     1.05   0.11   25.14
matchedMetExp         0.83   0.00    7.94
getResults            0.67   0.05    5.86
* checking for unstated dependencies in 'tests' ... OK
* checking tests ...
  Running 'testthat.R'
 OK
* checking for unstated dependencies in vignettes ... OK
* checking package vignettes ... OK
* checking running R code from vignettes ... SKIPPED
* checking re-building of vignette outputs ... SKIPPED
* checking PDF version of manual ... OK
* DONE

Status: 1 WARNING, 2 NOTEs
See
  'F:/biocbuild/bbs-3.19-bioc/meat/TCGAbiolinks.Rcheck/00check.log'
for details.



Installation output

TCGAbiolinks.Rcheck/00install.out

##############################################################################
##############################################################################
###
### Running command:
###
###   F:\biocbuild\bbs-3.19-bioc\R\bin\R.exe CMD INSTALL TCGAbiolinks
###
##############################################################################
##############################################################################


* installing to library 'F:/biocbuild/bbs-3.19-bioc/R/library'
* installing *source* package 'TCGAbiolinks' ...
** using staged installation
** R
** data
*** moving datasets to lazyload DB
** inst
** byte-compile and prepare package for lazy loading
** help
*** installing help indices
** building package indices
** installing vignettes
** testing if installed package can be loaded from temporary location
** testing if installed package can be loaded from final location
** testing if installed package keeps a record of temporary installation path
* DONE (TCGAbiolinks)

Tests output

TCGAbiolinks.Rcheck/tests/testthat.Rout


R Under development (unstable) (2024-01-14 r85805 ucrt) -- "Unsuffered Consequences"
Copyright (C) 2024 The R Foundation for Statistical Computing
Platform: x86_64-w64-mingw32/x64

R is free software and comes with ABSOLUTELY NO WARRANTY.
You are welcome to redistribute it under certain conditions.
Type 'license()' or 'licence()' for distribution details.

R is a collaborative project with many contributors.
Type 'contributors()' for more information and
'citation()' on how to cite R or R packages in publications.

Type 'demo()' for some demos, 'help()' for on-line help, or
'help.start()' for an HTML browser interface to help.
Type 'q()' to quit R.

> library(testthat)
> library(TCGAbiolinks)
> 
> test_check("TCGAbiolinks")

|                                                    |  0%                      
|==========================                          | 50% ~0 s remaining       
|====================================================|100% ~0 s remaining       
|====================================================|100%                      Completed after 0 s 

|                                                    |  0%                      
|==========================                          | 50% ~0 s remaining       
|====================================================|100% ~0 s remaining       
|====================================================|100%                      Completed after 0 s 
[1] "I need about  1 minute to finish complete  Enrichment analysis GO[BP,MF,CC] and Pathways... "
[1] "GO Enrichment Analysis BP completed....done"
[1] "GO Enrichment Analysis MF completed....done"
[1] "GO Enrichment Analysis CC completed....done"
[1] "Pathway Enrichment Analysis completed....done"
[ FAIL 0 | WARN 0 | SKIP 24 | PASS 32 ]

══ Skipped tests (24) ══════════════════════════════════════════════════════════
• On Bioconductor (24): 'test-prepare-download.R:4:5',
  'test-prepare-download.R:49:5', 'test-prepare-download.R:92:5',
  'test-prepare-download.R:102:5', 'test-prepare-download.R:124:5',
  'test-prepare-download.R:145:5', 'test-prepare-download.R:164:5',
  'test-prepare-download.R:183:5', 'test-prepare-download.R:199:5',
  'test-prepare-download.R:209:5', 'test-prepare-download.R:221:5',
  'test-prepare-download.R:246:5', 'test-prepare-download.R:286:5',
  'test-prepare-download.R:316:5', 'test-prepare-download.R:347:5',
  'test-prepare-download.R:381:5', 'test-query-clinical.R:13:5',
  'test-query-clinical.R:69:5', 'test-query.R:5:5', 'test-query.R:15:5',
  'test-query.R:44:5', 'test-query.R:86:5', 'test-query.R:127:5',
  'test-query.R:147:5'

[ FAIL 0 | WARN 0 | SKIP 24 | PASS 32 ]
> 
> proc.time()
   user  system elapsed 
  49.10    2.20   54.18 

Example timings

TCGAbiolinks.Rcheck/TCGAbiolinks-Ex.timings

nameusersystemelapsed
GDCdownload000
GDCprepare000
GDCprepare_clinic 1.05 0.1125.14
GDCquery1.480.088.01
GDCquery_ATAC_seq0.220.060.66
GDCquery_clinic0.770.002.75
PanCancerAtlas_subtypes0.010.000.01
TCGAVisualize_volcano0.330.050.86
TCGA_MolecularSubtype0.330.020.35
TCGAanalyze_DEA12.19 0.7012.89
TCGAanalyze_DEA_Affy000
TCGAanalyze_DMC1.000.111.11
TCGAanalyze_EA000
TCGAanalyze_EAcomplete2.640.112.75
TCGAanalyze_Filtering3.420.053.48
TCGAanalyze_LevelTab6.910.127.03
TCGAanalyze_Normalization1.600.021.63
TCGAanalyze_Pathview000
TCGAanalyze_Stemness2.710.112.81
TCGAanalyze_SurvivalKM0.140.000.14
TCGAanalyze_survival2.720.183.14
TCGAprepare_Affy000
TCGAquery_MatchedCoupledSampleTypes0.010.000.02
TCGAquery_SampleTypes000
TCGAquery_recount2000
TCGAquery_subtype000
TCGAtumor_purity0.080.000.08
TCGAvisualize_EAbarplot2.780.032.81
TCGAvisualize_Heatmap1.990.831.81
TCGAvisualize_PCA1.720.021.74
TCGAvisualize_meanMethylation2.620.032.68
TCGAvisualize_oncoprint000
TCGAvisualize_starburst000
UseRaw_afterFilter000
colDataPrepare0.110.000.47
dmc.non.parametric0.160.020.17
dmc.non.parametric.se0.210.000.22
gaiaCNVplot0.040.000.03
getAdjacencyBiogrid000
getDataCategorySummary0.930.002.14
getGDCInfo0.000.000.12
getGDCprojects0.050.000.15
getLinkedOmicsData000
getMC3MAF000
getManifest 9.36 0.0981.65
getNbCases000
getNbFiles000
getProjectSummary0.030.000.25
getResults0.670.055.86
getSampleFilesSummary0.380.051.34
getTSS000
gliomaClassifier000
isServeOK0.000.000.11
matchedMetExp0.830.007.94