Back to Multiple platform build/check report for BioC 3.15
ABCDEFGHIJKLMNOPQRS[T]UVWXYZ

This page was generated on 2022-01-24 11:12:13 -0500 (Mon, 24 Jan 2022).

HostnameOSArch (*)R versionInstalled pkgs
nebbiolo1Linux (Ubuntu 20.04.4 LTS)x86_64R Under development (unstable) (2022-01-05 r81451) -- "Unsuffered Consequences" 4163
riesling1Windows Server 2019 Standardx64R Under development (unstable) (2021-11-21 r81221) -- "Unsuffered Consequences" 4058
palomino3Windows Server 2022 Datacenterx64R Under development (unstable) (2021-12-21 r81400 ucrt) -- "Unsuffered Consequences" 4000
merida1macOS 10.14.6 Mojavex86_64R Under development (unstable) (2022-01-05 r81451) -- "Unsuffered Consequences" 4117
Click on any hostname to see more info about the system (e.g. compilers)      (*) as reported by 'uname -p', except on Windows and Mac OS X

CHECK results for TAPseq on merida1


To the developers/maintainers of the TAPseq package:
- Please allow up to 24 hours (and sometimes 48 hours) for your latest push to git@git.bioconductor.org:packages/TAPseq.git to
reflect on this report. See How and When does the builder pull? When will my changes propagate? here for more information.
- Make sure to use the following settings in order to reproduce any error or warning you see on this page.

raw results

Package 1921/2075HostnameOS / ArchINSTALLBUILDCHECKBUILD BIN
TAPseq 1.7.0  (landing page)
Andreas R. Gschwind
Snapshot Date: 2022-01-23 13:55:15 -0500 (Sun, 23 Jan 2022)
git_url: https://git.bioconductor.org/packages/TAPseq
git_branch: master
git_last_commit: a6002ee
git_last_commit_date: 2021-10-26 12:57:48 -0500 (Tue, 26 Oct 2021)
nebbiolo1Linux (Ubuntu 20.04.4 LTS) / x86_64  OK    OK    WARNINGS  UNNEEDED, same version is already published
riesling1Windows Server 2019 Standard / x64  OK    OK    WARNINGS    OK  
palomino3Windows Server 2022 Datacenter / x64  OK    OK    WARNINGS    OK  NO, package depends on 'GenomicAlignments' which is not available
merida1macOS 10.14.6 Mojave / x86_64  OK    OK    WARNINGS    OK  UNNEEDED, same version is already published

Summary

Package: TAPseq
Version: 1.7.0
Command: /Library/Frameworks/R.framework/Resources/bin/R CMD check --install=check:TAPseq.install-out.txt --library=/Library/Frameworks/R.framework/Resources/library --no-vignettes --timings TAPseq_1.7.0.tar.gz
StartedAt: 2022-01-24 06:30:32 -0500 (Mon, 24 Jan 2022)
EndedAt: 2022-01-24 06:41:09 -0500 (Mon, 24 Jan 2022)
EllapsedTime: 636.8 seconds
RetCode: 0
Status:   WARNINGS  
CheckDir: TAPseq.Rcheck
Warnings: 1

Command output

##############################################################################
##############################################################################
###
### Running command:
###
###   /Library/Frameworks/R.framework/Resources/bin/R CMD check --install=check:TAPseq.install-out.txt --library=/Library/Frameworks/R.framework/Resources/library --no-vignettes --timings TAPseq_1.7.0.tar.gz
###
##############################################################################
##############################################################################


* using log directory ‘/Users/biocbuild/bbs-3.15-bioc/meat/TAPseq.Rcheck’
* using R Under development (unstable) (2022-01-05 r81451)
* using platform: x86_64-apple-darwin17.0 (64-bit)
* using session charset: UTF-8
* using option ‘--no-vignettes’
* checking for file ‘TAPseq/DESCRIPTION’ ... OK
* checking extension type ... Package
* this is package ‘TAPseq’ version ‘1.7.0’
* package encoding: UTF-8
* checking package namespace information ... OK
* checking package dependencies ... OK
* checking if this is a source package ... OK
* checking if there is a namespace ... OK
* checking for hidden files and directories ... NOTE
Found the following hidden files and directories:
  .git_fetch_output.txt
  .git_merge_output.txt
These were most likely included in error. See section ‘Package
structure’ in the ‘Writing R Extensions’ manual.
* checking for portable file names ... OK
* checking for sufficient/correct file permissions ... OK
* checking whether package ‘TAPseq’ can be installed ... WARNING
Found the following significant warnings:
  Warning: Following software required by TAPseq is not installed or not in PATH:
See ‘/Users/biocbuild/bbs-3.15-bioc/meat/TAPseq.Rcheck/00install.out’ for details.
* checking installed package size ... OK
* checking package directory ... OK
* checking ‘build’ directory ... OK
* checking DESCRIPTION meta-information ... OK
* checking top-level files ... OK
* checking for left-over files ... OK
* checking index information ... OK
* checking package subdirectories ... OK
* checking R files for non-ASCII characters ... OK
* checking R files for syntax errors ... OK
* checking whether the package can be loaded ... OK
* checking whether the package can be loaded with stated dependencies ... OK
* checking whether the package can be unloaded cleanly ... OK
* checking whether the namespace can be loaded with stated dependencies ... NOTE
Warning: Following software required by TAPseq is not installed or not in PATH:

	primer3_core
	makeblastdb
	blastn

Please install these tools before trying to use this package!

A namespace must be able to be loaded with just the base namespace
loaded: otherwise if the namespace gets loaded by a saved object, the
session will be unable to start.

Probably some imports need to be declared in the NAMESPACE file.
* checking whether the namespace can be unloaded cleanly ... OK
* checking dependencies in R code ... OK
* checking S3 generic/method consistency ... OK
* checking replacement functions ... OK
* checking foreign function calls ... OK
* checking R code for possible problems ... OK
* checking Rd files ... OK
* checking Rd metadata ... OK
* checking Rd cross-references ... OK
* checking for missing documentation entries ... OK
* checking for code/documentation mismatches ... OK
* checking Rd \usage sections ... OK
* checking Rd contents ... OK
* checking for unstated dependencies in examples ... OK
* checking contents of ‘data’ directory ... OK
* checking data for non-ASCII characters ... OK
* checking data for ASCII and uncompressed saves ... OK
* checking R/sysdata.rda ... OK
* checking files in ‘vignettes’ ... OK
* checking examples ... OK
Examples with CPU (user + system) or elapsed time > 5s
                    user system elapsed
selectTargetGenes 72.530  1.356  74.214
truncateTxsPolyA  13.450  0.049  13.511
pickPrimers       11.967  0.224  12.349
TAPseqInput       11.016  0.200  11.576
exportPrimers      9.095  0.040   9.595
inferPolyASites    5.984  1.474   4.565
checkPrimers       5.011  0.037   5.286
* checking for unstated dependencies in ‘tests’ ... OK
* checking tests ...
  Running ‘testthat.R’
 OK
* checking for unstated dependencies in vignettes ... OK
* checking package vignettes in ‘inst/doc’ ... OK
* checking running R code from vignettes ... SKIPPED
* checking re-building of vignette outputs ... SKIPPED
* checking PDF version of manual ... OK
* DONE

Status: 1 WARNING, 2 NOTEs
See
  ‘/Users/biocbuild/bbs-3.15-bioc/meat/TAPseq.Rcheck/00check.log’
for details.



Installation output

TAPseq.Rcheck/00install.out

##############################################################################
##############################################################################
###
### Running command:
###
###   /Library/Frameworks/R.framework/Resources/bin/R CMD INSTALL TAPseq
###
##############################################################################
##############################################################################


* installing to library ‘/Library/Frameworks/R.framework/Versions/4.2/Resources/library’
* installing *source* package ‘TAPseq’ ...
** using staged installation
** R
** data
** inst
** byte-compile and prepare package for lazy loading
** help
*** installing help indices
** building package indices
** installing vignettes
** testing if installed package can be loaded from temporary location
Warning: Following software required by TAPseq is not installed or not in PATH:

	primer3_core
	makeblastdb
	blastn

Please install these tools before trying to use this package!
** testing if installed package can be loaded from final location
Warning: Following software required by TAPseq is not installed or not in PATH:

	primer3_core
	makeblastdb
	blastn

Please install these tools before trying to use this package!
** testing if installed package keeps a record of temporary installation path
* DONE (TAPseq)

Tests output

TAPseq.Rcheck/tests/testthat.Rout


R Under development (unstable) (2022-01-05 r81451) -- "Unsuffered Consequences"
Copyright (C) 2022 The R Foundation for Statistical Computing
Platform: x86_64-apple-darwin17.0 (64-bit)

R is free software and comes with ABSOLUTELY NO WARRANTY.
You are welcome to redistribute it under certain conditions.
Type 'license()' or 'licence()' for distribution details.

R is a collaborative project with many contributors.
Type 'contributors()' for more information and
'citation()' on how to cite R or R packages in publications.

Type 'demo()' for some demos, 'help()' for on-line help, or
'help.start()' for an HTML browser interface to help.
Type 'q()' to quit R.

> library(testthat)
> library(TAPseq)

TAPseq is using the following tools:
primer3_core: NA
makeblastdb: NA
blastn: NA

Warning message:
Following software required by TAPseq is not installed or not in PATH:

	primer3_core
	makeblastdb
	blastn

Please install these tools before trying to use this package! 
> 
> test_check("TAPseq")
[ FAIL 0 | WARN 0 | SKIP 0 | PASS 209 ]
> 
> proc.time()
   user  system elapsed 
 86.706   1.913  88.734 

Example timings

TAPseq.Rcheck/TAPseq-Ex.timings

nameusersystemelapsed
TAPseqInput11.016 0.20011.576
TsIO-class0.1160.0040.127
TsIOList-class0.3260.0470.410
accessors0.7280.0140.775
checkPrimers5.0110.0375.286
createIORecord4.4810.0154.698
designPrimers0.1310.0050.141
estimateOffTargets0.0010.0010.001
exportPrimers9.0950.0409.595
getTxsSeq1.6610.0611.801
inferPolyASites5.9841.4744.565
parsePrimer3Output0.0000.0000.001
pickPrimers11.967 0.22412.349
selectTargetGenes72.530 1.35674.214
truncateTxsPolyA13.450 0.04913.511