Back to Multiple platform build/check report for BioC 3.15
ABCDEFGHIJKLMNOPQR[S]TUVWXYZ

This page was generated on 2022-01-18 11:06:29 -0500 (Tue, 18 Jan 2022).

HostnameOSArch (*)R versionInstalled pkgs
nebbiolo1Linux (Ubuntu 20.04.4 LTS)x86_64R Under development (unstable) (2022-01-05 r81451) -- "Unsuffered Consequences" 4161
riesling1Windows Server 2019 Standardx64R Under development (unstable) (2021-11-21 r81221) -- "Unsuffered Consequences" 4056
palomino3Windows Server 2022 Datacenterx64R Under development (unstable) (2021-12-21 r81400 ucrt) -- "Unsuffered Consequences" 3998
merida1macOS 10.14.6 Mojavex86_64R Under development (unstable) (2022-01-05 r81451) -- "Unsuffered Consequences" 4115
Click on any hostname to see more info about the system (e.g. compilers)      (*) as reported by 'uname -p', except on Windows and Mac OS X

CHECK results for SLGI on nebbiolo1


To the developers/maintainers of the SLGI package:
- Please allow up to 24 hours (and sometimes 48 hours) for your latest push to git@git.bioconductor.org:packages/SLGI.git to
reflect on this report. See How and When does the builder pull? When will my changes propagate? here for more information.
- Make sure to use the following settings in order to reproduce any error or warning you see on this page.

raw results

Package 1811/2074HostnameOS / ArchINSTALLBUILDCHECKBUILD BIN
SLGI 1.55.1  (landing page)
Nolwenn Le Meur
Snapshot Date: 2022-01-17 13:55:17 -0500 (Mon, 17 Jan 2022)
git_url: https://git.bioconductor.org/packages/SLGI
git_branch: master
git_last_commit: dc93f14
git_last_commit_date: 2022-01-10 10:27:08 -0500 (Mon, 10 Jan 2022)
nebbiolo1Linux (Ubuntu 20.04.4 LTS) / x86_64  OK    OK    WARNINGS  NO, package depends on 'ScISI' which is not available
riesling1Windows Server 2019 Standard / x64  OK    OK    WARNINGS    OK  
palomino3Windows Server 2022 Datacenter / x64  OK    OK    WARNINGS    OK  NO, package depends on 'ScISI' which is not available
merida1macOS 10.14.6 Mojave / x86_64  OK    OK    WARNINGS    OK  NO, package depends on 'ScISI' which is not available

Summary

Package: SLGI
Version: 1.55.1
Command: /home/biocbuild/bbs-3.15-bioc/R/bin/R CMD check --install=check:SLGI.install-out.txt --library=/home/biocbuild/bbs-3.15-bioc/R/library --no-vignettes --timings SLGI_1.55.1.tar.gz
StartedAt: 2022-01-17 21:04:28 -0500 (Mon, 17 Jan 2022)
EndedAt: 2022-01-17 21:07:36 -0500 (Mon, 17 Jan 2022)
EllapsedTime: 188.1 seconds
RetCode: 0
Status:   WARNINGS  
CheckDir: SLGI.Rcheck
Warnings: 1

Command output

##############################################################################
##############################################################################
###
### Running command:
###
###   /home/biocbuild/bbs-3.15-bioc/R/bin/R CMD check --install=check:SLGI.install-out.txt --library=/home/biocbuild/bbs-3.15-bioc/R/library --no-vignettes --timings SLGI_1.55.1.tar.gz
###
##############################################################################
##############################################################################


* using log directory ‘/home/biocbuild/bbs-3.15-bioc/meat/SLGI.Rcheck’
* using R Under development (unstable) (2022-01-05 r81451)
* using platform: x86_64-pc-linux-gnu (64-bit)
* using session charset: UTF-8
* using option ‘--no-vignettes’
* checking for file ‘SLGI/DESCRIPTION’ ... OK
* this is package ‘SLGI’ version ‘1.55.1’
* checking package namespace information ... OK
* checking package dependencies ... OK
* checking if this is a source package ... OK
* checking if there is a namespace ... OK
* checking for hidden files and directories ... OK
* checking for portable file names ... OK
* checking for sufficient/correct file permissions ... OK
* checking whether package ‘SLGI’ can be installed ... WARNING
Found the following significant warnings:
  Warning: Package 'RpsiXML' is deprecated and will be removed from Bioconductor
  Warning: Package 'ScISI' is deprecated and will be removed from Bioconductor
  Warning: Package 'SLGI' is deprecated and will be removed from Bioconductor
See ‘/home/biocbuild/bbs-3.15-bioc/meat/SLGI.Rcheck/00install.out’ for details.
* checking installed package size ... NOTE
  installed size is 10.4Mb
  sub-directories of 1Mb or more:
    data      4.3Mb
    extdata   5.7Mb
* checking package directory ... OK
* checking ‘build’ directory ... OK
* checking DESCRIPTION meta-information ... NOTE
Malformed Description field: should contain one or more complete sentences.
Packages listed in more than one of Depends, Imports, Suggests, Enhances:
  ‘ScISI’ ‘lattice’ ‘GO.db’
A package should be listed in only one of these fields.
* checking top-level files ... OK
* checking for left-over files ... OK
* checking index information ... OK
* checking package subdirectories ... OK
* checking R files for non-ASCII characters ... OK
* checking R files for syntax errors ... OK
* checking whether the package can be loaded ... OK
* checking whether the package can be loaded with stated dependencies ... OK
* checking whether the package can be unloaded cleanly ... OK
* checking whether the namespace can be loaded with stated dependencies ... OK
* checking whether the namespace can be unloaded cleanly ... OK
* checking dependencies in R code ... NOTE
'library' or 'require' call to ‘GO.db’ in package code.
  Please use :: or requireNamespace() instead.
  See section 'Suggested packages' in the 'Writing R Extensions' manual.
* checking S3 generic/method consistency ... OK
* checking replacement functions ... OK
* checking foreign function calls ... OK
* checking R code for possible problems ... OK
* checking Rd files ... OK
* checking Rd metadata ... OK
* checking Rd cross-references ... OK
* checking for missing documentation entries ... OK
* checking for code/documentation mismatches ... OK
* checking Rd \usage sections ... OK
* checking Rd contents ... OK
* checking for unstated dependencies in examples ... OK
* checking contents of ‘data’ directory ... OK
* checking data for non-ASCII characters ... OK
* checking data for ASCII and uncompressed saves ... OK
* checking files in ‘vignettes’ ... OK
* checking examples ... OK
Examples with CPU (user + system) or elapsed time > 5s
                 user system elapsed
iSummary       12.548  0.676  13.225
compare         8.089  0.056   8.148
siResult-class  7.294  0.024   7.318
plot            6.715  0.011   6.727
modelSLGI       6.489  0.013   6.501
* checking for unstated dependencies in vignettes ... OK
* checking package vignettes in ‘inst/doc’ ... OK
* checking running R code from vignettes ... SKIPPED
* checking re-building of vignette outputs ... SKIPPED
* checking PDF version of manual ... OK
* DONE

Status: 1 WARNING, 3 NOTEs
See
  ‘/home/biocbuild/bbs-3.15-bioc/meat/SLGI.Rcheck/00check.log’
for details.



Installation output

SLGI.Rcheck/00install.out

##############################################################################
##############################################################################
###
### Running command:
###
###   /home/biocbuild/bbs-3.15-bioc/R/bin/R CMD INSTALL SLGI
###
##############################################################################
##############################################################################


* installing to library ‘/home/biocbuild/bbs-3.15-bioc/R/library’
* installing *source* package ‘SLGI’ ...
** using staged installation
** R
** data
** inst
** byte-compile and prepare package for lazy loading
Warning messages:
1: Package 'RpsiXML' is deprecated and will be removed from Bioconductor
  version 3.16 
2: Package 'ScISI' is deprecated and will be removed from Bioconductor
  version 3.16 
No methods found in package ‘BiocGenerics’ for request: ‘plot’ when loading ‘SLGI’
** help
*** installing help indices
** building package indices
** installing vignettes
** testing if installed package can be loaded from temporary location
Warning: Package 'RpsiXML' is deprecated and will be removed from Bioconductor
  version 3.16
Warning: Package 'ScISI' is deprecated and will be removed from Bioconductor
  version 3.16
No methods found in package ‘BiocGenerics’ for request: ‘plot’ when loading ‘SLGI’
Warning: Package 'SLGI' is deprecated and will be removed from Bioconductor
  version 3.16
** testing if installed package can be loaded from final location
Warning: Package 'RpsiXML' is deprecated and will be removed from Bioconductor
  version 3.16
Warning: Package 'ScISI' is deprecated and will be removed from Bioconductor
  version 3.16
No methods found in package ‘BiocGenerics’ for request: ‘plot’ when loading ‘SLGI’
Warning: Package 'SLGI' is deprecated and will be removed from Bioconductor
  version 3.16
** testing if installed package keeps a record of temporary installation path
* DONE (SLGI)

Tests output


Example timings

SLGI.Rcheck/SLGI-Ex.timings

nameusersystemelapsed
Atong0.0050.0040.009
AtongFnDomain3.3180.0723.390
AtongPair0.0390.0280.067
SDL0.0000.0040.005
SGA0.0030.0030.006
SGD.SL0.1210.0110.132
TFmat0.0620.0040.067
byComplex0.8860.0440.930
comemberIn0.1800.0350.216
compare8.0890.0568.148
congruence0.0020.0000.003
createSquareMatrix0.0530.0000.053
domainDist2.0220.0442.066
essglist0.0030.0150.018
getInteraction0.0020.0040.006
getSharedDomains0.0350.0150.050
getSharedInteraction0.0020.0000.003
getTestedPairs0.0070.0080.016
getUniquePairs0.0090.0080.017
gi20050.0340.0070.041
gi20070.1060.0000.107
gi2Interactome0.0010.0000.000
hyperG0.0000.0080.008
iSummary12.548 0.67613.225
modelSLGI6.4890.0136.501
normInteraction3.1250.0153.143
plot6.7150.0116.727
seqMatcherAlign0.0010.0000.000
sharedBy1.7290.0441.773
sharedInt0.0020.0000.002
siResult-class7.2940.0247.318
test2Interact0.0030.0000.002
topInteraction4.3540.0124.366
twoWayTable2.7470.0562.802
withinComplex0.8330.0280.861