Back to Multiple platform build/check report for BioC 3.17
ABCDEFGHIJKLMNOPQ[R]STUVWXYZ

This page was generated on 2022-11-26 11:06:08 -0500 (Sat, 26 Nov 2022).

HostnameOSArch (*)R versionInstalled pkgs
nebbiolo1Linux (Ubuntu 20.04.5 LTS)x86_64R Under development (unstable) (2022-10-25 r83175) -- "Unsuffered Consequences" 4462
palomino3Windows Server 2022 Datacenterx64R Under development (unstable) (2022-10-11 r83083 ucrt) -- "Unsuffered Consequences" 4201
merida1macOS 10.14.6 Mojavex86_64R Under development (unstable) (2022-11-13 r83342) -- "Unsuffered Consequences" 4231
Click on any hostname to see more info about the system (e.g. compilers)      (*) as reported by 'uname -p', except on Windows and Mac OS X

CHECK results for ReportingTools on nebbiolo1


To the developers/maintainers of the ReportingTools package:
- Please allow up to 24 hours (and sometimes 48 hours) for your latest push to git@git.bioconductor.org:packages/ReportingTools.git to
reflect on this report. See How and When does the builder pull? When will my changes propagate? for more information.
- Make sure to use the following settings in order to reproduce any error or warning you see on this page.

raw results

Package 1631/2154HostnameOS / ArchINSTALLBUILDCHECKBUILD BIN
ReportingTools 2.39.0  (landing page)
Jason A. Hackney , Gabriel Becker
Snapshot Date: 2022-11-25 14:00:12 -0500 (Fri, 25 Nov 2022)
git_url: https://git.bioconductor.org/packages/ReportingTools
git_branch: master
git_last_commit: 07335dd
git_last_commit_date: 2022-11-01 11:07:25 -0500 (Tue, 01 Nov 2022)
nebbiolo1Linux (Ubuntu 20.04.5 LTS) / x86_64  OK    OK    WARNINGS  UNNEEDED, same version is already published
palomino3Windows Server 2022 Datacenter / x64  OK    OK    WARNINGS    OK  NO, package depends on 'DESeq2' which is not available
merida1macOS 10.14.6 Mojave / x86_64  OK    OK    WARNINGS    OK  NO, package depends on 'edgeR' which is not available

Summary

Package: ReportingTools
Version: 2.39.0
Command: /home/biocbuild/bbs-3.17-bioc/R/bin/R CMD check --install=check:ReportingTools.install-out.txt --library=/home/biocbuild/bbs-3.17-bioc/R/library --timings ReportingTools_2.39.0.tar.gz
StartedAt: 2022-11-25 23:05:49 -0500 (Fri, 25 Nov 2022)
EndedAt: 2022-11-25 23:15:41 -0500 (Fri, 25 Nov 2022)
EllapsedTime: 592.4 seconds
RetCode: 0
Status:   WARNINGS  
CheckDir: ReportingTools.Rcheck
Warnings: 1

Command output

##############################################################################
##############################################################################
###
### Running command:
###
###   /home/biocbuild/bbs-3.17-bioc/R/bin/R CMD check --install=check:ReportingTools.install-out.txt --library=/home/biocbuild/bbs-3.17-bioc/R/library --timings ReportingTools_2.39.0.tar.gz
###
##############################################################################
##############################################################################


* using log directory ‘/home/biocbuild/bbs-3.17-bioc/meat/ReportingTools.Rcheck’
* using R Under development (unstable) (2022-10-25 r83175)
* using platform: x86_64-pc-linux-gnu (64-bit)
* using session charset: UTF-8
* checking for file ‘ReportingTools/DESCRIPTION’ ... OK
* checking extension type ... Package
* this is package ‘ReportingTools’ version ‘2.39.0’
* checking package namespace information ... OK
* checking package dependencies ... OK
* checking if this is a source package ... OK
* checking if there is a namespace ... OK
* checking for hidden files and directories ... OK
* checking for portable file names ... OK
* checking for sufficient/correct file permissions ... OK
* checking whether package ‘ReportingTools’ can be installed ... WARNING
Found the following significant warnings:
  Warning: S3 methods ‘effectiveLibSizes.default’, ‘effectiveLibSizes.DGEList’, ‘effectiveLibSizes.DGEGLM’, ‘effectiveLibSizes.DGELRT’ were declared in NAMESPACE but not found
See ‘/home/biocbuild/bbs-3.17-bioc/meat/ReportingTools.Rcheck/00install.out’ for details.
* checking installed package size ... OK
* checking package directory ... OK
* checking ‘build’ directory ... OK
* checking DESCRIPTION meta-information ... OK
* checking top-level files ... OK
* checking for left-over files ... OK
* checking index information ... OK
* checking package subdirectories ... OK
* checking R files for non-ASCII characters ... OK
* checking R files for syntax errors ... OK
* checking whether the package can be loaded ... OK
* checking whether the package can be loaded with stated dependencies ... OK
* checking whether the package can be unloaded cleanly ... OK
* checking whether the namespace can be loaded with stated dependencies ... OK
* checking whether the namespace can be unloaded cleanly ... OK
* checking dependencies in R code ... OK
* checking S3 generic/method consistency ... OK
* checking replacement functions ... OK
* checking foreign function calls ... OK
* checking R code for possible problems ... NOTE
.GeneSetCollection.to.data.frame: no visible binding for global
  variable 'description'
.GeneSetCollection.to.html: no visible binding for global variable
  'description'
.GeneSetCollection.to.html2: no visible binding for global variable
  'description'
.PFAMhyperG.to.html: no visible binding for global variable 'keytype'
.PFAMhyperG.to.html: no visible binding for global variable 'columns'
.make.gene.plots: no visible global function definition for 'exprs'
.marrayLM.to.data.frame: no visible global function definition for
  'featureNames'
.marrayLM.to.data.frame: no visible global function definition for
  'fData'
.marrayLM.to.html: no visible global function definition for
  'featureNames'
.marrayLM.to.html: no visible global function definition for 'fData'
check.ids: no visible binding for global variable 'org.Hs.eg.db'
check.ids: no visible global function definition for 'keys'
custHeaderPanel : <anonymous>: no visible binding for global variable
  'tags'
custHeaderPanel : <anonymous>: no visible global function definition
  for 'HTML'
custHeaderPanel: no visible global function definition for 'tagList'
custHeaderPanel: no visible global function definition for 'tag'
custHeaderPanel: no visible global function definition for 'div'
custHeaderPanel: no visible global function definition for 'h1'
publish,trellis-HTMLReport: no visible binding for global variable
  'htmlRep'
toReportDF,DESeqDataSet: no visible global function definition for
  'mcols'
Undefined global functions or variables:
  HTML columns description div exprs fData featureNames h1 htmlRep keys
  keytype mcols org.Hs.eg.db tag tagList tags
* checking Rd files ... OK
* checking Rd metadata ... OK
* checking Rd cross-references ... OK
* checking for missing documentation entries ... OK
* checking for code/documentation mismatches ... OK
* checking Rd \usage sections ... OK
* checking Rd contents ... OK
* checking for unstated dependencies in examples ... OK
* checking contents of ‘data’ directory ... OK
* checking data for non-ASCII characters ... OK
* checking data for ASCII and uncompressed saves ... OK
* checking files in ‘vignettes’ ... OK
* checking examples ... OK
* checking for unstated dependencies in ‘tests’ ... OK
* checking tests ...
  Running ‘runTests.R’
 OK
* checking for unstated dependencies in vignettes ... OK
* checking package vignettes in ‘inst/doc’ ... OK
* checking running R code from vignettes ...
  ‘basicReportingTools.Rnw’... OK
  ‘microarrayAnalysis.Rnw’... OK
  ‘rnaseqAnalysis.Rnw’... OK
  ‘shiny.Rnw’... OK
  ‘knitr.Rmd’... OK
 OK
* checking re-building of vignette outputs ... OK
* checking PDF version of manual ... OK
* DONE

Status: 1 WARNING, 1 NOTE
See
  ‘/home/biocbuild/bbs-3.17-bioc/meat/ReportingTools.Rcheck/00check.log’
for details.



Installation output

ReportingTools.Rcheck/00install.out

##############################################################################
##############################################################################
###
### Running command:
###
###   /home/biocbuild/bbs-3.17-bioc/R/bin/R CMD INSTALL ReportingTools
###
##############################################################################
##############################################################################


* installing to library ‘/home/biocbuild/bbs-3.17-bioc/R/library’
* installing *source* package ‘ReportingTools’ ...
** using staged installation
** R
** data
** inst
** byte-compile and prepare package for lazy loading
Warning: S3 methods ‘effectiveLibSizes.default’, ‘effectiveLibSizes.DGEList’, ‘effectiveLibSizes.DGEGLM’, ‘effectiveLibSizes.DGELRT’ were declared in NAMESPACE but not found
in method for 'objectToHTML' with signature 'object="ggbio"': no definition for class "ggbio"
** help
*** installing help indices
** building package indices
** installing vignettes
** testing if installed package can be loaded from temporary location
Warning: S3 methods ‘effectiveLibSizes.default’, ‘effectiveLibSizes.DGEList’, ‘effectiveLibSizes.DGEGLM’, ‘effectiveLibSizes.DGELRT’ were declared in NAMESPACE but not found
** testing if installed package can be loaded from final location
Warning: S3 methods ‘effectiveLibSizes.default’, ‘effectiveLibSizes.DGEList’, ‘effectiveLibSizes.DGEGLM’, ‘effectiveLibSizes.DGELRT’ were declared in NAMESPACE but not found
** testing if installed package keeps a record of temporary installation path
* DONE (ReportingTools)

Tests output

ReportingTools.Rcheck/tests/runTests.Rout


R Under development (unstable) (2022-10-25 r83175) -- "Unsuffered Consequences"
Copyright (C) 2022 The R Foundation for Statistical Computing
Platform: x86_64-pc-linux-gnu (64-bit)

R is free software and comes with ABSOLUTELY NO WARRANTY.
You are welcome to redistribute it under certain conditions.
Type 'license()' or 'licence()' for distribution details.

R is a collaborative project with many contributors.
Type 'contributors()' for more information and
'citation()' on how to cite R or R packages in publications.

Type 'demo()' for some demos, 'help()' for on-line help, or
'help.start()' for an HTML browser interface to help.
Type 'q()' to quit R.

> require("ReportingTools") || stop("unable to load ReportingTools")
Loading required package: ReportingTools
Loading required package: knitr


[1] TRUE
Warning message:
S3 methods 'effectiveLibSizes.default', 'effectiveLibSizes.DGEList', 'effectiveLibSizes.DGEGLM', 'effectiveLibSizes.DGELRT' were declared in NAMESPACE but not found 
> BiocGenerics:::testPackage("ReportingTools")
Loading required package: Biobase
Loading required package: BiocGenerics

Attaching package: 'BiocGenerics'

The following objects are masked from 'package:stats':

    IQR, mad, sd, var, xtabs

The following objects are masked from 'package:base':

    Filter, Find, Map, Position, Reduce, anyDuplicated, aperm, append,
    as.data.frame, basename, cbind, colnames, dirname, do.call,
    duplicated, eval, evalq, get, grep, grepl, intersect, is.unsorted,
    lapply, mapply, match, mget, order, paste, pmax, pmax.int, pmin,
    pmin.int, rank, rbind, rownames, sapply, setdiff, sort, table,
    tapply, union, unique, unsplit, which.max, which.min

Welcome to Bioconductor

    Vignettes contain introductory material; view with
    'browseVignettes()'. To cite Bioconductor, see
    'citation("Biobase")', and for packages 'citation("pkgname")'.


Attaching package: 'limma'

The following object is masked from 'package:BiocGenerics':

    plotMA

Loading required package: AnnotationDbi
Loading required package: stats4
Loading required package: IRanges
Loading required package: S4Vectors

Attaching package: 'S4Vectors'

The following objects are masked from 'package:base':

    I, expand.grid, unname

Loading required package: org.Hs.eg.db


Loading required package: GenomicRanges
Loading required package: GenomeInfoDb
Loading required package: SummarizedExperiment
Loading required package: MatrixGenerics
Loading required package: matrixStats

Attaching package: 'matrixStats'

The following objects are masked from 'package:Biobase':

    anyMissing, rowMedians


Attaching package: 'MatrixGenerics'

The following objects are masked from 'package:matrixStats':

    colAlls, colAnyNAs, colAnys, colAvgsPerRowSet, colCollapse,
    colCounts, colCummaxs, colCummins, colCumprods, colCumsums,
    colDiffs, colIQRDiffs, colIQRs, colLogSumExps, colMadDiffs,
    colMads, colMaxs, colMeans2, colMedians, colMins, colOrderStats,
    colProds, colQuantiles, colRanges, colRanks, colSdDiffs, colSds,
    colSums2, colTabulates, colVarDiffs, colVars, colWeightedMads,
    colWeightedMeans, colWeightedMedians, colWeightedSds,
    colWeightedVars, rowAlls, rowAnyNAs, rowAnys, rowAvgsPerColSet,
    rowCollapse, rowCounts, rowCummaxs, rowCummins, rowCumprods,
    rowCumsums, rowDiffs, rowIQRDiffs, rowIQRs, rowLogSumExps,
    rowMadDiffs, rowMads, rowMaxs, rowMeans2, rowMedians, rowMins,
    rowOrderStats, rowProds, rowQuantiles, rowRanges, rowRanks,
    rowSdDiffs, rowSds, rowSums2, rowTabulates, rowVarDiffs, rowVars,
    rowWeightedMads, rowWeightedMeans, rowWeightedMedians,
    rowWeightedSds, rowWeightedVars

The following object is masked from 'package:Biobase':

    rowMedians

Loading required package: DEXSeq
Loading required package: BiocParallel
Loading required package: RColorBrewer
estimating size factors
estimating dispersions
gene-wise dispersion estimates
mean-dispersion relationship
final dispersion estimates
fitting model and testing
estimating size factors
estimating dispersions
gene-wise dispersion estimates
mean-dispersion relationship
final dispersion estimates
fitting model and testing
Loading required package: annotate
Loading required package: XML
Loading required package: graph

Attaching package: 'graph'

The following object is masked from 'package:XML':

    addNode

Loading required package: Category
Loading required package: Matrix

Attaching package: 'Matrix'

The following object is masked from 'package:S4Vectors':

    expand


Attaching package: 'GOstats'

The following object is masked from 'package:AnnotationDbi':

    makeGOGraph


'select()' returned 1:many mapping between keys and columns
'select()' returned 1:many mapping between keys and columns
'select()' returned 1:many mapping between keys and columns

<script language="JavaScript" src="jslib/jquery-1.8.0.min.js"></script>
<script language="JavaScript" src="jslib/jquery.dataTables-1.9.3.js"></script>
<script language="JavaScript" src="jslib/jquery.dataTables.columnFilter.js"></script>
<script language="JavaScript" src="jslib/jquery.dataTables.plugins.js"></script>
<script language="JavaScript" src="jslib/jquery.dataTables.reprise.js"></script>
<script language="JavaScript" src="jslib/bootstrap.js"></script>
<link rel="stylesheet" type="text/css" href="csslib/bootstrap.css" />
<link rel="stylesheet" type="text/css" href="csslib/reprise.table.bootstrap.css" />

processing file: /home/biocbuild/bbs-3.17-bioc/R/library/ReportingTools/examples/testRmd.Rmd
  ordinary text without R code

label: unnamed-chunk-1 (with options) 
List of 2
 $ message: logi FALSE
 $ output : chr "hide"

  ordinary text without R code

label: unnamed-chunk-2 (with options) 
List of 1
 $ results: chr "asis"

  ordinary text without R code

label: unnamed-chunk-3 (with options) 
List of 1
 $ results: chr "asis"

  ordinary text without R code

label: unnamed-chunk-4 (with options) 
List of 1
 $ results: chr "asis"

output file: testRmd.md

Created file named 'testDataPackage/testPkg/man/my.df2.Rd'.
Edit the file and move it to the appropriate directory.


RUNIT TEST PROTOCOL -- Fri Nov 25 23:15:08 2022 
*********************************************** 
Number of test functions: 45 
Number of errors: 0 
Number of failures: 0 

 
1 Test Suite : 
ReportingTools RUnit Tests - 45 test functions, 0 errors, 0 failures
Number of test functions: 45 
Number of errors: 0 
Number of failures: 0 
Warning messages:
1: In DESeqDataSet(se, design = design, ignoreRank) :
  some variables in design formula are characters, converting to factors
2: In DESeqDataSet(se, design = design, ignoreRank) :
  some variables in design formula are characters, converting to factors
> 
> proc.time()
   user  system elapsed 
203.352  12.595 216.003 

Example timings

ReportingTools.Rcheck/ReportingTools-Ex.timings

nameusersystemelapsed
BaseReportType-class0.0030.0000.003
CSVFile-class0.0010.0000.001
CSVFile0.0060.0000.006
DataPackage-class0.0090.0000.009
DataPackage0.0040.0000.003
HTMLReport0.0300.0080.051
HTMLReportRef-class0.0020.0000.002
Link0.0160.0040.020
ReportHandlers-class0.0010.0000.001
finish-methods0.0010.0000.000
mockRnaSeqData0.0290.0040.033
publish-methods0.0000.0010.001
reporting.theme0.0350.0020.038
reporting.theme.alternate0.0420.0000.042
validConnection0.1400.0080.148