Back to Multiple platform build/check report for BioC 3.17:   simplified   long
ABCDEFGHIJKLMNOPQ[R]STUVWXYZ

This page was generated on 2023-02-06 11:05:24 -0500 (Mon, 06 Feb 2023).

HostnameOSArch (*)R versionInstalled pkgs
nebbiolo1Linux (Ubuntu 22.04.1 LTS)x86_64R Under development (unstable) (2023-01-10 r83596) -- "Unsuffered Consequences" 4483
palomino3Windows Server 2022 Datacenterx64R Under development (unstable) (2023-01-10 r83596 ucrt) -- "Unsuffered Consequences" 4249
merida1macOS 10.14.6 Mojavex86_64R Under development (unstable) (2023-01-10 r83596) -- "Unsuffered Consequences" 4272
Click on any hostname to see more info about the system (e.g. compilers)      (*) as reported by 'uname -p', except on Windows and Mac OS X

CHECK results for Repitools on nebbiolo1


To the developers/maintainers of the Repitools package:
- Please allow up to 24 hours (and sometimes 48 hours) for your latest push to git@git.bioconductor.org:packages/Repitools.git to
reflect on this report. See How and When does the builder pull? When will my changes propagate? for more information.
- Make sure to use the following settings in order to reproduce any error or warning you see on this page.

raw results

Package 1637/2164HostnameOS / ArchINSTALLBUILDCHECKBUILD BIN
Repitools 1.45.0  (landing page)
Mark Robinson
Snapshot Date: 2023-02-05 14:00:11 -0500 (Sun, 05 Feb 2023)
git_url: https://git.bioconductor.org/packages/Repitools
git_branch: master
git_last_commit: 0b1a124
git_last_commit_date: 2022-11-01 11:06:01 -0500 (Tue, 01 Nov 2022)
nebbiolo1Linux (Ubuntu 22.04.1 LTS) / x86_64  OK    OK    WARNINGS  UNNEEDED, same version is already published
palomino3Windows Server 2022 Datacenter / x64  OK    OK    WARNINGS    OK  UNNEEDED, same version is already published
merida1macOS 10.14.6 Mojave / x86_64  OK    OK    WARNINGS    OK  UNNEEDED, same version is already published

Summary

Package: Repitools
Version: 1.45.0
Command: /home/biocbuild/bbs-3.17-bioc/R/bin/R CMD check --install=check:Repitools.install-out.txt --library=/home/biocbuild/bbs-3.17-bioc/R/library --timings Repitools_1.45.0.tar.gz
StartedAt: 2023-02-05 23:15:04 -0500 (Sun, 05 Feb 2023)
EndedAt: 2023-02-05 23:23:21 -0500 (Sun, 05 Feb 2023)
EllapsedTime: 496.9 seconds
RetCode: 0
Status:   WARNINGS  
CheckDir: Repitools.Rcheck
Warnings: 1

Command output

##############################################################################
##############################################################################
###
### Running command:
###
###   /home/biocbuild/bbs-3.17-bioc/R/bin/R CMD check --install=check:Repitools.install-out.txt --library=/home/biocbuild/bbs-3.17-bioc/R/library --timings Repitools_1.45.0.tar.gz
###
##############################################################################
##############################################################################


* using log directory ‘/home/biocbuild/bbs-3.17-bioc/meat/Repitools.Rcheck’
* using R Under development (unstable) (2023-01-10 r83596)
* using platform: x86_64-pc-linux-gnu (64-bit)
* R was compiled by
    gcc (Ubuntu 11.3.0-1ubuntu1~22.04) 11.3.0
    GNU Fortran (Ubuntu 11.3.0-1ubuntu1~22.04) 11.3.0
* running under: Ubuntu 22.04.1 LTS
* using session charset: UTF-8
* checking for file ‘Repitools/DESCRIPTION’ ... OK
* this is package ‘Repitools’ version ‘1.45.0’
* checking package namespace information ... OK
* checking package dependencies ... OK
* checking if this is a source package ... OK
* checking if there is a namespace ... OK
* checking for hidden files and directories ... OK
* checking for portable file names ... OK
* checking for sufficient/correct file permissions ... OK
* checking whether package ‘Repitools’ can be installed ... OK
* used C compiler: ‘gcc (Ubuntu 11.3.0-1ubuntu1~22.04) 11.3.0’
* checking installed package size ... OK
* checking package directory ... OK
* checking ‘build’ directory ... OK
* checking DESCRIPTION meta-information ... OK
* checking top-level files ... OK
* checking for left-over files ... OK
* checking index information ... OK
* checking package subdirectories ... OK
* checking R files for non-ASCII characters ... OK
* checking R files for syntax errors ... OK
* checking whether the package can be loaded ... OK
* checking whether the package can be loaded with stated dependencies ... OK
* checking whether the package can be unloaded cleanly ... OK
* checking whether the namespace can be loaded with stated dependencies ... OK
* checking whether the namespace can be unloaded cleanly ... OK
* checking dependencies in R code ... OK
* checking S3 generic/method consistency ... OK
* checking replacement functions ... OK
* checking foreign function calls ... OK
* checking R code for possible problems ... OK
* checking Rd files ... WARNING
checkRd: (5) AdjustedCopyEstimate-class.Rd:16-34: \item in \describe must have non-empty label
checkRd: (5) BayMethList-class.Rd:58-88: \item in \describe must have non-empty label
checkRd: (5) ClusteredScoresList-class.Rd:29-50: \item in \describe must have non-empty label
checkRd: (5) ClusteredScoresList-class.Rd:57-60: \item in \describe must have non-empty label
checkRd: (5) ClusteredScoresList-class.Rd:61-64: \item in \describe must have non-empty label
checkRd: (5) ClusteredScoresList-class.Rd:65-68: \item in \describe must have non-empty label
checkRd: (5) ClusteredScoresList-class.Rd:75-78: \item in \describe must have non-empty label
checkRd: (5) CopyEstimate-class.Rd:14-23: \item in \describe must have non-empty label
checkRd: (5) GCAdjustParams-class.Rd:14-37: \item in \describe must have non-empty label
checkRd: (5) ScoresList-class.Rd:24-27: \item in \describe must have non-empty label
checkRd: (5) ScoresList-class.Rd:28-31: \item in \describe must have non-empty label
checkRd: (5) ScoresList-class.Rd:32-35: \item in \describe must have non-empty label
checkRd: (5) ScoresList-class.Rd:42-45: \item in \describe must have non-empty label
checkRd: (5) ScoresList-class.Rd:46-49: \item in \describe must have non-empty label
* checking Rd metadata ... OK
* checking Rd cross-references ... OK
* checking for missing documentation entries ... OK
* checking for code/documentation mismatches ... OK
* checking Rd \usage sections ... OK
* checking Rd contents ... OK
* checking for unstated dependencies in examples ... OK
* checking contents of ‘data’ directory ... OK
* checking data for non-ASCII characters ... OK
* checking data for ASCII and uncompressed saves ... OK
* checking line endings in C/C++/Fortran sources/headers ... OK
* checking line endings in Makefiles ... OK
* checking compilation flags in Makevars ... OK
* checking for GNU extensions in Makefiles ... OK
* checking for portable use of $(BLAS_LIBS) and $(LAPACK_LIBS) ... OK
* checking use of PKG_*FLAGS in Makefiles ... OK
* checking compiled code ... OK
* checking files in ‘vignettes’ ... OK
* checking examples ... OK
Examples with CPU (user + system) or elapsed time > 5s
                    user system elapsed
methylEst         55.277 18.104  17.638
empBayes          26.403  9.590  15.838
cpgDensityCalc    10.076  0.952  11.038
sequenceCalc       9.824  1.072  10.896
BayMethList-class  8.183  0.379   8.566
determineOffset    6.271  0.260   6.532
* checking for unstated dependencies in ‘tests’ ... OK
* checking tests ...
  Running ‘tests.R’
 OK
* checking for unstated dependencies in vignettes ... OK
* checking package vignettes in ‘inst/doc’ ... OK
* checking running R code from vignettes ...
  ‘Repitools_vignette.Rnw’ using ‘UTF-8’... OK
 OK
* checking re-building of vignette outputs ... OK
* checking PDF version of manual ... OK
* DONE

Status: 1 WARNING
See
  ‘/home/biocbuild/bbs-3.17-bioc/meat/Repitools.Rcheck/00check.log’
for details.



Installation output

Repitools.Rcheck/00install.out

##############################################################################
##############################################################################
###
### Running command:
###
###   /home/biocbuild/bbs-3.17-bioc/R/bin/R CMD INSTALL Repitools
###
##############################################################################
##############################################################################


* installing to library ‘/home/biocbuild/bbs-3.17-bioc/R/library’
* installing *source* package ‘Repitools’ ...
** using staged installation
** libs
using C compiler: ‘gcc (Ubuntu 11.3.0-1ubuntu1~22.04) 11.3.0’
gcc -I"/home/biocbuild/bbs-3.17-bioc/R/include" -DNDEBUG   -I/usr/local/include   -D R_NO_REMAP -I. -fpic  -g -O2  -Wall -c const.c -o const.o
gcc -I"/home/biocbuild/bbs-3.17-bioc/R/include" -DNDEBUG   -I/usr/local/include   -D R_NO_REMAP -I. -fpic  -g -O2  -Wall -c hyp2f1.c -o hyp2f1.o
gcc -I"/home/biocbuild/bbs-3.17-bioc/R/include" -DNDEBUG   -I/usr/local/include   -D R_NO_REMAP -I. -fpic  -g -O2  -Wall -c mtherr.c -o mtherr.o
gcc -shared -L/home/biocbuild/bbs-3.17-bioc/R/lib -L/usr/local/lib -o Repitools.so const.o hyp2f1.o mtherr.o -L/home/biocbuild/bbs-3.17-bioc/R/lib -lR
installing to /home/biocbuild/bbs-3.17-bioc/R/library/00LOCK-Repitools/00new/Repitools/libs
** R
** data
** inst
** byte-compile and prepare package for lazy loading
** help
*** installing help indices
** building package indices
** installing vignettes
** testing if installed package can be loaded from temporary location
** checking absolute paths in shared objects and dynamic libraries
** testing if installed package can be loaded from final location
** testing if installed package keeps a record of temporary installation path
* DONE (Repitools)

Tests output

Repitools.Rcheck/tests/tests.Rout


R Under development (unstable) (2023-01-10 r83596) -- "Unsuffered Consequences"
Copyright (C) 2023 The R Foundation for Statistical Computing
Platform: x86_64-pc-linux-gnu (64-bit)

R is free software and comes with ABSOLUTELY NO WARRANTY.
You are welcome to redistribute it under certain conditions.
Type 'license()' or 'licence()' for distribution details.

R is a collaborative project with many contributors.
Type 'contributors()' for more information and
'citation()' on how to cite R or R packages in publications.

Type 'demo()' for some demos, 'help()' for on-line help, or
'help.start()' for an HTML browser interface to help.
Type 'q()' to quit R.

> require("Repitools")
Loading required package: Repitools
Loading required package: BiocGenerics

Attaching package: 'BiocGenerics'

The following objects are masked from 'package:stats':

    IQR, mad, sd, var, xtabs

The following objects are masked from 'package:base':

    Filter, Find, Map, Position, Reduce, anyDuplicated, aperm, append,
    as.data.frame, basename, cbind, colnames, dirname, do.call,
    duplicated, eval, evalq, get, grep, grepl, intersect, is.unsorted,
    lapply, mapply, match, mget, order, paste, pmax, pmax.int, pmin,
    pmin.int, rank, rbind, rownames, sapply, setdiff, sort, table,
    tapply, union, unique, unsplit, which.max, which.min

> require("BSgenome.Hsapiens.UCSC.hg18")
Loading required package: BSgenome.Hsapiens.UCSC.hg18
Loading required package: BSgenome
Loading required package: S4Vectors
Loading required package: stats4

Attaching package: 'S4Vectors'

The following objects are masked from 'package:base':

    I, expand.grid, unname

Loading required package: IRanges
Loading required package: GenomeInfoDb
Loading required package: GenomicRanges
Loading required package: Biostrings
Loading required package: XVector

Attaching package: 'Biostrings'

The following object is masked from 'package:base':

    strsplit

Loading required package: rtracklayer

Attaching package: 'rtracklayer'

The following object is masked from 'package:Repitools':

    blocks

> options(warn = -1)
> 
> probes <- data.frame(chr = c("chr1", "chr9", "chrY", "chr1", "chr21", "chr6", "chr6", "chr2", "chrX", "chr11"), position = c(10000, 5500, 100000, 11000, 20000000, 500100, 499900, 700000, 9900, 90000), strand = c('+', '+', '+', '+', '-', '-', '-', '+', '-', '+'), stringsAsFactors = FALSE)
> genes <- data.frame(chr = c("chr1", "chr9", "chr11", "chr1", "chr11", "chr6", "chr6", "chr22", "chrY", "chr21"), start = c(10000, 7900, 950000, 10500, 74000000, 450000, 5000000, 44000000, 1500, 9800000), end = c(12500, 9500, 1000000, 14500, 75000000, 500000, 9000000, 45000000, 3000, 10000000), strand = c('+', '-', '-', '+', '-', '-', '-', '+', '+', '-'), name = paste("Gene", 1:10), stringsAsFactors = FALSE)
> 
> crossMatch <- annotationLookup(probes, genes, 5000, 5000)
Processing mapping between probes and features.
Mapping done.
> correctCrossMatch <- list(indexes = list(`Gene 1` = as.integer(c(1, 4)), `Gene 2` = as.integer(2), `Gene 3` = integer(), `Gene 4` = as.integer(c(1, 4)), `Gene 5` = integer(), `Gene 6` = as.integer(c(6, 7)), `Gene 7` = integer(), `Gene 8` = integer(), `Gene 9` = integer(), `Gene 10` = integer()), offsets = list(`Gene 1` = as.integer(c(0, 1000)), `Gene 2` = as.integer(4000), `Gene 3` = numeric(), `Gene 4` = as.integer(c(-500, 500)), `Gene 5` = numeric(), `Gene 6` = as.integer(c(-100, 100)), `Gene 7` = numeric(), `Gene 8` = numeric(), `Gene 9` = numeric(), `Gene 10` = numeric()))
> names(correctCrossMatch$offsets$`Gene 1`) <- c(1, 4)
> names(correctCrossMatch$offsets$`Gene 2`) <- c(2)
> names(correctCrossMatch$offsets$`Gene 4`) <- c(1, 4)
> names(correctCrossMatch$offsets$`Gene 6`) <- c(6, 7)
> names(correctCrossMatch$offsets$`Gene 8`) <- character()
> names(correctCrossMatch$offsets$`Gene 9`) <- character()
> 
> if(!isTRUE(all.equal(crossMatch, correctCrossMatch))) 
+ 	stop("Error in annotationLookup function.")
> cat("anontationLookup tested fine.\n")
anontationLookup tested fine.
> 
> lookupTable <- makeWindowLookupTable(crossMatch$indexes, crossMatch$offsets, starts = seq(-5000, 4900, 100), ends = seq(-4900, 5000, 100))
> correctLookupTable <- matrix(NA, nrow = 10, ncol = 100, dimnames = list(genes$names, seq(-4950, 4950, 100)))
> correctLookupTable[1, c(50, 51)] <- 1
> correctLookupTable[1, c(60, 61)] <- 4
> correctLookupTable[2, c(90, 91)] <- 2
> correctLookupTable[4, c(45, 46)] <- 1
> correctLookupTable[4, c(55, 56)] <- 4
> correctLookupTable[6, c(49, 50)] <- 6
> correctLookupTable[6, c(51, 52)] <- 7
> 
> if(!all(lookupTable == correctLookupTable, na.rm = TRUE))
+     stop("Error in makeWindowLookupTable function")
> cat("makeWindowLookupTable tested fine.\n")
makeWindowLookupTable tested fine.
> 
> cpgDensity <- cpgDensityCalc(genes, organism = Hsapiens, window = 500, w.function="linear")
CpG density calculated for a sample.
> if(!isTRUE(all.equal(cpgDensity, c(5.784, 7.620, 5.828, 2.928, 2.080, 1.252, 0.000, 7.404, 3.928, 0.000))))
+     stop("cpgDensityCalc not working for window = 500, scaling = linear")
> cpgDensity <- cpgDensityCalc(genes, window = 100, w.function = "log", organism = Hsapiens)
CpG density calculated for a sample.
> if(!isTRUE(all.equal(round(cpgDensity, 3), c(2.424, 1.882, 1.436, 0.084, 0.379, 0.000, 0.000, 0.263, 1.392, 0.000))))
+     stop("cpgDensityCalc not working for window = 100, scaling = log")
> cpgDensity <- cpgDensityCalc(genes, window = 1000, w.function = "exp", organism = Hsapiens)
CpG density calculated for a sample.
> if(!isTRUE(all.equal(round(cpgDensity, 3), c(4.874, 5.835, 4.999, 2.239, 1.567, 0.851, 0.054, 5.589, 3.229,0.062))))
+     stop("cpgDensityCalc not working for window = 1000, scaling = exp")
> cpgDensity <- cpgDensityCalc(genes, window = 500, w.function = "none", organism = Hsapiens)
CpG density calculated for a sample.
> if(!isTRUE(all.equal(cpgDensity, c(11, 14, 16, 6, 4, 2, 0, 15, 9, 0))))
+     stop("cpgDensityCalc not working for window = 500, scaling = none")
> cat("cpgDensityCalc tested fine.\n")
cpgDensityCalc tested fine.
> 
> GCpercent <- gcContentCalc(genes, Hsapiens, 500)
Calculating GC content.
> if(!isTRUE(all.equal(GCpercent, c(0.504, 0.586, 0.560, 0.470, 0.540, 0.304, 0.356, 0.638, 0.444, 0.388))))
+     stop("Error in gcContentCalc function")
> cat("gcContentCalc tested fine.\n")
gcContentCalc tested fine.
> 
> findsCount <- sequenceCalc(genes, Hsapiens, 500, pattern = "AATT")
> if(!isTRUE(all.equal(findsCount, c(1, 1, 0, 2, 1, 8, 2, 0, 4, 10))))
+     stop("Error in sequenceCalc function counting task")
> 
> findsPlaces <- sequenceCalc(genes, Hsapiens, 500, pattern = "AATT", positions = TRUE)
> correctPlaces <- list(-62, 181, NULL, c(-140, -98), 231, c(-219, -146, -88, -12, 12, 182, 209, 214), c(-61, 60), NULL, c(-115, -30, 11, 80), c(-238, -228, -202, -189, -177, -106, -21, 148, 158, 238))
> if(!isTRUE(all.equal(findsPlaces, correctPlaces)))
+     stop("Error in sequenceCalc function positions task")
> cat("sequenceCalc tested fine.\n")
sequenceCalc tested fine.
> cat("All tests passed.\n")
All tests passed.
> 
> proc.time()
   user  system elapsed 
 94.109   7.368 101.477 

Example timings

Repitools.Rcheck/Repitools-Ex.timings

nameusersystemelapsed
BAM2GRanges0.1700.0000.169
BayMethList-class8.1830.3798.566
GCadjustCopy000
GCbiasPlots0.0010.0000.000
QdnaData0.0940.0040.097
abcdDNA000
absoluteCN0.0010.0000.000
annoDF2GR0.020.000.02
annoGR2DF0.1860.0040.190
annotationBlocksCounts0.1670.0040.171
annotationBlocksLookup0.0570.0000.057
annotationCounts0.1280.0040.133
annotationLookup0.0940.0080.101
binPlots1.1610.1121.274
blocksStats0.2080.0040.211
checkProbes0.1540.0200.173
chromosomeCNplots0.0010.0000.000
clusterPlots0.6910.0560.747
cpgDensityCalc10.076 0.95211.038
cpgDensityPlot3.2480.1083.358
determineOffset6.2710.2606.532
empBayes26.403 9.59015.838
enrichmentCalc1.0130.1841.197
enrichmentPlot2.1080.3282.436
featureBlocks0.0290.0040.033
featureScores0.5640.0800.643
findClusters1.4760.1401.616
gcContentCalc2.9230.3963.320
genQC000
genomeBlocks0.0570.0040.061
getProbePositionsDf0.0010.0000.000
getSampleOffsets000
hyper0.0010.0000.002
loadPairFile000
loadSampleDirectory0.0010.0000.000
makeWindowLookupTable0.0550.0040.059
mappabilityCalc0.0000.0000.001
maskOut3.6990.3594.059
mergeReplicates1.3420.1921.533
methylEst55.27718.10417.638
multiHeatmap0.0430.0000.043
plotClusters0.1810.0160.196
plotQdnaByCN000
processNDF0.0000.0000.001
profilePlots000
regionStats0.0010.0000.000
relativeCN0.0860.0040.089
sequenceCalc 9.824 1.07210.896
setCNVOffsets0.0010.0000.000
summarizeScores0.5560.0360.592
writeWig000