Back to Multiple platform build/check report for BioC 3.16
ABCDEFGHIJKLMNOPQ[R]STUVWXYZ

This page was generated on 2022-06-24 11:08:27 -0400 (Fri, 24 Jun 2022).

HostnameOSArch (*)R versionInstalled pkgs
nebbiolo2Linux (Ubuntu 20.04.4 LTS)x86_644.2.0 Patched (2022-06-02 r82447) -- "Vigorous Calisthenics" 4331
palomino4Windows Server 2022 Datacenterx644.2.0 Patched (2022-06-02 r82447 ucrt) -- "Vigorous Calisthenics" 4136
lconwaymacOS 12.2.1 Montereyx86_644.2.0 Patched (2022-05-29 r82424) -- "Vigorous Calisthenics" 4147
Click on any hostname to see more info about the system (e.g. compilers)      (*) as reported by 'uname -p', except on Windows and Mac OS X

CHECK results for RCyjs on lconway


To the developers/maintainers of the RCyjs package:
- Please allow up to 24 hours (and sometimes 48 hours) for your latest push to git@git.bioconductor.org:packages/RCyjs.git to
reflect on this report. See How and When does the builder pull? When will my changes propagate? for more information.
- Make sure to use the following settings in order to reproduce any error or warning you see on this page.

raw results

Package 1577/2118HostnameOS / ArchINSTALLBUILDCHECKBUILD BIN
RCyjs 2.19.0  (landing page)
Paul Shannon
Snapshot Date: 2022-06-23 14:00:04 -0400 (Thu, 23 Jun 2022)
git_url: https://git.bioconductor.org/packages/RCyjs
git_branch: master
git_last_commit: 64ee431
git_last_commit_date: 2022-04-26 11:25:00 -0400 (Tue, 26 Apr 2022)
nebbiolo2Linux (Ubuntu 20.04.4 LTS) / x86_64  OK    OK    WARNINGS  UNNEEDED, same version is already published
palomino4Windows Server 2022 Datacenter / x64  OK    OK    WARNINGS    OK  UNNEEDED, same version is already published
lconwaymacOS 12.2.1 Monterey / x86_64  OK    OK    WARNINGS    OK  UNNEEDED, same version is already published

Summary

Package: RCyjs
Version: 2.19.0
Command: /Library/Frameworks/R.framework/Resources/bin/R CMD check --install=check:RCyjs.install-out.txt --library=/Library/Frameworks/R.framework/Resources/library --no-vignettes --timings RCyjs_2.19.0.tar.gz
StartedAt: 2022-06-23 22:05:58 -0400 (Thu, 23 Jun 2022)
EndedAt: 2022-06-23 22:06:45 -0400 (Thu, 23 Jun 2022)
EllapsedTime: 47.2 seconds
RetCode: 0
Status:   WARNINGS  
CheckDir: RCyjs.Rcheck
Warnings: 1

Command output

##############################################################################
##############################################################################
###
### Running command:
###
###   /Library/Frameworks/R.framework/Resources/bin/R CMD check --install=check:RCyjs.install-out.txt --library=/Library/Frameworks/R.framework/Resources/library --no-vignettes --timings RCyjs_2.19.0.tar.gz
###
##############################################################################
##############################################################################


* using log directory ‘/Users/biocbuild/bbs-3.16-bioc/meat/RCyjs.Rcheck’
* using R version 4.2.0 Patched (2022-05-29 r82424)
* using platform: x86_64-apple-darwin17.0 (64-bit)
* using session charset: UTF-8
* using option ‘--no-vignettes’
* checking for file ‘RCyjs/DESCRIPTION’ ... OK
* checking extension type ... Package
* this is package ‘RCyjs’ version ‘2.19.0’
* checking package namespace information ... OK
* checking package dependencies ... OK
* checking if this is a source package ... OK
* checking if there is a namespace ... OK
* checking for hidden files and directories ... OK
* checking for portable file names ... OK
* checking for sufficient/correct file permissions ... OK
* checking whether package ‘RCyjs’ can be installed ... OK
* checking installed package size ... OK
* checking package directory ... OK
* checking ‘build’ directory ... OK
* checking DESCRIPTION meta-information ... OK
* checking top-level files ... OK
* checking for left-over files ... OK
* checking index information ... OK
* checking package subdirectories ... OK
* checking R files for non-ASCII characters ... OK
* checking R files for syntax errors ... OK
* checking whether the package can be loaded ... OK
* checking whether the package can be loaded with stated dependencies ... OK
* checking whether the package can be unloaded cleanly ... OK
* checking whether the namespace can be loaded with stated dependencies ... OK
* checking whether the namespace can be unloaded cleanly ... OK
* checking dependencies in R code ... OK
* checking S3 generic/method consistency ... OK
* checking replacement functions ... OK
* checking foreign function calls ... OK
* checking R code for possible problems ... OK
* checking Rd files ... OK
* checking Rd metadata ... OK
* checking Rd cross-references ... OK
* checking for missing documentation entries ... OK
* checking for code/documentation mismatches ... OK
* checking Rd \usage sections ... WARNING
Undocumented arguments in documentation object 'hideNodes,RCyjs-method'
  ‘nodeIDs’

Undocumented arguments in documentation object 'readAndStandardizeJSONNetworkFile'
  ‘filename’
Documented arguments not in \usage in documentation object 'readAndStandardizeJSONNetworkFile':
  ‘file’

Undocumented arguments in documentation object 'readAndStandardizeJSONStyleFile'
  ‘filename’
Documented arguments not in \usage in documentation object 'readAndStandardizeJSONStyleFile':
  ‘file’

Undocumented arguments in documentation object 'showNodes,RCyjs-method'
  ‘nodeIDs’

Functions with \usage entries need to have the appropriate \alias
entries, and all their arguments documented.
The \usage entries must correspond to syntactically valid R code.
See chapter ‘Writing R documentation files’ in the ‘Writing R
Extensions’ manual.
* checking Rd contents ... OK
* checking for unstated dependencies in examples ... OK
* checking include directives in Makefiles ... OK
* checking files in ‘vignettes’ ... OK
* checking examples ... OK
* checking for unstated dependencies in ‘tests’ ... OK
* checking tests ...
  Running ‘runTests.R’
 OK
* checking for unstated dependencies in vignettes ... OK
* checking package vignettes in ‘inst/doc’ ... OK
* checking running R code from vignettes ... SKIPPED
* checking re-building of vignette outputs ... SKIPPED
* checking PDF version of manual ... OK
* DONE

Status: 1 WARNING
See
  ‘/Users/biocbuild/bbs-3.16-bioc/meat/RCyjs.Rcheck/00check.log’
for details.



Installation output

RCyjs.Rcheck/00install.out

##############################################################################
##############################################################################
###
### Running command:
###
###   /Library/Frameworks/R.framework/Resources/bin/R CMD INSTALL RCyjs
###
##############################################################################
##############################################################################


* installing to library ‘/Library/Frameworks/R.framework/Versions/4.2/Resources/library’
* installing *source* package ‘RCyjs’ ...
** using staged installation
** R
** inst
** byte-compile and prepare package for lazy loading
Creating a new generic function for ‘layout’ in package ‘RCyjs’
** help
*** installing help indices
** building package indices
** installing vignettes
** testing if installed package can be loaded from temporary location
** testing if installed package can be loaded from final location
** testing if installed package keeps a record of temporary installation path
* DONE (RCyjs)

Tests output

RCyjs.Rcheck/tests/runTests.Rout


R version 4.2.0 Patched (2022-05-29 r82424) -- "Vigorous Calisthenics"
Copyright (C) 2022 The R Foundation for Statistical Computing
Platform: x86_64-apple-darwin17.0 (64-bit)

R is free software and comes with ABSOLUTELY NO WARRANTY.
You are welcome to redistribute it under certain conditions.
Type 'license()' or 'licence()' for distribution details.

R is a collaborative project with many contributors.
Type 'contributors()' for more information and
'citation()' on how to cite R or R packages in publications.

Type 'demo()' for some demos, 'help()' for on-line help, or
'help.start()' for an HTML browser interface to help.
Type 'q()' to quit R.

> # disabled: the bioc build system no longer supports browser use.
> # BiocGenerics:::testPackage("RCyjs")
> 
> proc.time()
   user  system elapsed 
  0.192   0.069   0.243 

Example timings

RCyjs.Rcheck/RCyjs-Ex.timings

nameusersystemelapsed
RCyjs-class0.0000.0000.001
addGraph000
addGraphFromFile000
clearSelection0.0010.0000.000
createTestGaph0.0050.0010.005
deleteGraph0.0010.0000.000
deleteSelectedNodes000
eda000
edaNames0.0000.0000.001
fit0.0010.0000.000
fitSelection0.0000.0000.001
getEdgeCount0.0000.0010.000
getJSON0.0010.0000.000
getLayoutStrategies0.0000.0010.000
getNodeCount0.0000.0000.001
getNodes0.0000.0010.001
getPosition000
getSelectedNodes0.0000.0010.000
getSupportedEdgeDecoratorShapes000
getSupportedNodeShapes000
getZoom000
graphNELtoJSON.string000
hAlign000
hideAllEdges000
hideEdges0.0000.0000.001
hideNodes0.0000.0000.001
hideSelectedNodes0.0000.0010.000
invertNodeSelection0.0000.0000.001
layout000
layoutSelectionInGrid0.0010.0000.001
layoutSelectionInGridInferAnchorm0.0010.0000.000
loadStyleFile000
noa000
noaNames0.0000.0000.001
redraw0.0000.0000.001
restoreLayout000
saveJPG0.0000.0000.001
saveLayout0.0000.0010.001
savePNG0.0000.0000.001
selectFirstNeighborsOfSelectedNodes0.0010.0010.000
selectNodes000
setBackgroundColor000
setDefaultEdgeColor000
setDefaultEdgeLineColor000
setDefaultEdgeLineStyle0.0000.0000.001
setDefaultEdgeSourceArrowColor0.0000.0000.001
setDefaultEdgeSourceArrowShape000
setDefaultEdgeTargetArrowColor000
setDefaultEdgeTargetArrowShape000
setDefaultEdgeWidth000
setDefaultNodeBorderColor0.0000.0010.000
setDefaultNodeBorderWidth000
setDefaultNodeColor0.0000.0000.001
setDefaultNodeFontColor0.0010.0000.001
setDefaultNodeFontSize000
setDefaultNodeHeight000
setDefaultNodeShape0.0010.0000.000
setDefaultNodeSize0.0000.0000.001
setDefaultNodeWidth000
setDefaultStyle000
setEdgeStyle000
setGraph000
setNodeAttributes0.0010.0000.001
setNodeBorderColor0.0010.0000.000
setNodeBorderWidth0.0000.0000.001
setNodeColor0.0000.0010.000
setNodeColorRule000
setNodeFontColor0.0010.0010.000
setNodeFontSize0.0000.0000.001
setNodeHeight0.0000.0010.000
setNodeLabelRule000
setNodeShape0.0000.0000.001
setNodeSize0.0000.0000.001
setNodeSizeRule0.0000.0000.001
setNodeWidth0.0010.0010.000
setPosition000
setZoom0.0010.0000.000
sfn000
showAll000
showEdges000
showNodes000
simpleDemoGraph0.0460.0010.047
vAlign000