Back to Multiple platform build/check report for BioC 3.16
ABCDEFGHIJKLMNO[P]QRSTUVWXYZ

This page was generated on 2022-06-24 11:06:58 -0400 (Fri, 24 Jun 2022).

HostnameOSArch (*)R versionInstalled pkgs
nebbiolo2Linux (Ubuntu 20.04.4 LTS)x86_644.2.0 Patched (2022-06-02 r82447) -- "Vigorous Calisthenics" 4331
palomino4Windows Server 2022 Datacenterx644.2.0 Patched (2022-06-02 r82447 ucrt) -- "Vigorous Calisthenics" 4136
lconwaymacOS 12.2.1 Montereyx86_644.2.0 Patched (2022-05-29 r82424) -- "Vigorous Calisthenics" 4147
Click on any hostname to see more info about the system (e.g. compilers)      (*) as reported by 'uname -p', except on Windows and Mac OS X

CHECK results for Pigengene on palomino4


To the developers/maintainers of the Pigengene package:
- Please allow up to 24 hours (and sometimes 48 hours) for your latest push to git@git.bioconductor.org:packages/Pigengene.git to
reflect on this report. See How and When does the builder pull? When will my changes propagate? for more information.
- Make sure to use the following settings in order to reproduce any error or warning you see on this page.

raw results

Package 1443/2118HostnameOS / ArchINSTALLBUILDCHECKBUILD BIN
Pigengene 1.23.0  (landing page)
Habil Zare
Snapshot Date: 2022-06-23 14:00:04 -0400 (Thu, 23 Jun 2022)
git_url: https://git.bioconductor.org/packages/Pigengene
git_branch: master
git_last_commit: e336303
git_last_commit_date: 2022-04-26 11:32:36 -0400 (Tue, 26 Apr 2022)
nebbiolo2Linux (Ubuntu 20.04.4 LTS) / x86_64  OK    OK    ERROR  
palomino4Windows Server 2022 Datacenter / x64  OK    OK    ERROR    OK  
lconwaymacOS 12.2.1 Monterey / x86_64  OK    OK    ERROR    OK  

Summary

Package: Pigengene
Version: 1.23.0
Command: F:\biocbuild\bbs-3.16-bioc\R\bin\R.exe CMD check --force-multiarch --install=check:Pigengene.install-out.txt --library=F:\biocbuild\bbs-3.16-bioc\R\library --no-vignettes --timings Pigengene_1.23.0.tar.gz
StartedAt: 2022-06-24 04:27:05 -0400 (Fri, 24 Jun 2022)
EndedAt: 2022-06-24 04:33:27 -0400 (Fri, 24 Jun 2022)
EllapsedTime: 381.6 seconds
RetCode: 1
Status:   ERROR  
CheckDir: Pigengene.Rcheck
Warnings: NA

Command output

##############################################################################
##############################################################################
###
### Running command:
###
###   F:\biocbuild\bbs-3.16-bioc\R\bin\R.exe CMD check --force-multiarch --install=check:Pigengene.install-out.txt --library=F:\biocbuild\bbs-3.16-bioc\R\library --no-vignettes --timings Pigengene_1.23.0.tar.gz
###
##############################################################################
##############################################################################


* using log directory 'F:/biocbuild/bbs-3.16-bioc/meat/Pigengene.Rcheck'
* using R version 4.2.0 Patched (2022-06-02 r82447 ucrt)
* using platform: x86_64-w64-mingw32 (64-bit)
* using session charset: UTF-8
* using option '--no-vignettes'
* checking for file 'Pigengene/DESCRIPTION' ... OK
* checking extension type ... Package
* this is package 'Pigengene' version '1.23.0'
* checking package namespace information ... OK
* checking package dependencies ... OK
* checking if this is a source package ... OK
* checking if there is a namespace ... OK
* checking for hidden files and directories ... OK
* checking for portable file names ... OK
* checking whether package 'Pigengene' can be installed ... OK
* checking installed package size ... OK
* checking package directory ... OK
* checking 'build' directory ... OK
* checking DESCRIPTION meta-information ... OK
* checking top-level files ... OK
* checking for left-over files ... OK
* checking index information ... OK
* checking package subdirectories ... OK
* checking R files for non-ASCII characters ... OK
* checking R files for syntax errors ... OK
* checking whether the package can be loaded ... OK
* checking whether the package can be loaded with stated dependencies ... OK
* checking whether the package can be unloaded cleanly ... OK
* checking whether the namespace can be loaded with stated dependencies ... OK
* checking whether the namespace can be unloaded cleanly ... OK
* checking dependencies in R code ... NOTE
Error in completeSubclasses(classDef2, class1, obj, where) : 
  trying to get slot "subclasses" from an object of a basic class ("NULL") with no slots
'library' or 'require' calls in package code:
  'AnnotationDbi' 'biomaRt' 'energy' 'org.Hs.eg.db' 'org.Mm.eg.db'
  Please use :: or requireNamespace() instead.
  See section 'Suggested packages' in the 'Writing R Extensions' manual.
* checking S3 generic/method consistency ... OK
* checking replacement functions ... OK
* checking foreign function calls ... OK
* checking R code for possible problems ... NOTE
Found the following possibly unsafe calls:
File 'Pigengene/R/bn.calculation.R':
  assignInNamespace("supported.clusters", fixArgs, "bnlearn")

one.step.pigengene: no visible binding for global variable
  'org.Hs.eg.db'
Undefined global functions or variables:
  org.Hs.eg.db
* checking Rd files ... OK
* checking Rd metadata ... OK
* checking Rd cross-references ... OK
* checking for missing documentation entries ... OK
* checking for code/documentation mismatches ... OK
* checking Rd \usage sections ... OK
* checking Rd contents ... OK
* checking for unstated dependencies in examples ... OK
* checking contents of 'data' directory ... OK
* checking data for non-ASCII characters ... OK
* checking data for ASCII and uncompressed saves ... OK
* checking sizes of PDF files under 'inst/doc' ... OK
* checking files in 'vignettes' ... OK
* checking examples ... ERROR
Running examples in 'Pigengene-Ex.R' failed
The error most likely occurred in:

> base::assign(".ptime", proc.time(), pos = "CheckExEnv")
> ### Name: gene.mapping
> ### Title: Maps gene IDs
> ### Aliases: gene.mapping
> ### Keywords: misc
> 
> ### ** Examples
> 
>      library(org.Hs.eg.db)
Loading required package: AnnotationDbi
Loading required package: stats4
Loading required package: Biobase
Welcome to Bioconductor

    Vignettes contain introductory material; view with
    'browseVignettes()'. To cite Bioconductor, see
    'citation("Biobase")', and for packages 'citation("pkgname")'.

Loading required package: IRanges
Loading required package: S4Vectors

Attaching package: 'S4Vectors'

The following objects are masked from 'package:base':

    I, expand.grid, unname


Attaching package: 'IRanges'

The following object is masked from 'package:grDevices':

    windows


>      g1 <- gene.mapping(ids="NM_001159995")
Loading required package: org.Mm.eg.db

'select()' returned 1:1 mapping between keys and columns
>      print(g1)
             input          output1 output2
NM_001159995 "NM_001159995" "NRG1"  "NRG1" 
> 
>      ## Mapping to multiple convention
>      library(org.Mm.eg.db)
>      g2 <- gene.mapping(ids=c("NM_170730", "NM_001013580"),
+         inputType="REFSEQ", inputDb=org.Mm.eg.db,
+         outputType=c("SYMBOL","ENTREZID"),
+         outputDb=list(org.Hs.eg.db,org.Mm.eg.db), verbose=1)
Mapping to:  org.Hs.eg.db-SYMBOL 
'select()' returned 1:1 mapping between keys and columns
Loading required package: biomaRt
Warning: Ensembl will soon enforce the use of https.
Ensure the 'host' argument includes "https://"
Error in curl::curl_fetch_memory(url, handle = handle) : 
  Timeout was reached: [www.ensembl.org:80] Operation timed out after 10001 milliseconds with 0 bytes received
Calls: gene.mapping ... request_fetch -> request_fetch.write_memory -> <Anonymous>
Execution halted
* checking for unstated dependencies in vignettes ... OK
* checking package vignettes in 'inst/doc' ... OK
* checking running R code from vignettes ... SKIPPED
* checking re-building of vignette outputs ... SKIPPED
* checking PDF version of manual ... OK
* DONE

Status: 1 ERROR, 2 NOTEs
See
  'F:/biocbuild/bbs-3.16-bioc/meat/Pigengene.Rcheck/00check.log'
for details.


Installation output

Pigengene.Rcheck/00install.out

##############################################################################
##############################################################################
###
### Running command:
###
###   C:\cygwin\bin\curl.exe -O http://155.52.207.166/BBS/3.16/bioc/src/contrib/Pigengene_1.23.0.tar.gz && rm -rf Pigengene.buildbin-libdir && mkdir Pigengene.buildbin-libdir && F:\biocbuild\bbs-3.16-bioc\R\bin\R.exe CMD INSTALL --merge-multiarch --build --library=Pigengene.buildbin-libdir Pigengene_1.23.0.tar.gz && F:\biocbuild\bbs-3.16-bioc\R\bin\R.exe CMD INSTALL Pigengene_1.23.0.zip && rm Pigengene_1.23.0.tar.gz Pigengene_1.23.0.zip
###
##############################################################################
##############################################################################


  % Total    % Received % Xferd  Average Speed   Time    Time     Time  Current
                                 Dload  Upload   Total   Spent    Left  Speed

  0     0    0     0    0     0      0      0 --:--:-- --:--:-- --:--:--     0
100 2475k  100 2475k    0     0  11.0M      0 --:--:-- --:--:-- --:--:-- 11.0M
only one architecture so ignoring '--merge-multiarch'
* installing *source* package 'Pigengene' ...
** using staged installation
** R
** data
** inst
** byte-compile and prepare package for lazy loading
** help
*** installing help indices
** building package indices
** installing vignettes
** testing if installed package can be loaded from temporary location
** testing if installed package can be loaded from final location
** testing if installed package keeps a record of temporary installation path
* MD5 sums
packaged installation of 'Pigengene' as Pigengene_1.23.0.zip
* DONE (Pigengene)
* installing to library 'F:/biocbuild/bbs-3.16-bioc/R/library'
package 'Pigengene' successfully unpacked and MD5 sums checked

Tests output


Example timings

Pigengene.Rcheck/Pigengene-Ex.timings

nameusersystemelapsed
Pigengene-package68.15 2.5671.89
aml0.140.000.14
apply.filter14.72 0.2014.92
balance0.670.100.77
calculate.beta0.780.010.80
check.nas0.050.000.04
check.pigengene.input0.040.020.07
combine.networks14.58 0.0614.75
compact.tree10.78 0.6411.42
compute.pigengene5.890.346.23
dcor.matrix0.210.040.24
determine.modules14.15 0.0614.31
draw.bn0.000.010.02
eigengenes330.080.000.07