Back to Multiple platform build/check report for BioC 3.17: simplified long |
|
This page was generated on 2023-03-22 11:06:53 -0400 (Wed, 22 Mar 2023).
Hostname | OS | Arch (*) | R version | Installed pkgs |
---|---|---|---|---|
nebbiolo1 | Linux (Ubuntu 22.04.1 LTS) | x86_64 | R Under development (unstable) (2023-03-16 r83996) -- "Unsuffered Consequences" | 4508 |
palomino3 | Windows Server 2022 Datacenter | x64 | R Under development (unstable) (2023-03-15 r83984 ucrt) -- "Unsuffered Consequences" | 4293 |
merida1 | macOS 10.14.6 Mojave | x86_64 | R Under development (unstable) (2023-03-16 r83985) -- "Unsuffered Consequences" | 4290 |
Click on any hostname to see more info about the system (e.g. compilers) (*) as reported by 'uname -p', except on Windows and Mac OS X |
To the developers/maintainers of the NanoStringQCPro package: - Please allow up to 24 hours (and sometimes 48 hours) for your latest push to git@git.bioconductor.org:packages/NanoStringQCPro.git to reflect on this report. See How and When does the builder pull? When will my changes propagate? for more information. - Make sure to use the following settings in order to reproduce any error or warning you see on this page. |
Package 1333/2189 | Hostname | OS / Arch | INSTALL | BUILD | CHECK | BUILD BIN | ||||||||
Robert Ziman
| nebbiolo1 | Linux (Ubuntu 22.04.1 LTS) / x86_64 | OK | OK | ERROR | |||||||||
palomino3 | Windows Server 2022 Datacenter / x64 | OK | OK | ERROR | OK | |||||||||
merida1 | macOS 10.14.6 Mojave / x86_64 | OK | OK | ERROR | OK | |||||||||
Package: NanoStringQCPro |
Version: 1.31.1 |
Command: /Library/Frameworks/R.framework/Resources/bin/R CMD check --install=check:NanoStringQCPro.install-out.txt --library=/Library/Frameworks/R.framework/Resources/library --no-vignettes --timings NanoStringQCPro_1.31.1.tar.gz |
StartedAt: 2023-03-22 04:17:28 -0400 (Wed, 22 Mar 2023) |
EndedAt: 2023-03-22 04:23:47 -0400 (Wed, 22 Mar 2023) |
EllapsedTime: 379.3 seconds |
RetCode: 1 |
Status: ERROR |
CheckDir: NanoStringQCPro.Rcheck |
Warnings: NA |
############################################################################## ############################################################################## ### ### Running command: ### ### /Library/Frameworks/R.framework/Resources/bin/R CMD check --install=check:NanoStringQCPro.install-out.txt --library=/Library/Frameworks/R.framework/Resources/library --no-vignettes --timings NanoStringQCPro_1.31.1.tar.gz ### ############################################################################## ############################################################################## * using log directory ‘/Users/biocbuild/bbs-3.17-bioc/meat/NanoStringQCPro.Rcheck’ * using R Under development (unstable) (2023-03-16 r83985) * using platform: x86_64-apple-darwin17.0 (64-bit) * R was compiled by Apple clang version 12.0.0 (clang-1200.0.32.29) GNU Fortran (GCC) 8.2.0 * running under: macOS Mojave 10.14.6 * using session charset: UTF-8 * using option ‘--no-vignettes’ * checking for file ‘NanoStringQCPro/DESCRIPTION’ ... OK * this is package ‘NanoStringQCPro’ version ‘1.31.1’ * checking package namespace information ... OK * checking package dependencies ... OK * checking if this is a source package ... OK * checking if there is a namespace ... OK * checking for hidden files and directories ... OK * checking for portable file names ... OK * checking for sufficient/correct file permissions ... OK * checking whether package ‘NanoStringQCPro’ can be installed ... WARNING Found the following significant warnings: Warning: Package 'NanoStringQCPro' is deprecated and will be removed from See ‘/Users/biocbuild/bbs-3.17-bioc/meat/NanoStringQCPro.Rcheck/00install.out’ for details. * checking installed package size ... OK * checking package directory ... OK * checking DESCRIPTION meta-information ... NOTE Package listed in more than one of Depends, Imports, Suggests, Enhances: ‘knitr’ A package should be listed in only one of these fields. * checking top-level files ... OK * checking for left-over files ... OK * checking index information ... OK * checking package subdirectories ... OK * checking R files for non-ASCII characters ... OK * checking R files for syntax errors ... OK * checking whether the package can be loaded ... OK * checking whether the package can be loaded with stated dependencies ... OK * checking whether the package can be unloaded cleanly ... OK * checking whether the namespace can be loaded with stated dependencies ... OK * checking whether the namespace can be unloaded cleanly ... OK * checking startup messages can be suppressed ... OK * checking dependencies in R code ... OK * checking S3 generic/method consistency ... OK * checking replacement functions ... OK * checking foreign function calls ... OK * checking R code for possible problems ... NOTE centeredSampleClustering: no visible global function definition for ‘png’ centeredSampleClustering: no visible global function definition for ‘dev.off’ countsInBlankSamples_verticalPlot: no visible global function definition for ‘png’ countsInBlankSamples_verticalPlot: no visible global function definition for ‘dev.off’ geneClustering: no visible global function definition for ‘png’ geneClustering: no visible global function definition for ‘dev.off’ negCtrlsByLane_verticalPlot: no visible global function definition for ‘png’ negCtrlsByLane_verticalPlot: no visible global function definition for ‘dev.off’ previewPNG: no visible global function definition for ‘png’ previewPNG: no visible global function definition for ‘dev.off’ sampleClustering,RccSet: no visible global function definition for ‘png’ sampleClustering,RccSet: no visible global function definition for ‘dev.off’ Undefined global functions or variables: dev.off png Consider adding importFrom("grDevices", "dev.off", "png") to your NAMESPACE file. * checking Rd files ... OK * checking Rd metadata ... OK * checking Rd cross-references ... OK * checking for missing documentation entries ... OK * checking for code/documentation mismatches ... OK * checking Rd \usage sections ... OK * checking Rd contents ... OK * checking for unstated dependencies in examples ... OK * checking contents of ‘data’ directory ... OK * checking data for non-ASCII characters ... OK * checking LazyData ... OK * checking data for ASCII and uncompressed saves ... OK * checking sizes of PDF files under ‘inst/doc’ ... OK * checking installed files from ‘inst/doc’ ... OK * checking examples ... ERROR Running examples in ‘NanoStringQCPro-Ex.R’ failed The error most likely occurred in: > base::assign(".ptime", proc.time(), pos = "CheckExEnv") > ### Name: makeQCReport,RccSet-method > ### Title: Make NanoString QC report > ### Aliases: makeQCReport,RccSet-method makeQCReport > > ### ** Examples > > data(example_rccSet) > norm_example_rccSet <- preprocRccSet(example_rccSet) > qc_example_rccSet <- makeQCReport(norm_example_rccSet, "example_QC_report") Generating QC report... Error in (function (file = NULL, output = NULL, text = NULL, format = c("html", : unused argument (header = "/Library/Frameworks/R.framework/Versions/4.3/Resources/library/NanoStringQCPro/misc/qcReportHeader.html") Calls: makeQCReport ... .local -> knit2html -> mark_html -> <Anonymous> -> do.call Execution halted * checking PDF version of manual ... OK * DONE Status: 1 ERROR, 1 WARNING, 2 NOTEs See ‘/Users/biocbuild/bbs-3.17-bioc/meat/NanoStringQCPro.Rcheck/00check.log’ for details.
NanoStringQCPro.Rcheck/00install.out
############################################################################## ############################################################################## ### ### Running command: ### ### /Library/Frameworks/R.framework/Resources/bin/R CMD INSTALL NanoStringQCPro ### ############################################################################## ############################################################################## * installing to library ‘/Library/Frameworks/R.framework/Versions/4.3/Resources/library’ * installing *source* package ‘NanoStringQCPro’ ... ** using staged installation ** R ** data *** moving datasets to lazyload DB ** inst ** byte-compile and prepare package for lazy loading ** help *** installing help indices ** building package indices ** testing if installed package can be loaded from temporary location Warning: Package 'NanoStringQCPro' is deprecated and will be removed from Bioconductor version 3.18 ** testing if installed package can be loaded from final location Warning: Package 'NanoStringQCPro' is deprecated and will be removed from Bioconductor version 3.18 ** testing if installed package keeps a record of temporary installation path * DONE (NanoStringQCPro)
NanoStringQCPro.Rcheck/NanoStringQCPro-Ex.timings
name | user | system | elapsed | |
RccSet-class | 0.805 | 0.012 | 1.089 | |
addCodesetAnnotation | 0.448 | 0.015 | 0.604 | |
buildCodesetAnnotation | 0.015 | 0.001 | 0.020 | |
checkRccSet | 0.102 | 0.003 | 0.143 | |
contentNorm | 0.211 | 0.003 | 0.284 | |
copyRccSet | 0.025 | 0.002 | 0.038 | |
getBackground | 0.152 | 0.003 | 0.209 | |
getBlankLabel | 0.003 | 0.002 | 0.004 | |