Back to Multiple platform build/check report for BioC 3.17:   simplified   long
ABCDEFGHIJKL[M]NOPQRSTUVWXYZ

This page was generated on 2023-03-20 11:05:10 -0400 (Mon, 20 Mar 2023).

HostnameOSArch (*)R versionInstalled pkgs
nebbiolo1Linux (Ubuntu 22.04.1 LTS)x86_64R Under development (unstable) (2023-03-16 r83996) -- "Unsuffered Consequences" 4297
palomino3Windows Server 2022 Datacenterx64R Under development (unstable) (2023-03-15 r83984 ucrt) -- "Unsuffered Consequences" 4286
merida1macOS 10.14.6 Mojavex86_64R Under development (unstable) (2023-03-16 r83985) -- "Unsuffered Consequences" 4150
Click on any hostname to see more info about the system (e.g. compilers)      (*) as reported by 'uname -p', except on Windows and Mac OS X

CHECK results for MesKit on nebbiolo1


To the developers/maintainers of the MesKit package:
- Please allow up to 24 hours (and sometimes 48 hours) for your latest push to git@git.bioconductor.org:packages/MesKit.git to
reflect on this report. See How and When does the builder pull? When will my changes propagate? for more information.
- Make sure to use the following settings in order to reproduce any error or warning you see on this page.

raw results

Package 1142/2189HostnameOS / ArchINSTALLBUILDCHECKBUILD BIN
MesKit 1.9.0  (landing page)
Mengni Liu
Snapshot Date: 2023-03-19 14:00:12 -0400 (Sun, 19 Mar 2023)
git_url: https://git.bioconductor.org/packages/MesKit
git_branch: master
git_last_commit: 09f7690
git_last_commit_date: 2022-11-01 11:22:30 -0400 (Tue, 01 Nov 2022)
nebbiolo1Linux (Ubuntu 22.04.1 LTS) / x86_64  OK    OK    WARNINGS  UNNEEDED, same version is already published
palomino3Windows Server 2022 Datacenter / x64  OK    OK    WARNINGS    OK  UNNEEDED, same version is already published
merida1macOS 10.14.6 Mojave / x86_64  OK    OK    TIMEOUT    OK  

Summary

Package: MesKit
Version: 1.9.0
Command: /home/biocbuild/bbs-3.17-bioc/R/bin/R CMD check --install=check:MesKit.install-out.txt --library=/home/biocbuild/bbs-3.17-bioc/R/site-library --timings MesKit_1.9.0.tar.gz
StartedAt: 2023-03-19 21:32:46 -0400 (Sun, 19 Mar 2023)
EndedAt: 2023-03-19 21:54:00 -0400 (Sun, 19 Mar 2023)
EllapsedTime: 1273.3 seconds
RetCode: 0
Status:   WARNINGS  
CheckDir: MesKit.Rcheck
Warnings: 1

Command output

##############################################################################
##############################################################################
###
### Running command:
###
###   /home/biocbuild/bbs-3.17-bioc/R/bin/R CMD check --install=check:MesKit.install-out.txt --library=/home/biocbuild/bbs-3.17-bioc/R/site-library --timings MesKit_1.9.0.tar.gz
###
##############################################################################
##############################################################################


* using log directory ‘/home/biocbuild/bbs-3.17-bioc/meat/MesKit.Rcheck’
* using R Under development (unstable) (2023-03-16 r83996)
* using platform: x86_64-pc-linux-gnu (64-bit)
* R was compiled by
    gcc (Ubuntu 11.3.0-1ubuntu1~22.04) 11.3.0
    GNU Fortran (Ubuntu 11.3.0-1ubuntu1~22.04) 11.3.0
* running under: Ubuntu 22.04.2 LTS
* using session charset: UTF-8
* checking for file ‘MesKit/DESCRIPTION’ ... OK
* checking extension type ... Package
* this is package ‘MesKit’ version ‘1.9.0’
* package encoding: UTF-8
* checking package namespace information ... OK
* checking package dependencies ... OK
* checking if this is a source package ... OK
* checking if there is a namespace ... OK
* checking for hidden files and directories ... OK
* checking for portable file names ... OK
* checking for sufficient/correct file permissions ... OK
* checking whether package ‘MesKit’ can be installed ... WARNING
Found the following significant warnings:
  Warning: replacing previous import ‘ape::degree’ by ‘circlize::degree’ when loading ‘MesKit’
  Warning: replacing previous import ‘ape::where’ by ‘dplyr::where’ when loading ‘MesKit’
See ‘/home/biocbuild/bbs-3.17-bioc/meat/MesKit.Rcheck/00install.out’ for details.
* checking installed package size ... OK
* checking package directory ... OK
* checking ‘build’ directory ... OK
* checking DESCRIPTION meta-information ... OK
* checking top-level files ... NOTE
File
  LICENSE
is not mentioned in the DESCRIPTION file.
* checking for left-over files ... OK
* checking index information ... OK
* checking package subdirectories ... OK
* checking R files for non-ASCII characters ... OK
* checking R files for syntax errors ... OK
* checking whether the package can be loaded ... OK
* checking whether the package can be loaded with stated dependencies ... OK
* checking whether the package can be unloaded cleanly ... OK
* checking whether the namespace can be loaded with stated dependencies ... OK
* checking whether the namespace can be unloaded cleanly ... OK
* checking loading without being on the library search path ... OK
* checking dependencies in R code ... OK
* checking S3 generic/method consistency ... OK
* checking replacement functions ... OK
* checking foreign function calls ... OK
* checking R code for possible problems ... NOTE
calJSI : processJSI: no visible binding for global variable ‘CCF’
cna2gene: no visible global function definition for ‘genes’
cna2gene: no visible binding for global variable ‘org.Hs.eg.db’
cna2gene: no visible binding for global variable ‘seqnames’
cna2gene: no visible binding for global variable ‘Chromosome’
cna2gene: no visible binding for global variable ‘Hugo_Symbol’
cna2gene: no visible binding for global variable ‘Start_Position’
cna2gene: no visible binding for global variable ‘End_Position’
cna2gene: no visible binding for global variable ‘i.End_Position’
cna2gene: no visible binding for global variable ‘i.Start_Position’
cna2gene: no visible binding for global variable ‘Patient_ID’
cna2gene: no visible binding for global variable ‘Tumor_Sample_Barcode’
cna2gene: no visible binding for global variable ‘seg_id’
cna2gene: no visible binding for global variable ‘overlap_width’
copyNumberFilter: no visible binding for global variable ‘Patient_ID’
drawVAFCombine: no visible binding for global variable ‘V’
drawVAFCombineVline: no visible binding for global variable ‘V’
fitSignatures : processFitSig: no visible binding for global variable
  ‘Branch’
fitSignatures : processFitSig: no visible binding for global variable
  ‘Original’
fitSignatures : processFitSig: no visible binding for global variable
  ‘Reconstructed’
mutCluster : processVafcluster_sample: no visible binding for global
  variable ‘cluster’
plotCNA: no visible binding for global variable ‘Cytoband’
plotCNA: no visible binding for global variable ‘Cytoband_pos’
plotCNA: no visible binding for global variable ‘gene_id’
plotCNA: no visible binding for global variable ‘gene_pos’
plotCNA: no visible binding for global variable ‘Hugo_Symbol’
plotTree: no visible binding for global variable ‘is.match’
plotTree: no visible binding for global variable ‘x’
plotTree: no visible binding for global variable ‘y’
plotTree: no visible binding for global variable ‘xend’
plotTree: no visible binding for global variable ‘yend’
Undefined global functions or variables:
  Branch CCF Chromosome Cytoband Cytoband_pos End_Position Hugo_Symbol
  Original Patient_ID Reconstructed Start_Position Tumor_Sample_Barcode
  V cluster gene_id gene_pos genes i.End_Position i.Start_Position
  is.match org.Hs.eg.db overlap_width seg_id seqnames x xend y yend
* checking Rd files ... OK
* checking Rd metadata ... OK
* checking Rd cross-references ... OK
* checking for missing documentation entries ... OK
* checking for code/documentation mismatches ... OK
* checking Rd \usage sections ... OK
* checking Rd contents ... OK
* checking for unstated dependencies in examples ... OK
* checking files in ‘vignettes’ ... OK
* checking examples ... OK
Examples with CPU (user + system) or elapsed time > 5s
                       user system elapsed
calFst               70.880  0.728  71.562
getTree              43.317  0.252  43.517
getMutBranches       41.881  0.267  42.096
getTreeMethod        41.701  0.280  41.934
getPhyloTreeRef      39.398  0.264  39.613
getPhyloTree         39.043  0.240  39.219
getPhyloTreePatient  38.551  0.200  38.702
getPhyloTreeTsbLabel 38.002  0.196  38.260
getCCFMatrix         37.313  0.292  37.550
getBinaryMatrix      36.640  0.291  36.875
getBootstrapValue    36.598  0.200  36.745
getBranchType        36.332  0.255  36.536
compareCCF           28.464  1.228  29.640
calJSI               25.689  0.164  25.805
compareTree          25.265  0.148  25.366
plotMutSigProfile    24.076  0.164  24.203
mutHeatmap           23.504  0.088  23.545
calNeiDist           22.963  0.092  23.003
mutTrunkBranch       22.313  0.264  22.540
fitSignatures        22.035  0.212  22.207
mutCluster           21.092  0.416  21.466
getMafRef            21.015  0.253  21.235
classifyMut          20.584  0.580  21.117
plotPhyloTree        20.984  0.127  21.075
cna2gene             20.399  0.675  20.865
ccfAUC               21.005  0.069  21.023
triMatrix            20.345  0.284  20.592
mathScore            20.361  0.208  20.519
getMafData           19.853  0.036  19.855
getMafPatient        19.465  0.064  19.494
plotMutProfile       19.422  0.104  19.481
testNeutral          18.683  0.052  18.684
getNonSyn_vc         18.630  0.097  18.688
readMaf              18.423  0.144  18.503
getSampleInfo        17.567  0.116  17.651
subMaf               17.083  0.040  17.086
* checking for unstated dependencies in vignettes ... OK
* checking package vignettes in ‘inst/doc’ ... OK
* checking running R code from vignettes ...
  ‘MesKit.Rmd’ using ‘UTF-8’... OK
 NONE
* checking re-building of vignette outputs ... OK
* checking PDF version of manual ... OK
* DONE

Status: 1 WARNING, 2 NOTEs
See
  ‘/home/biocbuild/bbs-3.17-bioc/meat/MesKit.Rcheck/00check.log’
for details.



Installation output

MesKit.Rcheck/00install.out

##############################################################################
##############################################################################
###
### Running command:
###
###   /home/biocbuild/bbs-3.17-bioc/R/bin/R CMD INSTALL MesKit
###
##############################################################################
##############################################################################


* installing to library ‘/home/biocbuild/bbs-3.17-bioc/R/site-library’
* installing *source* package ‘MesKit’ ...
** using staged installation
** R
** inst
** byte-compile and prepare package for lazy loading
Warning: replacing previous import ‘ape::degree’ by ‘circlize::degree’ when loading ‘MesKit’
Warning: replacing previous import ‘ape::where’ by ‘dplyr::where’ when loading ‘MesKit’
** help
*** installing help indices
** building package indices
** installing vignettes
** testing if installed package can be loaded from temporary location
Warning: replacing previous import ‘ape::degree’ by ‘circlize::degree’ when loading ‘MesKit’
Warning: replacing previous import ‘ape::where’ by ‘dplyr::where’ when loading ‘MesKit’
** testing if installed package can be loaded from final location
Warning: replacing previous import ‘ape::degree’ by ‘circlize::degree’ when loading ‘MesKit’
Warning: replacing previous import ‘ape::where’ by ‘dplyr::where’ when loading ‘MesKit’
** testing if installed package keeps a record of temporary installation path
* DONE (MesKit)

Tests output


Example timings

MesKit.Rcheck/MesKit-Ex.timings

nameusersystemelapsed
calFst70.880 0.72871.562
calJSI25.689 0.16425.805
calNeiDist22.963 0.09223.003
ccfAUC21.005 0.06921.023
classifyMut20.584 0.58021.117
cna2gene20.399 0.67520.865
compareCCF28.464 1.22829.640
compareTree25.265 0.14825.366
fitSignatures22.035 0.21222.207
getBinaryMatrix36.640 0.29136.875
getBootstrapValue36.598 0.20036.745
getBranchType36.332 0.25536.536
getCCFMatrix37.313 0.29237.550
getMafData19.853 0.03619.855
getMafPatient19.465 0.06419.494
getMafRef21.015 0.25321.235
getMutBranches41.881 0.26742.096
getNonSyn_vc18.630 0.09718.688
getPhyloTree39.043 0.24039.219
getPhyloTreePatient38.551 0.20038.702
getPhyloTreeRef39.398 0.26439.613
getPhyloTreeTsbLabel38.002 0.19638.260
getSampleInfo17.567 0.11617.651
getTree43.317 0.25243.517
getTreeMethod41.701 0.28041.934
mathScore20.361 0.20820.519
mutCluster21.092 0.41621.466
mutHeatmap23.504 0.08823.545
mutTrunkBranch22.313 0.26422.540
plotCNA3.1340.0243.059
plotMutProfile19.422 0.10419.481
plotMutSigProfile24.076 0.16424.203
plotPhyloTree20.984 0.12721.075
readMaf18.423 0.14418.503
readSegment0.5080.0160.467
runMesKit000
subMaf17.083 0.04017.086
testNeutral18.683 0.05218.684
triMatrix20.345 0.28420.592