Back to Multiple platform build/check report for BioC 3.17
ABCDEFGHIJKL[M]NOPQRSTUVWXYZ

This page was generated on 2022-12-06 11:06:12 -0500 (Tue, 06 Dec 2022).

HostnameOSArch (*)R versionInstalled pkgs
nebbiolo1Linux (Ubuntu 22.04.1 LTS)x86_64R Under development (unstable) (2022-11-30 r83393) -- "Unsuffered Consequences" 4277
palomino3Windows Server 2022 Datacenterx64R Under development (unstable) (2022-11-30 r83393 ucrt) -- "Unsuffered Consequences" 4193
merida1macOS 10.14.6 Mojavex86_64R Under development (unstable) (2022-11-30 r83393) -- "Unsuffered Consequences" 4236
Click on any hostname to see more info about the system (e.g. compilers)      (*) as reported by 'uname -p', except on Windows and Mac OS X

BUILD results for MIGSA on nebbiolo1


To the developers/maintainers of the MIGSA package:
- Please allow up to 24 hours (and sometimes 48 hours) for your latest push to git@git.bioconductor.org:packages/MIGSA.git to
reflect on this report. See How and When does the builder pull? When will my changes propagate? for more information.
- Make sure to use the following settings in order to reproduce any error or warning you see on this page.

raw results

Package 1185/2155HostnameOS / ArchINSTALLBUILDCHECKBUILD BIN
MIGSA 1.23.0  (landing page)
Juan C. Rodriguez
Snapshot Date: 2022-12-05 14:00:11 -0500 (Mon, 05 Dec 2022)
git_url: https://git.bioconductor.org/packages/MIGSA
git_branch: master
git_last_commit: 1cc82b6
git_last_commit_date: 2022-11-01 11:15:16 -0500 (Tue, 01 Nov 2022)
nebbiolo1Linux (Ubuntu 22.04.1 LTS) / x86_64  OK    ERROR  skipped
palomino3Windows Server 2022 Datacenter / x64  OK    ERROR  skippedskipped
merida1macOS 10.14.6 Mojave / x86_64  OK    ERROR  skippedskipped

Summary

Package: MIGSA
Version: 1.23.0
Command: /home/biocbuild/bbs-3.17-bioc/R/bin/R CMD build --keep-empty-dirs --no-resave-data MIGSA
StartedAt: 2022-12-05 16:59:38 -0500 (Mon, 05 Dec 2022)
EndedAt: 2022-12-05 17:00:21 -0500 (Mon, 05 Dec 2022)
EllapsedTime: 43.1 seconds
RetCode: 1
Status:   ERROR  
PackageFile: None
PackageFileSize: NA

Command output

##############################################################################
##############################################################################
###
### Running command:
###
###   /home/biocbuild/bbs-3.17-bioc/R/bin/R CMD build --keep-empty-dirs --no-resave-data MIGSA
###
##############################################################################
##############################################################################


* checking for file ‘MIGSA/DESCRIPTION’ ... OK
* preparing ‘MIGSA’:
* checking DESCRIPTION meta-information ... OK
* installing the package to build vignettes
* creating vignettes ... ERROR
--- re-building ‘MIGSA.Rnw’ using Sweave
Loading required package: BiocGenerics

Attaching package: ‘BiocGenerics’

The following objects are masked from ‘package:stats’:

    IQR, mad, sd, var, xtabs

The following objects are masked from ‘package:base’:

    Filter, Find, Map, Position, Reduce, anyDuplicated, aperm, append,
    as.data.frame, basename, cbind, colnames, dirname, do.call,
    duplicated, eval, evalq, get, grep, grepl, intersect, is.unsorted,
    lapply, mapply, match, mget, order, paste, pmax, pmax.int, pmin,
    pmin.int, rank, rbind, rownames, sapply, setdiff, sort, table,
    tapply, union, unique, unsplit, which.max, which.min

Loading required package: Biobase
Welcome to Bioconductor

    Vignettes contain introductory material; view with
    'browseVignettes()'. To cite Bioconductor, see
    'citation("Biobase")', and for packages 'citation("pkgname")'.

Loading required package: annotate
Loading required package: AnnotationDbi
Loading required package: stats4
Loading required package: IRanges
Loading required package: S4Vectors

Attaching package: ‘S4Vectors’

The following objects are masked from ‘package:base’:

    I, expand.grid, unname

Loading required package: XML
Loading required package: graph

Attaching package: ‘graph’

The following object is masked from ‘package:XML’:

    addNode


Error: processing vignette 'MIGSA.Rnw' failed with diagnostics:
 chunk 4 (label = Speedup1) 
Error in library(mGSZ) : there is no package called ‘mGSZ’

--- failed re-building ‘MIGSA.Rnw’

--- re-building ‘gettingPbcmcData.Rnw’ using Sweave
--- finished re-building ‘gettingPbcmcData.Rnw’

--- re-building ‘gettingTcgaData.Rnw’ using Sweave
--- finished re-building ‘gettingTcgaData.Rnw’

SUMMARY: processing the following file failed:
  ‘MIGSA.Rnw’

Error: Vignette re-building failed.
Execution halted