Back to Multiple platform build/check report for BioC 3.17
ABCDEFGHIJKL[M]NOPQRSTUVWXYZ

This page was generated on 2023-02-01 11:05:48 -0500 (Wed, 01 Feb 2023).

HostnameOSArch (*)R versionInstalled pkgs
nebbiolo1Linux (Ubuntu 22.04.1 LTS)x86_64R Under development (unstable) (2023-01-10 r83596) -- "Unsuffered Consequences" 4483
palomino3Windows Server 2022 Datacenterx64R Under development (unstable) (2023-01-10 r83596 ucrt) -- "Unsuffered Consequences" 4249
merida1macOS 10.14.6 Mojavex86_64R Under development (unstable) (2023-01-10 r83596) -- "Unsuffered Consequences" 4272
Click on any hostname to see more info about the system (e.g. compilers)      (*) as reported by 'uname -p', except on Windows and Mac OS X

CHECK results for MANOR on nebbiolo1


To the developers/maintainers of the MANOR package:
- Please allow up to 24 hours (and sometimes 48 hours) for your latest push to git@git.bioconductor.org:packages/MANOR.git to
reflect on this report. See How and When does the builder pull? When will my changes propagate? for more information.
- Make sure to use the following settings in order to reproduce any error or warning you see on this page.

raw results

Package 1074/2164HostnameOS / ArchINSTALLBUILDCHECKBUILD BIN
MANOR 1.71.0  (landing page)
Pierre Neuvial
Snapshot Date: 2023-01-31 14:00:20 -0500 (Tue, 31 Jan 2023)
git_url: https://git.bioconductor.org/packages/MANOR
git_branch: master
git_last_commit: 4ffa804
git_last_commit_date: 2022-11-01 10:40:13 -0500 (Tue, 01 Nov 2022)
nebbiolo1Linux (Ubuntu 22.04.1 LTS) / x86_64  OK    OK    WARNINGS  UNNEEDED, same version is already published
palomino3Windows Server 2022 Datacenter / x64  OK    OK    WARNINGS    OK  UNNEEDED, same version is already published
merida1macOS 10.14.6 Mojave / x86_64  OK    OK    WARNINGS    OK  UNNEEDED, same version is already published

Summary

Package: MANOR
Version: 1.71.0
Command: /home/biocbuild/bbs-3.17-bioc/R/bin/R CMD check --install=check:MANOR.install-out.txt --library=/home/biocbuild/bbs-3.17-bioc/R/library --timings MANOR_1.71.0.tar.gz
StartedAt: 2023-01-31 21:33:44 -0500 (Tue, 31 Jan 2023)
EndedAt: 2023-01-31 21:34:51 -0500 (Tue, 31 Jan 2023)
EllapsedTime: 66.5 seconds
RetCode: 0
Status:   WARNINGS  
CheckDir: MANOR.Rcheck
Warnings: 3

Command output

##############################################################################
##############################################################################
###
### Running command:
###
###   /home/biocbuild/bbs-3.17-bioc/R/bin/R CMD check --install=check:MANOR.install-out.txt --library=/home/biocbuild/bbs-3.17-bioc/R/library --timings MANOR_1.71.0.tar.gz
###
##############################################################################
##############################################################################


* using log directory ‘/home/biocbuild/bbs-3.17-bioc/meat/MANOR.Rcheck’
* using R Under development (unstable) (2023-01-10 r83596)
* using platform: x86_64-pc-linux-gnu (64-bit)
* R was compiled by
    gcc (Ubuntu 11.3.0-1ubuntu1~22.04) 11.3.0
    GNU Fortran (Ubuntu 11.3.0-1ubuntu1~22.04) 11.3.0
* running under: Ubuntu 22.04.1 LTS
* using session charset: UTF-8
* checking for file ‘MANOR/DESCRIPTION’ ... OK
* this is package ‘MANOR’ version ‘1.71.0’
* package encoding: UTF-8
* checking package namespace information ... OK
* checking package dependencies ... OK
* checking if this is a source package ... OK
* checking if there is a namespace ... OK
* checking for hidden files and directories ... OK
* checking for portable file names ... OK
* checking for sufficient/correct file permissions ... OK
* checking whether package ‘MANOR’ can be installed ... WARNING
Found the following significant warnings:
  /usr/include/x86_64-linux-gnu/bits/string_fortified.h:95:10: warning: ‘__builtin_strncpy’ output may be truncated copying 100 bytes from a string of length 100 [-Wstringop-truncation]
See ‘/home/biocbuild/bbs-3.17-bioc/meat/MANOR.Rcheck/00install.out’ for details.
* used C compiler: ‘gcc (Ubuntu 11.3.0-1ubuntu1~22.04) 11.3.0’
* checking installed package size ... OK
* checking package directory ... OK
* checking ‘build’ directory ... OK
* checking DESCRIPTION meta-information ... OK
* checking top-level files ... OK
* checking for left-over files ... OK
* checking index information ... OK
* checking package subdirectories ... OK
* checking R files for non-ASCII characters ... OK
* checking R files for syntax errors ... OK
* checking whether the package can be loaded ... OK
* checking whether the package can be loaded with stated dependencies ... OK
* checking whether the package can be unloaded cleanly ... OK
* checking whether the namespace can be loaded with stated dependencies ... OK
* checking whether the namespace can be unloaded cleanly ... OK
* checking dependencies in R code ... OK
* checking S3 generic/method consistency ... OK
* checking replacement functions ... OK
* checking foreign function calls ... OK
* checking R code for possible problems ... OK
* checking Rd files ... WARNING
checkRd: (7) detectSB.Rd:47: Invalid email address: Philippe.Hupe@.curie.fr
checkRd: (-1) flag.summary.Rd:33: Escaped LaTeX specials: \$
checkRd: (-1) flag.summary.Rd:35: Escaped LaTeX specials: \$
checkRd: (-1) genome.plot.Rd:14: Escaped LaTeX specials: \$
checkRd: (-1) report.plot.Rd:22: Escaped LaTeX specials: \$
checkRd: (-1) report.plot.Rd:29: Escaped LaTeX specials: \$
* checking Rd metadata ... OK
* checking Rd cross-references ... OK
* checking for missing documentation entries ... OK
* checking for code/documentation mismatches ... OK
* checking Rd \usage sections ... OK
* checking Rd contents ... OK
* checking for unstated dependencies in examples ... OK
* checking contents of ‘data’ directory ... OK
* checking data for non-ASCII characters ... OK
* checking data for ASCII and uncompressed saves ... OK
* checking line endings in C/C++/Fortran sources/headers ... OK
* checking compiled code ... WARNING
Note: information on .o files is not available
File ‘/home/biocbuild/bbs-3.17-bioc/R/library/MANOR/libs/MANOR.so’:
  Found ‘__sprintf_chk’, possibly from ‘sprintf’ (C)

Compiled code should not call entry points which might terminate R nor
write to stdout/stderr instead of to the console, nor use Fortran I/O
nor system RNGs nor [v]sprintf. The detected symbols are linked into
the code but might come from libraries and not actually be called.

See ‘Writing portable packages’ in the ‘Writing R Extensions’ manual.
* checking files in ‘vignettes’ ... OK
* checking examples ... OK
* checking for unstated dependencies in vignettes ... OK
* checking package vignettes in ‘inst/doc’ ... OK
* checking running R code from vignettes ...
  ‘MANOR.Rmd’ using ‘UTF-8’... OK
 NONE
* checking re-building of vignette outputs ... OK
* checking PDF version of manual ... OK
* DONE

Status: 3 WARNINGs
See
  ‘/home/biocbuild/bbs-3.17-bioc/meat/MANOR.Rcheck/00check.log’
for details.



Installation output

MANOR.Rcheck/00install.out

##############################################################################
##############################################################################
###
### Running command:
###
###   /home/biocbuild/bbs-3.17-bioc/R/bin/R CMD INSTALL MANOR
###
##############################################################################
##############################################################################


* installing to library ‘/home/biocbuild/bbs-3.17-bioc/R/library’
* installing *source* package ‘MANOR’ ...
** using staged installation
** libs
using C compiler: ‘gcc (Ubuntu 11.3.0-1ubuntu1~22.04) 11.3.0’
gcc -I"/home/biocbuild/bbs-3.17-bioc/R/include" -DNDEBUG   -I/usr/local/include    -fpic  -g -O2  -Wall -c Rnem_arg.c -o Rnem_arg.o
gcc -I"/home/biocbuild/bbs-3.17-bioc/R/include" -DNDEBUG   -I/usr/local/include    -fpic  -g -O2  -Wall -c Rnem_exe.c -o Rnem_exe.o
gcc -I"/home/biocbuild/bbs-3.17-bioc/R/include" -DNDEBUG   -I/usr/local/include    -fpic  -g -O2  -Wall -c exememo.c -o exememo.o
In file included from /home/biocbuild/bbs-3.17-bioc/R/include/R.h:73,
                 from exememo.c:20:
exememo.c: In function ‘GenAlloc’:
/home/biocbuild/bbs-3.17-bioc/R/include/R_ext/Error.h:64:15: warning: ‘msg’ may be used uninitialized [-Wmaybe-uninitialized]
   64 | #define error Rf_error
      |               ^~~~~~~~
exememo.c:39:11: note: ‘msg’ was declared here
   39 |     char* msg;
      |           ^~~
gcc -I"/home/biocbuild/bbs-3.17-bioc/R/include" -DNDEBUG   -I/usr/local/include    -fpic  -g -O2  -Wall -c nem_alg.c -o nem_alg.o
In file included from /usr/include/string.h:535,
                 from nem_alg.c:72:
In function ‘strncpy’,
    inlined from ‘ClassifyByNemHeuBeta’ at nem_alg.c:801:7,
    inlined from ‘ClassifyByNem’ at nem_alg.c:578:13:
/usr/include/x86_64-linux-gnu/bits/string_fortified.h:95:10: warning: ‘__builtin_strncpy’ output may be truncated copying 100 bytes from a string of length 100 [-Wstringop-truncation]
   95 |   return __builtin___strncpy_chk (__dest, __src, __len,
      |          ^~~~~~~~~~~~~~~~~~~~~~~~~~~~~~~~~~~~~~~~~~~~~~
   96 |                                   __glibc_objsize (__dest));
      |                                   ~~~~~~~~~~~~~~~~~~~~~~~~~
gcc -I"/home/biocbuild/bbs-3.17-bioc/R/include" -DNDEBUG   -I/usr/local/include    -fpic  -g -O2  -Wall -c nem_hlp.c -o nem_hlp.o
gcc -I"/home/biocbuild/bbs-3.17-bioc/R/include" -DNDEBUG   -I/usr/local/include    -fpic  -g -O2  -Wall -c nem_mod.c -o nem_mod.o
gcc -I"/home/biocbuild/bbs-3.17-bioc/R/include" -DNDEBUG   -I/usr/local/include    -fpic  -g -O2  -Wall -c nem_nei.c -o nem_nei.o
gcc -I"/home/biocbuild/bbs-3.17-bioc/R/include" -DNDEBUG   -I/usr/local/include    -fpic  -g -O2  -Wall -c nem_rnd.c -o nem_rnd.o
gcc -I"/home/biocbuild/bbs-3.17-bioc/R/include" -DNDEBUG   -I/usr/local/include    -fpic  -g -O2  -Wall -c nem_ver.c -o nem_ver.o
gcc -I"/home/biocbuild/bbs-3.17-bioc/R/include" -DNDEBUG   -I/usr/local/include    -fpic  -g -O2  -Wall -c registerDynamicSymbols.c -o registerDynamicSymbols.o
gcc -shared -L/home/biocbuild/bbs-3.17-bioc/R/lib -L/usr/local/lib -o MANOR.so Rnem_arg.o Rnem_exe.o exememo.o nem_alg.o nem_hlp.o nem_mod.o nem_nei.o nem_rnd.o nem_ver.o registerDynamicSymbols.o -L/home/biocbuild/bbs-3.17-bioc/R/lib -lR
installing to /home/biocbuild/bbs-3.17-bioc/R/library/00LOCK-MANOR/00new/MANOR/libs
** R
** data
** inst
** byte-compile and prepare package for lazy loading
** help
*** installing help indices
** building package indices
** installing vignettes
** testing if installed package can be loaded from temporary location
** checking absolute paths in shared objects and dynamic libraries
** testing if installed package can be loaded from final location
** testing if installed package keeps a record of temporary installation path
* DONE (MANOR)

Tests output


Example timings

MANOR.Rcheck/MANOR-Ex.timings

nameusersystemelapsed
arrayTrend0.2870.0360.323
detectSB0.3090.0190.328
flag.arrayCGH0.8780.0280.906
flag.summary0.0910.0010.091
flags0.0840.0070.092
genome.plot0.3280.0030.333
import0.1520.0000.152
nem0.9840.0040.988
norm3.2790.0363.316
qscore.arrayCGH0.0750.0120.088
qscore.summary0.3260.0040.331
qscores0.3350.0040.339
report.plot0.9750.0040.979
sort0.3270.0040.331
spatial0.2680.0080.275
to.flag0.4020.0120.414