Back to Multiple platform build/check report for BioC 3.19:   simplified   long
ABCDEFGH[I]JKLMNOPQRSTUVWXYZ

This page was generated on 2024-03-28 11:40:52 -0400 (Thu, 28 Mar 2024).

HostnameOSArch (*)R versionInstalled pkgs
nebbiolo1Linux (Ubuntu 22.04.3 LTS)x86_64R Under development (unstable) (2024-03-18 r86148) -- "Unsuffered Consequences" 4708
palomino3Windows Server 2022 Datacenterx64R Under development (unstable) (2024-03-16 r86144 ucrt) -- "Unsuffered Consequences" 4446
lconwaymacOS 12.7.1 Montereyx86_64R Under development (unstable) (2024-03-18 r86148) -- "Unsuffered Consequences" 4471
kunpeng2Linux (openEuler 22.03 LTS-SP1)aarch64R Under development (unstable) (2024-03-19 r86153) -- "Unsuffered Consequences" 4426
Click on any hostname to see more info about the system (e.g. compilers)      (*) as reported by 'uname -p', except on Windows and Mac OS X

Package 1048/2270HostnameOS / ArchINSTALLBUILDCHECKBUILD BIN
IRISFGM 1.11.1  (landing page)
Yuzhou Chang
Snapshot Date: 2024-03-27 14:00:18 -0400 (Wed, 27 Mar 2024)
git_url: https://git.bioconductor.org/packages/IRISFGM
git_branch: devel
git_last_commit: e63c932
git_last_commit_date: 2024-01-12 08:38:28 -0400 (Fri, 12 Jan 2024)
nebbiolo1Linux (Ubuntu 22.04.3 LTS) / x86_64  OK    ERROR  skipped
palomino3Windows Server 2022 Datacenter / x64  OK    ERROR  skippedskipped
lconwaymacOS 12.7.1 Monterey / x86_64  OK    ERROR  skippedskipped
kunpeng2Linux (openEuler 22.03 LTS-SP1) / aarch64  OK    ERROR  skipped

BUILD results for IRISFGM on kunpeng2


To the developers/maintainers of the IRISFGM package:
- Allow up to 24 hours (and sometimes 48 hours) for your latest push to git@git.bioconductor.org:packages/IRISFGM.git to reflect on this report. See Troubleshooting Build Report for more information.
- Use the following Renviron settings to reproduce errors and warnings.
- If 'R CMD check' started to fail recently on the Linux builder(s) over a missing dependency, add the missing dependency to 'Suggests:' in your DESCRIPTION file. See Renviron.bioc for more information.
- See Martin Grigorov's blog post for how to debug Linux ARM64 related issues on a x86_64 host.

raw results


Summary

Package: IRISFGM
Version: 1.11.1
Command: /home/biocbuild/R/R-4.4-devel-2024.03.20/bin/R CMD build --keep-empty-dirs --no-resave-data IRISFGM
StartedAt: 2024-03-27 23:19:19 -0000 (Wed, 27 Mar 2024)
EndedAt: 2024-03-27 23:22:03 -0000 (Wed, 27 Mar 2024)
EllapsedTime: 163.2 seconds
RetCode: 1
Status:   ERROR  
PackageFile: None
PackageFileSize: NA

Command output

##############################################################################
##############################################################################
###
### Running command:
###
###   /home/biocbuild/R/R-4.4-devel-2024.03.20/bin/R CMD build --keep-empty-dirs --no-resave-data IRISFGM
###
##############################################################################
##############################################################################


* checking for file ‘IRISFGM/DESCRIPTION’ ... OK
* preparing ‘IRISFGM’:
* checking DESCRIPTION meta-information ... OK
* cleaning src
* installing the package to build vignettes
* creating vignettes ... ERROR
--- re-building ‘IRISFGM_Rpackage.Rmd’ using rmarkdown
Calculating gene variances
0%   10   20   30   40   50   60   70   80   90   100%
[----|----|----|----|----|----|----|----|----|----|
**************************************************|
Calculating feature variances of standardized and clipped values
0%   10   20   30   40   50   60   70   80   90   100%
[----|----|----|----|----|----|----|----|----|----|
**************************************************|

Quitting from lines 231-234 [Run_dimReduce] (IRISFGM_Rpackage.Rmd)
Error: processing vignette 'IRISFGM_Rpackage.Rmd' failed with diagnostics:
No layer matching pattern 'data' found. Please run NormalizeData and retry
--- failed re-building ‘IRISFGM_Rpackage.Rmd’

SUMMARY: processing the following file failed:
  ‘IRISFGM_Rpackage.Rmd’

Error: Vignette re-building failed.
Execution halted