Back to Multiple platform build/check report for BioC 3.15
ABCDEF[G]HIJKLMNOPQRSTUVWXYZ

This page was generated on 2022-01-22 11:10:23 -0500 (Sat, 22 Jan 2022).

HostnameOSArch (*)R versionInstalled pkgs
nebbiolo1Linux (Ubuntu 20.04.4 LTS)x86_64R Under development (unstable) (2022-01-05 r81451) -- "Unsuffered Consequences" 4163
riesling1Windows Server 2019 Standardx64R Under development (unstable) (2021-11-21 r81221) -- "Unsuffered Consequences" 4058
palomino3Windows Server 2022 Datacenterx64R Under development (unstable) (2021-12-21 r81400 ucrt) -- "Unsuffered Consequences" 4000
merida1macOS 10.14.6 Mojavex86_64R Under development (unstable) (2022-01-05 r81451) -- "Unsuffered Consequences" 4117
Click on any hostname to see more info about the system (e.g. compilers)      (*) as reported by 'uname -p', except on Windows and Mac OS X

CHECK results for GmicR on merida1


To the developers/maintainers of the GmicR package:
- Please allow up to 24 hours (and sometimes 48 hours) for your latest push to git@git.bioconductor.org:packages/GmicR.git to
reflect on this report. See How and When does the builder pull? When will my changes propagate? here for more information.
- Make sure to use the following settings in order to reproduce any error or warning you see on this page.

raw results

Package 792/2075HostnameOS / ArchINSTALLBUILDCHECKBUILD BIN
GmicR 1.9.0  (landing page)
Richard Virgen-Slane
Snapshot Date: 2022-01-21 13:55:18 -0500 (Fri, 21 Jan 2022)
git_url: https://git.bioconductor.org/packages/GmicR
git_branch: master
git_last_commit: 9099ed0
git_last_commit_date: 2021-10-26 12:54:44 -0500 (Tue, 26 Oct 2021)
nebbiolo1Linux (Ubuntu 20.04.4 LTS) / x86_64  OK    OK    WARNINGS  UNNEEDED, same version is already published
riesling1Windows Server 2019 Standard / x64  OK    OK    NA    NA  
palomino3Windows Server 2022 Datacenter / x64  OK    OK    WARNINGS    OK  NO, package depends on 'AnnotationDbi' which is not available
merida1macOS 10.14.6 Mojave / x86_64  OK    OK    WARNINGS    OK  UNNEEDED, same version is already published

Summary

Package: GmicR
Version: 1.9.0
Command: /Library/Frameworks/R.framework/Resources/bin/R CMD check --install=check:GmicR.install-out.txt --library=/Library/Frameworks/R.framework/Resources/library --no-vignettes --timings GmicR_1.9.0.tar.gz
StartedAt: 2022-01-22 01:23:22 -0500 (Sat, 22 Jan 2022)
EndedAt: 2022-01-22 01:53:33 -0500 (Sat, 22 Jan 2022)
EllapsedTime: 1811.5 seconds
RetCode: 0
Status:   WARNINGS  
CheckDir: GmicR.Rcheck
Warnings: 1

Command output

##############################################################################
##############################################################################
###
### Running command:
###
###   /Library/Frameworks/R.framework/Resources/bin/R CMD check --install=check:GmicR.install-out.txt --library=/Library/Frameworks/R.framework/Resources/library --no-vignettes --timings GmicR_1.9.0.tar.gz
###
##############################################################################
##############################################################################


* using log directory ‘/Users/biocbuild/bbs-3.15-bioc/meat/GmicR.Rcheck’
* using R Under development (unstable) (2022-01-05 r81451)
* using platform: x86_64-apple-darwin17.0 (64-bit)
* using session charset: UTF-8
* using option ‘--no-vignettes’
* checking for file ‘GmicR/DESCRIPTION’ ... OK
* checking extension type ... Package
* this is package ‘GmicR’ version ‘1.9.0’
* package encoding: UTF-8
* checking package namespace information ... OK
* checking package dependencies ... OK
* checking if this is a source package ... OK
* checking if there is a namespace ... OK
* checking for hidden files and directories ... NOTE
Found the following hidden files and directories:
  .git_fetch_output.txt
  .git_merge_output.txt
These were most likely included in error. See section ‘Package
structure’ in the ‘Writing R Extensions’ manual.
* checking for portable file names ... OK
* checking for sufficient/correct file permissions ... OK
* checking whether package ‘GmicR’ can be installed ... WARNING
Found the following significant warnings:
  Warning: replacing previous import ‘ape::degree’ by ‘bnlearn::degree’ when loading ‘GmicR’
See ‘/Users/biocbuild/bbs-3.15-bioc/meat/GmicR.Rcheck/00install.out’ for details.
* checking installed package size ... OK
* checking package directory ... OK
* checking ‘build’ directory ... OK
* checking DESCRIPTION meta-information ... NOTE
License components with restrictions not permitted:
  GPL-2 + file LICENSE
* checking top-level files ... OK
* checking for left-over files ... OK
* checking index information ... OK
* checking package subdirectories ... OK
* checking R files for non-ASCII characters ... OK
* checking R files for syntax errors ... OK
* checking whether the package can be loaded ... OK
* checking whether the package can be loaded with stated dependencies ... OK
* checking whether the package can be unloaded cleanly ... OK
* checking whether the namespace can be loaded with stated dependencies ... OK
* checking whether the namespace can be unloaded cleanly ... OK
* checking dependencies in R code ... NOTE
Namespace in Imports field not imported from: ‘data.table’
  All declared Imports should be used.
* checking S3 generic/method consistency ... OK
* checking replacement functions ... OK
* checking foreign function calls ... OK
* checking R code for possible problems ... NOTE
GSEAGO_Builder: no visible binding for global variable ‘ex’
Undefined global functions or variables:
  ex
* checking Rd files ... OK
* checking Rd metadata ... OK
* checking Rd cross-references ... OK
* checking for missing documentation entries ... OK
* checking for code/documentation mismatches ... OK
* checking Rd \usage sections ... OK
* checking Rd contents ... OK
* checking for unstated dependencies in examples ... OK
* checking files in ‘vignettes’ ... OK
* checking examples ... OK
Examples with CPU (user + system) or elapsed time > 5s
                  user system  elapsed
GSEAGO_Builder 101.383 23.265 1237.814
Auto_WGCNA      14.030  0.239   14.237
InverseARCs     12.282  0.064   12.364
bn_tabu_gen      0.067  0.007  272.890
* checking for unstated dependencies in vignettes ... OK
* checking package vignettes in ‘inst/doc’ ... OK
* checking running R code from vignettes ... SKIPPED
* checking re-building of vignette outputs ... SKIPPED
* checking PDF version of manual ... OK
* DONE

Status: 1 WARNING, 4 NOTEs
See
  ‘/Users/biocbuild/bbs-3.15-bioc/meat/GmicR.Rcheck/00check.log’
for details.



Installation output

GmicR.Rcheck/00install.out

##############################################################################
##############################################################################
###
### Running command:
###
###   /Library/Frameworks/R.framework/Resources/bin/R CMD INSTALL GmicR
###
##############################################################################
##############################################################################


* installing to library ‘/Library/Frameworks/R.framework/Versions/4.2/Resources/library’
* installing *source* package ‘GmicR’ ...
** using staged installation
** R
** inst
** byte-compile and prepare package for lazy loading
Warning: replacing previous import ‘ape::degree’ by ‘bnlearn::degree’ when loading ‘GmicR’
** help
*** installing help indices
** building package indices
** installing vignettes
** testing if installed package can be loaded from temporary location
Warning: replacing previous import ‘ape::degree’ by ‘bnlearn::degree’ when loading ‘GmicR’
** testing if installed package can be loaded from final location
Warning: replacing previous import ‘ape::degree’ by ‘bnlearn::degree’ when loading ‘GmicR’
** testing if installed package keeps a record of temporary installation path
* DONE (GmicR)

Tests output


Example timings

GmicR.Rcheck/GmicR-Ex.timings

nameusersystemelapsed
Auto_WGCNA14.030 0.23914.237
Data_Prep0.3530.0310.387
GO_Module_NameR0.0520.0010.055
GSEAGO_Builder 101.383 23.2651237.814
Gmic_viz0.0440.0010.046
InverseARCs12.282 0.06412.364
Query_Prep0.3540.0270.358
bn_tabu_gen 0.067 0.007272.890
xCell_loader0.0320.0050.037