Back to Multiple platform build/check report for BioC 3.17: simplified long |
|
This page was generated on 2023-03-24 11:06:48 -0400 (Fri, 24 Mar 2023).
Hostname | OS | Arch (*) | R version | Installed pkgs |
---|---|---|---|---|
nebbiolo1 | Linux (Ubuntu 22.04.1 LTS) | x86_64 | R Under development (unstable) (2023-03-16 r83996) -- "Unsuffered Consequences" | 4546 |
palomino3 | Windows Server 2022 Datacenter | x64 | R Under development (unstable) (2023-03-15 r83984 ucrt) -- "Unsuffered Consequences" | 4307 |
merida1 | macOS 10.14.6 Mojave | x86_64 | R Under development (unstable) (2023-03-16 r83985) -- "Unsuffered Consequences" | 4299 |
Click on any hostname to see more info about the system (e.g. compilers) (*) as reported by 'uname -p', except on Windows and Mac OS X |
To the developers/maintainers of the GenomeInfoDb package: - Please allow up to 24 hours (and sometimes 48 hours) for your latest push to git@git.bioconductor.org:packages/GenomeInfoDb.git to reflect on this report. See How and When does the builder pull? When will my changes propagate? for more information. - Make sure to use the following settings in order to reproduce any error or warning you see on this page. |
Package 786/2195 | Hostname | OS / Arch | INSTALL | BUILD | CHECK | BUILD BIN | ||||||||
GenomeInfoDb 1.35.16 (landing page) Hervé Pagès
| nebbiolo1 | Linux (Ubuntu 22.04.1 LTS) / x86_64 | OK | OK | WARNINGS | ![]() | ||||||||
palomino3 | Windows Server 2022 Datacenter / x64 | OK | OK | WARNINGS | OK | ![]() | ||||||||
merida1 | macOS 10.14.6 Mojave / x86_64 | OK | OK | WARNINGS | OK | ![]() | ||||||||
Package: GenomeInfoDb |
Version: 1.35.16 |
Command: /Library/Frameworks/R.framework/Resources/bin/R CMD check --install=check:GenomeInfoDb.install-out.txt --library=/Library/Frameworks/R.framework/Resources/library --no-vignettes --timings GenomeInfoDb_1.35.16.tar.gz |
StartedAt: 2023-03-24 01:44:50 -0400 (Fri, 24 Mar 2023) |
EndedAt: 2023-03-24 02:08:58 -0400 (Fri, 24 Mar 2023) |
EllapsedTime: 1447.9 seconds |
RetCode: 0 |
Status: WARNINGS |
CheckDir: GenomeInfoDb.Rcheck |
Warnings: 1 |
############################################################################## ############################################################################## ### ### Running command: ### ### /Library/Frameworks/R.framework/Resources/bin/R CMD check --install=check:GenomeInfoDb.install-out.txt --library=/Library/Frameworks/R.framework/Resources/library --no-vignettes --timings GenomeInfoDb_1.35.16.tar.gz ### ############################################################################## ############################################################################## * using log directory ‘/Users/biocbuild/bbs-3.17-bioc/meat/GenomeInfoDb.Rcheck’ * using R Under development (unstable) (2023-03-16 r83985) * using platform: x86_64-apple-darwin17.0 (64-bit) * R was compiled by Apple clang version 12.0.0 (clang-1200.0.32.29) GNU Fortran (GCC) 8.2.0 * running under: macOS Mojave 10.14.6 * using session charset: UTF-8 * using option ‘--no-vignettes’ * checking for file ‘GenomeInfoDb/DESCRIPTION’ ... OK * this is package ‘GenomeInfoDb’ version ‘1.35.16’ * package encoding: UTF-8 * checking package namespace information ... OK * checking package dependencies ... OK * checking if this is a source package ... OK * checking if there is a namespace ... OK * checking for hidden files and directories ... OK * checking for portable file names ... OK * checking for sufficient/correct file permissions ... OK * checking whether package ‘GenomeInfoDb’ can be installed ... OK * checking installed package size ... NOTE installed size is 5.2Mb sub-directories of 1Mb or more: extdata 3.7Mb * checking package directory ... OK * checking ‘build’ directory ... OK * checking DESCRIPTION meta-information ... OK * checking top-level files ... OK * checking for left-over files ... OK * checking index information ... OK * checking package subdirectories ... NOTE Problems with news in ‘NEWS’: Cannot process chunk/lines: NEW FEATURES Cannot process chunk/lines: SIGNIFICANT USER-VISIBLE CHANGES * checking R files for non-ASCII characters ... OK * checking R files for syntax errors ... OK * checking whether the package can be loaded ... OK * checking whether the package can be loaded with stated dependencies ... OK * checking whether the package can be unloaded cleanly ... OK * checking whether the namespace can be loaded with stated dependencies ... OK * checking whether the namespace can be unloaded cleanly ... OK * checking startup messages can be suppressed ... OK * checking dependencies in R code ... NOTE Unexported object imported by a ':::' call: ‘utils:::.roman2numeric’ See the note in ?`:::` about the use of this operator. * checking S3 generic/method consistency ... OK * checking replacement functions ... OK * checking foreign function calls ... OK * checking R code for possible problems ... OK * checking Rd files ... WARNING checkRd: (5) GenomeDescription-class.Rd:53-58: \item in \describe must have non-empty label checkRd: (5) GenomeDescription-class.Rd:59-63: \item in \describe must have non-empty label checkRd: (5) GenomeDescription-class.Rd:64-70: \item in \describe must have non-empty label checkRd: (5) GenomeDescription-class.Rd:71-75: \item in \describe must have non-empty label checkRd: (5) GenomeDescription-class.Rd:76-79: \item in \describe must have non-empty label checkRd: (5) GenomeDescription-class.Rd:80-88: \item in \describe must have non-empty label checkRd: (5) Seqinfo-class.Rd:83-93: \item in \describe must have non-empty label checkRd: (5) Seqinfo-class.Rd:101-104: \item in \describe must have non-empty label checkRd: (5) Seqinfo-class.Rd:105-115: \item in \describe must have non-empty label checkRd: (5) Seqinfo-class.Rd:116-119: \item in \describe must have non-empty label checkRd: (5) Seqinfo-class.Rd:120-123: \item in \describe must have non-empty label checkRd: (5) Seqinfo-class.Rd:124-149: \item in \describe must have non-empty label checkRd: (5) Seqinfo-class.Rd:150-153: \item in \describe must have non-empty label checkRd: (5) Seqinfo-class.Rd:154-157: \item in \describe must have non-empty label checkRd: (5) Seqinfo-class.Rd:158-162: \item in \describe must have non-empty label checkRd: (5) Seqinfo-class.Rd:170-178: \item in \describe must have non-empty label checkRd: (5) Seqinfo-class.Rd:186-189: \item in \describe must have non-empty label checkRd: (5) Seqinfo-class.Rd:226-249: \item in \describe must have non-empty label checkRd: (5) Seqinfo-class.Rd:250-256: \item in \describe must have non-empty label checkRd: (5) Seqinfo-class.Rd:257-262: \item in \describe must have non-empty label * checking Rd metadata ... OK * checking Rd cross-references ... OK * checking for missing documentation entries ... OK * checking for code/documentation mismatches ... OK * checking Rd \usage sections ... OK * checking Rd contents ... OK * checking for unstated dependencies in examples ... OK * checking sizes of PDF files under ‘inst/doc’ ... OK * checking files in ‘vignettes’ ... OK * checking examples ... OK Examples with CPU (user + system) or elapsed time > 5s user system elapsed loadTaxonomyDb 14.775 0.303 19.885 GenomeDescription-class 13.866 0.488 19.167 seqinfo 9.720 0.522 13.518 seqlevelsStyle 7.332 0.330 12.374 seqlevels-wrappers 6.791 0.218 9.506 getChromInfoFromUCSC 3.727 0.818 6.602 getChromInfoFromEnsembl 0.956 0.138 34.429 * checking for unstated dependencies in ‘tests’ ... OK * checking tests ... Running ‘run_unitTests.R’ OK * checking for unstated dependencies in vignettes ... OK * checking package vignettes in ‘inst/doc’ ... OK * checking running R code from vignettes ... SKIPPED * checking re-building of vignette outputs ... SKIPPED * checking PDF version of manual ... OK * DONE Status: 1 WARNING, 3 NOTEs See ‘/Users/biocbuild/bbs-3.17-bioc/meat/GenomeInfoDb.Rcheck/00check.log’ for details.
GenomeInfoDb.Rcheck/00install.out
############################################################################## ############################################################################## ### ### Running command: ### ### /Library/Frameworks/R.framework/Resources/bin/R CMD INSTALL GenomeInfoDb ### ############################################################################## ############################################################################## * installing to library ‘/Library/Frameworks/R.framework/Versions/4.3/Resources/library’ * installing *source* package ‘GenomeInfoDb’ ... ** using staged installation ** R ** inst ** byte-compile and prepare package for lazy loading ** help *** installing help indices ** building package indices ** installing vignettes ** testing if installed package can be loaded from temporary location ** testing if installed package can be loaded from final location ** testing if installed package keeps a record of temporary installation path * DONE (GenomeInfoDb)
GenomeInfoDb.Rcheck/tests/run_unitTests.Rout
R Under development (unstable) (2023-03-16 r83985) -- "Unsuffered Consequences" Copyright (C) 2023 The R Foundation for Statistical Computing Platform: x86_64-apple-darwin17.0 (64-bit) R is free software and comes with ABSOLUTELY NO WARRANTY. You are welcome to redistribute it under certain conditions. Type 'license()' or 'licence()' for distribution details. R is a collaborative project with many contributors. Type 'contributors()' for more information and 'citation()' on how to cite R or R packages in publications. Type 'demo()' for some demos, 'help()' for on-line help, or 'help.start()' for an HTML browser interface to help. Type 'q()' to quit R. > require("GenomeInfoDb") || stop("unable to load GenomeInfoDb package") Loading required package: GenomeInfoDb Loading required package: BiocGenerics Attaching package: 'BiocGenerics' The following objects are masked from 'package:stats': IQR, mad, sd, var, xtabs The following objects are masked from 'package:base': Filter, Find, Map, Position, Reduce, anyDuplicated, aperm, append, as.data.frame, basename, cbind, colnames, dirname, do.call, duplicated, eval, evalq, get, grep, grepl, intersect, is.unsorted, lapply, mapply, match, mget, order, paste, pmax, pmax.int, pmin, pmin.int, rank, rbind, rownames, sapply, setdiff, sort, table, tapply, union, unique, unsplit, which.max, which.min Loading required package: S4Vectors Loading required package: stats4 Attaching package: 'S4Vectors' The following objects are masked from 'package:base': I, expand.grid, unname Loading required package: IRanges [1] TRUE > GenomeInfoDb:::.test() RUNIT TEST PROTOCOL -- Fri Mar 24 02:08:42 2023 *********************************************** Number of test functions: 21 Number of errors: 0 Number of failures: 0 1 Test Suite : GenomeInfoDb RUnit Tests - 21 test functions, 0 errors, 0 failures Number of test functions: 21 Number of errors: 0 Number of failures: 0 There were 50 or more warnings (use warnings() to see the first 50) > > proc.time() user system elapsed 796.037 23.819 1150.480
GenomeInfoDb.Rcheck/GenomeInfoDb-Ex.timings
name | user | system | elapsed | |
GenomeDescription-class | 13.866 | 0.488 | 19.167 | |
NCBI-utils | 0.107 | 0.015 | 1.784 | |
Seqinfo-class | 0.488 | 0.039 | 0.634 | |
getChromInfoFromEnsembl | 0.956 | 0.138 | 34.429 | |
getChromInfoFromNCBI | 0.441 | 0.027 | 1.919 | |
getChromInfoFromUCSC | 3.727 | 0.818 | 6.602 | |
loadTaxonomyDb | 14.775 | 0.303 | 19.885 | |
mapGenomeBuilds | 0.082 | 0.009 | 0.123 | |
rankSeqlevels | 0.187 | 0.017 | 0.264 | |
seqinfo | 9.720 | 0.522 | 13.518 | |
seqlevels-wrappers | 6.791 | 0.218 | 9.506 | |
seqlevelsStyle | 7.332 | 0.330 | 12.374 | |