Back to Multiple platform build/check report for BioC 3.17
ABCDEF[G]HIJKLMNOPQRSTUVWXYZ

This page was generated on 2022-11-09 13:20:42 -0500 (Wed, 09 Nov 2022).

HostnameOSArch (*)R versionInstalled pkgs
nebbiolo1Linux (Ubuntu 20.04.5 LTS)x86_64R Under development (unstable) (2022-10-25 r83175) -- "Unsuffered Consequences" 4449
merida1macOS 10.14.6 Mojavex86_644.2.2 (2022-10-31) -- "Innocent and Trusting" 3992
Click on any hostname to see more info about the system (e.g. compilers)      (*) as reported by 'uname -p', except on Windows and Mac OS X

CHECK results for GSReg on merida1


To the developers/maintainers of the GSReg package:
- Please allow up to 24 hours (and sometimes 48 hours) for your latest push to git@git.bioconductor.org:packages/GSReg.git to
reflect on this report. See How and When does the builder pull? When will my changes propagate? for more information.
- Make sure to use the following settings in order to reproduce any error or warning you see on this page.

raw results

Package 860/2151HostnameOS / ArchINSTALLBUILDCHECKBUILD BIN
GSReg 1.33.0  (landing page)
Bahman Afsari , Elana J. Fertig
Snapshot Date: 2022-11-08 13:55:08 -0500 (Tue, 08 Nov 2022)
git_url: https://git.bioconductor.org/packages/GSReg
git_branch: master
git_last_commit: e000c8c
git_last_commit_date: 2022-11-01 11:09:57 -0500 (Tue, 01 Nov 2022)
nebbiolo1Linux (Ubuntu 20.04.5 LTS) / x86_64  OK    OK    WARNINGS  UNNEEDED, same version is already published
merida1macOS 10.14.6 Mojave / x86_64  OK    OK    WARNINGS    OK  NO, package depends on 'Homo.sapiens' which is not available

Summary

Package: GSReg
Version: 1.33.0
Command: /Library/Frameworks/R.framework/Resources/bin/R CMD check --install=check:GSReg.install-out.txt --library=/Library/Frameworks/R.framework/Resources/library --no-vignettes --timings GSReg_1.33.0.tar.gz
StartedAt: 2022-11-09 03:28:02 -0500 (Wed, 09 Nov 2022)
EndedAt: 2022-11-09 03:37:37 -0500 (Wed, 09 Nov 2022)
EllapsedTime: 575.6 seconds
RetCode: 0
Status:   WARNINGS  
CheckDir: GSReg.Rcheck
Warnings: 3

Command output

##############################################################################
##############################################################################
###
### Running command:
###
###   /Library/Frameworks/R.framework/Resources/bin/R CMD check --install=check:GSReg.install-out.txt --library=/Library/Frameworks/R.framework/Resources/library --no-vignettes --timings GSReg_1.33.0.tar.gz
###
##############################################################################
##############################################################################


* using log directory ‘/Users/biocbuild/bbs-3.17-bioc/meat/GSReg.Rcheck’
* using R version 4.2.2 (2022-10-31)
* using platform: x86_64-apple-darwin17.0 (64-bit)
* using session charset: UTF-8
* using option ‘--no-vignettes’
* checking for file ‘GSReg/DESCRIPTION’ ... OK
* this is package ‘GSReg’ version ‘1.33.0’
* checking package namespace information ... OK
* checking package dependencies ... OK
* checking if this is a source package ... OK
* checking if there is a namespace ... OK
* checking for hidden files and directories ... OK
* checking for portable file names ... OK
* checking for sufficient/correct file permissions ... OK
* checking whether package ‘GSReg’ can be installed ... OK
* checking installed package size ... OK
* checking package directory ... OK
* checking ‘build’ directory ... OK
* checking DESCRIPTION meta-information ... OK
* checking top-level files ... OK
* checking for left-over files ... OK
* checking index information ... OK
* checking package subdirectories ... OK
* checking R files for non-ASCII characters ... OK
* checking R files for syntax errors ... OK
* checking whether the package can be loaded ... OK
* checking whether the package can be loaded with stated dependencies ... OK
* checking whether the package can be unloaded cleanly ... OK
* checking whether the namespace can be loaded with stated dependencies ... OK
* checking whether the namespace can be unloaded cleanly ... OK
* checking dependencies in R code ... NOTE
Packages in Depends field not imported from:
  ‘AnnotationDbi’ ‘GenomicFeatures’ ‘Homo.sapiens’ ‘org.Hs.eg.db’
  These packages need to be imported from (in the NAMESPACE file)
  for when this namespace is loaded but not attached.
* checking S3 generic/method consistency ... OK
* checking replacement functions ... OK
* checking foreign function calls ... OK
* checking R code for possible problems ... NOTE
GSReg.DIRAC.Pathways: no visible global function definition for ‘pnorm’
GSReg.DIRAC.mu: no visible global function definition for ‘var’
GSReg.Variance: no visible global function definition for ‘var’
GSReg.Variance: no visible global function definition for ‘pnorm’
GSReg.kendall.tau.distance.Restricted.Sparse.internal: no visible
  global function definition for ‘as’
GSReg.overlapJunction: no visible binding for global variable
  ‘TxDb.Hsapiens.UCSC.hg19.knownGene’
GSReg.overlapJunction: no visible binding for global variable
  ‘org.Hs.eg.db’
GSReg.overlapJunction: no visible global function definition for
  ‘genes’
GSReg.overlapJunction: no visible global function definition for
  ‘mapIds’
GSReg.overlapJunction: no visible global function definition for
  ‘GRanges’
GSReg.overlapJunction: no visible global function definition for ‘Rle’
GSReg.overlapJunction: no visible global function definition for
  ‘IRanges’
GSReg.overlapJunction: no visible global function definition for
  ‘findOverlaps’
GSReg.overlapJunction: no visible global function definition for
  ‘queryHits’
GSReg.overlapJunction: no visible global function definition for
  ‘subjectHits’
GSReg.overlapJunction : <anonymous>: no visible global function
  definition for ‘findOverlaps’
GSReg.overlapJunction : <anonymous>: no visible global function
  definition for ‘Matrix’
GSReg.overlapJunction : <anonymous>: no visible global function
  definition for ‘queryHits’
GSReg.overlapJunction : <anonymous>: no visible global function
  definition for ‘subjectHits’
Undefined global functions or variables:
  GRanges IRanges Matrix Rle TxDb.Hsapiens.UCSC.hg19.knownGene as
  findOverlaps genes mapIds org.Hs.eg.db pnorm queryHits subjectHits
  var
Consider adding
  importFrom("methods", "as")
  importFrom("stats", "pnorm", "var")
to your NAMESPACE file (and ensure that your DESCRIPTION Imports field
contains 'methods').
* checking Rd files ... OK
* checking Rd metadata ... OK
* checking Rd cross-references ... OK
* checking for missing documentation entries ... WARNING
Undocumented code objects:
  ‘GSReg.kendall.tau.distance.template’
Undocumented data sets:
  ‘geneExrsGSReg’ ‘junc.RPM.Simulated’ ‘phenotypes’
All user-level objects in a package should have documentation entries.
See chapter ‘Writing R documentation files’ in the ‘Writing R
Extensions’ manual.
* checking for code/documentation mismatches ... WARNING
Codoc mismatches from documentation object 'GSReg.GeneSets.DIRAC':
GSReg.GeneSets.DIRAC
  Code: function(geneexpres, pathways, phenotypes, Nperm = 0, alpha =
                 0, minGeneNum = 5)
  Docs: function(geneexpres, pathways, phenotypes, Nperm = 0, alpha =
                 0.05, minGeneNum = 5)
  Mismatches in argument default values:
    Name: 'alpha' Code: 0 Docs: 0.05

Codoc mismatches from documentation object 'GSReg.GeneSets.EVA':
GSReg.GeneSets.EVA
  Code: function(geneexpres, pathways, phenotypes, verbose = T,
                 minGeneNum = 5, distFunc = GSReg.kendall.tau.distance,
                 distparamPathways, ...)
  Docs: function(geneexpres, pathways, phenotypes, minGeneNum = 5)
  Argument names in code not in docs:
    verbose distFunc distparamPathways ...
  Mismatches in argument names:
    Position: 4 Code: verbose Docs: minGeneNum

* checking Rd \usage sections ... WARNING
Objects in \usage without \alias in documentation object 'GSReg.kendall.tau.distance':
  ‘GSReg.kendall.tau.distance.template’

Bad \usage lines found in documentation object 'GSReg.overlapJunction':
   GSReg.overlapJunction <- function(juncExprs,
                                    GenestoStudy=NULL,
                                    geneexpr=NULL,
                                    minmeanloggeneexp= 3,
                                    alpha =0,
                                    sparse = F,
                                    genesCoordinatesTxDB = TxDb.Hsapiens.UCSC.hg19.knownGene, 
                                    geneIDInTxDB = 'ENTREZID', 
                                    geneIDOut = 'SYMBOL',
                                    org=org.Hs.eg.db, ...) 
Bad \usage lines found in documentation object 'GSReg.SEVA':
   function(juncExprs,
  		  phenoVect, 
            verbose=T,
            sparse =F, ...)

Functions with \usage entries need to have the appropriate \alias
entries, and all their arguments documented.
The \usage entries must correspond to syntactically valid R code.
See chapter ‘Writing R documentation files’ in the ‘Writing R
Extensions’ manual.
* checking Rd contents ... OK
* checking for unstated dependencies in examples ... OK
* checking contents of ‘data’ directory ... OK
* checking data for non-ASCII characters ... OK
* checking data for ASCII and uncompressed saves ... OK
* checking line endings in C/C++/Fortran sources/headers ... OK
* checking compiled code ... NOTE
Note: information on .o files is not available
* checking sizes of PDF files under ‘inst/doc’ ... OK
* checking files in ‘vignettes’ ... NOTE
The following files look like leftovers/mistakes:
  ‘Rplots.pdf’
Please remove them from your package.
* checking examples ... OK
Examples with CPU (user + system) or elapsed time > 5s
                       user system elapsed
GSReg_OverlapJunction 4.863   0.14   6.767
* checking for unstated dependencies in vignettes ... OK
* checking package vignettes in ‘inst/doc’ ... OK
* checking running R code from vignettes ... SKIPPED
* checking re-building of vignette outputs ... SKIPPED
* checking PDF version of manual ... OK
* DONE

Status: 3 WARNINGs, 4 NOTEs
See
  ‘/Users/biocbuild/bbs-3.17-bioc/meat/GSReg.Rcheck/00check.log’
for details.



Installation output

GSReg.Rcheck/00install.out

##############################################################################
##############################################################################
###
### Running command:
###
###   /Library/Frameworks/R.framework/Resources/bin/R CMD INSTALL GSReg
###
##############################################################################
##############################################################################


* installing to library ‘/Library/Frameworks/R.framework/Versions/4.2/Resources/library’
* installing *source* package ‘GSReg’ ...
** using staged installation
** libs
clang -mmacosx-version-min=10.13 -I"/Library/Frameworks/R.framework/Resources/include" -DNDEBUG   -I/usr/local/include   -fPIC  -Wall -g -O2  -c init.c -o init.o
clang++ -mmacosx-version-min=10.13 -std=gnu++14 -I"/Library/Frameworks/R.framework/Resources/include" -DNDEBUG   -I/usr/local/include   -fPIC  -Wall -g -O2  -c kendallTauDistance.cc -o kendallTauDistance.o
clang++ -mmacosx-version-min=10.13 -std=gnu++14 -I"/Library/Frameworks/R.framework/Resources/include" -DNDEBUG   -I/usr/local/include   -fPIC  -Wall -g -O2  -c kendallTauDistanceFromTemp.cc -o kendallTauDistanceFromTemp.o
clang++ -mmacosx-version-min=10.13 -std=gnu++14 -I"/Library/Frameworks/R.framework/Resources/include" -DNDEBUG   -I/usr/local/include   -fPIC  -Wall -g -O2  -c kendallTauDistanceRestricted.cc -o kendallTauDistanceRestricted.o
clang++ -mmacosx-version-min=10.13 -std=gnu++14 -I"/Library/Frameworks/R.framework/Resources/include" -DNDEBUG   -I/usr/local/include   -fPIC  -Wall -g -O2  -c nij.cc -o nij.o
clang++ -mmacosx-version-min=10.13 -std=gnu++14 -I"/Library/Frameworks/R.framework/Resources/include" -DNDEBUG   -I/usr/local/include   -fPIC  -Wall -g -O2  -c vect2compC.cc -o vect2compC.o
clang++ -mmacosx-version-min=10.13 -std=gnu++14 -dynamiclib -Wl,-headerpad_max_install_names -undefined dynamic_lookup -single_module -multiply_defined suppress -L/Library/Frameworks/R.framework/Resources/lib -L/usr/local/lib -o GSReg.so init.o kendallTauDistance.o kendallTauDistanceFromTemp.o kendallTauDistanceRestricted.o nij.o vect2compC.o -F/Library/Frameworks/R.framework/.. -framework R -Wl,-framework -Wl,CoreFoundation
installing to /Library/Frameworks/R.framework/Versions/4.2/Resources/library/00LOCK-GSReg/00new/GSReg/libs
** R
** data
** byte-compile and prepare package for lazy loading
** help
*** installing help indices
** building package indices
** installing vignettes
** testing if installed package can be loaded from temporary location
** checking absolute paths in shared objects and dynamic libraries
** testing if installed package can be loaded from final location
** testing if installed package keeps a record of temporary installation path
* DONE (GSReg)

Tests output


Example timings

GSReg.Rcheck/GSReg-Ex.timings

nameusersystemelapsed
GSReg_GeneSets_DIRAC2.3300.0733.263
GSReg_GeneSets_VReg.2.2210.0633.114
GSReg_Kendall0.0050.0010.009
GSReg_OverlapJunction4.8630.1406.767
GSReg_SEVA3.4940.0574.980