Back to Multiple platform build/check report for BioC 3.15
ABCDEF[G]HIJKLMNOPQRSTUVWXYZ

This page was generated on 2022-01-18 11:07:25 -0500 (Tue, 18 Jan 2022).

HostnameOSArch (*)R versionInstalled pkgs
nebbiolo1Linux (Ubuntu 20.04.4 LTS)x86_64R Under development (unstable) (2022-01-05 r81451) -- "Unsuffered Consequences" 4161
riesling1Windows Server 2019 Standardx64R Under development (unstable) (2021-11-21 r81221) -- "Unsuffered Consequences" 4056
palomino3Windows Server 2022 Datacenterx64R Under development (unstable) (2021-12-21 r81400 ucrt) -- "Unsuffered Consequences" 3998
merida1macOS 10.14.6 Mojavex86_64R Under development (unstable) (2022-01-05 r81451) -- "Unsuffered Consequences" 4115
Click on any hostname to see more info about the system (e.g. compilers)      (*) as reported by 'uname -p', except on Windows and Mac OS X

CHECK results for GOfuncR on riesling1


To the developers/maintainers of the GOfuncR package:
- Please allow up to 24 hours (and sometimes 48 hours) for your latest push to git@git.bioconductor.org:packages/GOfuncR.git to
reflect on this report. See How and When does the builder pull? When will my changes propagate? here for more information.
- Make sure to use the following settings in order to reproduce any error or warning you see on this page.

raw results

Package 797/2074HostnameOS / ArchINSTALLBUILDCHECKBUILD BIN
GOfuncR 1.15.1  (landing page)
Steffi Grote
Snapshot Date: 2022-01-17 13:55:17 -0500 (Mon, 17 Jan 2022)
git_url: https://git.bioconductor.org/packages/GOfuncR
git_branch: master
git_last_commit: 3f480cf
git_last_commit_date: 2021-11-15 13:34:56 -0500 (Mon, 15 Nov 2021)
nebbiolo1Linux (Ubuntu 20.04.4 LTS) / x86_64  OK    OK    WARNINGS  UNNEEDED, same version is already published
riesling1Windows Server 2019 Standard / x64  OK    OK    WARNINGS    OK  
palomino3Windows Server 2022 Datacenter / x64  OK    OK    WARNINGS    OK  NO, package depends on 'GenomicRanges' which is not available
merida1macOS 10.14.6 Mojave / x86_64  OK    OK    WARNINGS    OK  UNNEEDED, same version is already published

Summary

Package: GOfuncR
Version: 1.15.1
Command: D:\biocbuild\bbs-3.15-bioc\R\bin\R.exe CMD check --no-multiarch --install=check:GOfuncR.install-out.txt --library=D:\biocbuild\bbs-3.15-bioc\R\library --no-vignettes --timings GOfuncR_1.15.1.tar.gz
StartedAt: 2022-01-17 19:06:25 -0500 (Mon, 17 Jan 2022)
EndedAt: 2022-01-17 19:13:58 -0500 (Mon, 17 Jan 2022)
EllapsedTime: 453.0 seconds
RetCode: 0
Status:   WARNINGS  
CheckDir: GOfuncR.Rcheck
Warnings: 1

Command output

##############################################################################
##############################################################################
###
### Running command:
###
###   D:\biocbuild\bbs-3.15-bioc\R\bin\R.exe CMD check --no-multiarch --install=check:GOfuncR.install-out.txt --library=D:\biocbuild\bbs-3.15-bioc\R\library --no-vignettes --timings GOfuncR_1.15.1.tar.gz
###
##############################################################################
##############################################################################


* using log directory 'D:/biocbuild/bbs-3.15-bioc/meat/GOfuncR.Rcheck'
* using R Under development (unstable) (2021-11-21 r81221)
* using platform: x86_64-w64-mingw32 (64-bit)
* using session charset: ISO8859-1
* using option '--no-vignettes'
* checking for file 'GOfuncR/DESCRIPTION' ... OK
* checking extension type ... Package
* this is package 'GOfuncR' version '1.15.1'
* checking package namespace information ... OK
* checking package dependencies ... OK
* checking if this is a source package ... OK
* checking if there is a namespace ... OK
* checking for hidden files and directories ... OK
* checking for portable file names ... OK
* checking whether package 'GOfuncR' can be installed ... WARNING
Found the following significant warnings:
  Warning: Package 'GOfuncR' is deprecated and will be removed from Bioconductor
See 'D:/biocbuild/bbs-3.15-bioc/meat/GOfuncR.Rcheck/00install.out' for details.
* checking installed package size ... OK
* checking package directory ... OK
* checking 'build' directory ... OK
* checking DESCRIPTION meta-information ... OK
* checking top-level files ... OK
* checking for left-over files ... OK
* checking index information ... OK
* checking package subdirectories ... OK
* checking R files for non-ASCII characters ... OK
* checking R files for syntax errors ... OK
* checking whether the package can be loaded ... OK
* checking whether the package can be loaded with stated dependencies ... OK
* checking whether the package can be unloaded cleanly ... OK
* checking whether the namespace can be loaded with stated dependencies ... OK
* checking whether the namespace can be unloaded cleanly ... OK
* checking dependencies in R code ... OK
* checking S3 generic/method consistency ... OK
* checking replacement functions ... OK
* checking foreign function calls ... OK
* checking R code for possible problems ... OK
* checking Rd files ... OK
* checking Rd metadata ... OK
* checking Rd cross-references ... OK
* checking for missing documentation entries ... OK
* checking for code/documentation mismatches ... OK
* checking Rd \usage sections ... OK
* checking Rd contents ... OK
* checking for unstated dependencies in examples ... OK
* checking R/sysdata.rda ... OK
* checking line endings in C/C++/Fortran sources/headers ... OK
* checking compiled code ... NOTE
Note: information on .o files for x64 is not available
File 'D:/biocbuild/bbs-3.15-bioc/R/library/GOfuncR/libs/x64/GOfuncR.dll':
  Found 'abort', possibly from 'abort' (C), 'runtime' (Fortran)
  Found 'exit', possibly from 'exit' (C), 'stop' (Fortran)
  Found 'printf', possibly from 'printf' (C)

Compiled code should not call entry points which might terminate R nor
write to stdout/stderr instead of to the console, nor use Fortran I/O
nor system RNGs. The detected symbols are linked into the code but
might come from libraries and not actually be called.

See 'Writing portable packages' in the 'Writing R Extensions' manual.
* checking files in 'vignettes' ... OK
* checking examples ... OK
Examples with CPU (user + system) or elapsed time > 5s
                     user system elapsed
refine              31.86   2.62   36.25
plot_anno_scores    16.03   1.69   18.34
go_enrich            9.72   0.50   10.77
get_anno_categories  8.00   0.56    8.58
* checking for unstated dependencies in 'tests' ... OK
* checking tests ...
  Running 'testthat.R'
 OK
* checking for unstated dependencies in vignettes ... OK
* checking package vignettes in 'inst/doc' ... OK
* checking running R code from vignettes ... SKIPPED
* checking re-building of vignette outputs ... SKIPPED
* checking PDF version of manual ... OK
* DONE

Status: 1 WARNING, 1 NOTE
See
  'D:/biocbuild/bbs-3.15-bioc/meat/GOfuncR.Rcheck/00check.log'
for details.



Installation output

GOfuncR.Rcheck/00install.out

##############################################################################
##############################################################################
###
### Running command:
###
###   D:\biocbuild\bbs-3.15-bioc\R\bin\R.exe CMD INSTALL GOfuncR
###
##############################################################################
##############################################################################


* installing to library 'D:/biocbuild/bbs-3.15-bioc/R/library'
* installing *source* package 'GOfuncR' ...
** using staged installation
** libs
"C:/rtools40/mingw64/bin/"g++ -std=gnu++11  -I"D:/biocbuild/bbs-3.15-bioc/R/include" -DNDEBUG  -I'D:/biocbuild/bbs-3.15-bioc/R/library/Rcpp/include'   -I"C:/extsoft/include"     -O2 -Wall  -mfpmath=sse -msse2 -mstackrealign -fno-reorder-blocks-and-partition  -c RcppExports.cpp -o RcppExports.o
"C:/rtools40/mingw64/bin/"g++ -std=gnu++11  -I"D:/biocbuild/bbs-3.15-bioc/R/include" -DNDEBUG  -I'D:/biocbuild/bbs-3.15-bioc/R/library/Rcpp/include'   -I"C:/extsoft/include"     -O2 -Wall  -mfpmath=sse -msse2 -mstackrealign -fno-reorder-blocks-and-partition  -c binom_categorytest.cc -o binom_categorytest.o
"C:/rtools40/mingw64/bin/"g++ -std=gnu++11  -I"D:/biocbuild/bbs-3.15-bioc/R/include" -DNDEBUG  -I'D:/biocbuild/bbs-3.15-bioc/R/library/Rcpp/include'   -I"C:/extsoft/include"     -O2 -Wall  -mfpmath=sse -msse2 -mstackrealign -fno-reorder-blocks-and-partition  -c binom_randset.cc -o binom_randset.o
"C:/rtools40/mingw64/bin/"g++ -std=gnu++11  -I"D:/biocbuild/bbs-3.15-bioc/R/include" -DNDEBUG  -I'D:/biocbuild/bbs-3.15-bioc/R/library/Rcpp/include'   -I"C:/extsoft/include"     -O2 -Wall  -mfpmath=sse -msse2 -mstackrealign -fno-reorder-blocks-and-partition  -c blocks.cpp -o blocks.o
blocks.cpp: In function 'std::set<int> rannum_blocks(std::vector<bed_str>, std::vector<bed_str>, const std::map<std::__cxx11::basic_string<char>, int>&, std::vector<gen_pos_str>)':
blocks.cpp:30:19: warning: comparison of integer expressions of different signedness: 'int' and 'std::vector<bed_str>::size_type' {aka 'long long unsigned int'} [-Wsign-compare]
   for (int j=0; j < candidate_bed.size(); j++){
                 ~~^~~~~~~~~~~~~~~~~~~~~~
blocks.cpp:34:20: warning: comparison of integer expressions of different signedness: 'int' and 'std::vector<bed_str>::size_type' {aka 'long long unsigned int'} [-Wsign-compare]
    for (int k=0; k < background.size(); k++){
                  ~~^~~~~~~~~~~~~~~~~~~
blocks.cpp:68:19: warning: comparison of integer expressions of different signedness: 'int' and 'std::vector<gen_pos_str>::size_type' {aka 'long long unsigned int'} [-Wsign-compare]
    for (int g=0; g<genes_pos.size(); g++){
                  ~^~~~~~~~~~~~~~~~~
"C:/rtools40/mingw64/bin/"g++ -std=gnu++11  -I"D:/biocbuild/bbs-3.15-bioc/R/include" -DNDEBUG  -I'D:/biocbuild/bbs-3.15-bioc/R/library/Rcpp/include'   -I"C:/extsoft/include"     -O2 -Wall  -mfpmath=sse -msse2 -mstackrealign -fno-reorder-blocks-and-partition  -c conti_categorytest.cc -o conti_categorytest.o
"C:/rtools40/mingw64/bin/"g++ -std=gnu++11  -I"D:/biocbuild/bbs-3.15-bioc/R/include" -DNDEBUG  -I'D:/biocbuild/bbs-3.15-bioc/R/library/Rcpp/include'   -I"C:/extsoft/include"     -O2 -Wall  -mfpmath=sse -msse2 -mstackrealign -fno-reorder-blocks-and-partition  -c conti_randset.cc -o conti_randset.o
"C:/rtools40/mingw64/bin/"g++ -std=gnu++11  -I"D:/biocbuild/bbs-3.15-bioc/R/include" -DNDEBUG  -I'D:/biocbuild/bbs-3.15-bioc/R/library/Rcpp/include'   -I"C:/extsoft/include"     -O2 -Wall  -mfpmath=sse -msse2 -mstackrealign -fno-reorder-blocks-and-partition  -c gene.cc -o gene.o
"C:/rtools40/mingw64/bin/"g++ -std=gnu++11  -I"D:/biocbuild/bbs-3.15-bioc/R/include" -DNDEBUG  -I'D:/biocbuild/bbs-3.15-bioc/R/library/Rcpp/include'   -I"C:/extsoft/include"     -O2 -Wall  -mfpmath=sse -msse2 -mstackrealign -fno-reorder-blocks-and-partition  -c gene_binom.cc -o gene_binom.o
"C:/rtools40/mingw64/bin/"g++ -std=gnu++11  -I"D:/biocbuild/bbs-3.15-bioc/R/include" -DNDEBUG  -I'D:/biocbuild/bbs-3.15-bioc/R/library/Rcpp/include'   -I"C:/extsoft/include"     -O2 -Wall  -mfpmath=sse -msse2 -mstackrealign -fno-reorder-blocks-and-partition  -c gene_conti.cc -o gene_conti.o
"C:/rtools40/mingw64/bin/"g++ -std=gnu++11  -I"D:/biocbuild/bbs-3.15-bioc/R/include" -DNDEBUG  -I'D:/biocbuild/bbs-3.15-bioc/R/library/Rcpp/include'   -I"C:/extsoft/include"     -O2 -Wall  -mfpmath=sse -msse2 -mstackrealign -fno-reorder-blocks-and-partition  -c genes.cc -o genes.o
"C:/rtools40/mingw64/bin/"g++ -std=gnu++11  -I"D:/biocbuild/bbs-3.15-bioc/R/include" -DNDEBUG  -I'D:/biocbuild/bbs-3.15-bioc/R/library/Rcpp/include'   -I"C:/extsoft/include"     -O2 -Wall  -mfpmath=sse -msse2 -mstackrealign -fno-reorder-blocks-and-partition  -c genes_binom.cc -o genes_binom.o
"C:/rtools40/mingw64/bin/"g++ -std=gnu++11  -I"D:/biocbuild/bbs-3.15-bioc/R/include" -DNDEBUG  -I'D:/biocbuild/bbs-3.15-bioc/R/library/Rcpp/include'   -I"C:/extsoft/include"     -O2 -Wall  -mfpmath=sse -msse2 -mstackrealign -fno-reorder-blocks-and-partition  -c genes_conti.cc -o genes_conti.o
"C:/rtools40/mingw64/bin/"g++ -std=gnu++11  -I"D:/biocbuild/bbs-3.15-bioc/R/include" -DNDEBUG  -I'D:/biocbuild/bbs-3.15-bioc/R/library/Rcpp/include'   -I"C:/extsoft/include"     -O2 -Wall  -mfpmath=sse -msse2 -mstackrealign -fno-reorder-blocks-and-partition  -c go.cc -o go.o
"C:/rtools40/mingw64/bin/"g++ -std=gnu++11  -I"D:/biocbuild/bbs-3.15-bioc/R/include" -DNDEBUG  -I'D:/biocbuild/bbs-3.15-bioc/R/library/Rcpp/include'   -I"C:/extsoft/include"     -O2 -Wall  -mfpmath=sse -msse2 -mstackrealign -fno-reorder-blocks-and-partition  -c go_graph.cc -o go_graph.o
"C:/rtools40/mingw64/bin/"g++ -std=gnu++11  -I"D:/biocbuild/bbs-3.15-bioc/R/include" -DNDEBUG  -I'D:/biocbuild/bbs-3.15-bioc/R/library/Rcpp/include'   -I"C:/extsoft/include"     -O2 -Wall  -mfpmath=sse -msse2 -mstackrealign -fno-reorder-blocks-and-partition  -c go_graph_binom.cc -o go_graph_binom.o
"C:/rtools40/mingw64/bin/"g++ -std=gnu++11  -I"D:/biocbuild/bbs-3.15-bioc/R/include" -DNDEBUG  -I'D:/biocbuild/bbs-3.15-bioc/R/library/Rcpp/include'   -I"C:/extsoft/include"     -O2 -Wall  -mfpmath=sse -msse2 -mstackrealign -fno-reorder-blocks-and-partition  -c go_graph_conti.cc -o go_graph_conti.o
"C:/rtools40/mingw64/bin/"g++ -std=gnu++11  -I"D:/biocbuild/bbs-3.15-bioc/R/include" -DNDEBUG  -I'D:/biocbuild/bbs-3.15-bioc/R/library/Rcpp/include'   -I"C:/extsoft/include"     -O2 -Wall  -mfpmath=sse -msse2 -mstackrealign -fno-reorder-blocks-and-partition  -c go_graph_hyper.cc -o go_graph_hyper.o
"C:/rtools40/mingw64/bin/"g++ -std=gnu++11  -I"D:/biocbuild/bbs-3.15-bioc/R/include" -DNDEBUG  -I'D:/biocbuild/bbs-3.15-bioc/R/library/Rcpp/include'   -I"C:/extsoft/include"     -O2 -Wall  -mfpmath=sse -msse2 -mstackrealign -fno-reorder-blocks-and-partition  -c go_groups.cc -o go_groups.o
"C:/rtools40/mingw64/bin/"g++ -std=gnu++11  -I"D:/biocbuild/bbs-3.15-bioc/R/include" -DNDEBUG  -I'D:/biocbuild/bbs-3.15-bioc/R/library/Rcpp/include'   -I"C:/extsoft/include"     -O2 -Wall  -mfpmath=sse -msse2 -mstackrealign -fno-reorder-blocks-and-partition  -c go_groups_binom.cc -o go_groups_binom.o
"C:/rtools40/mingw64/bin/"g++ -std=gnu++11  -I"D:/biocbuild/bbs-3.15-bioc/R/include" -DNDEBUG  -I'D:/biocbuild/bbs-3.15-bioc/R/library/Rcpp/include'   -I"C:/extsoft/include"     -O2 -Wall  -mfpmath=sse -msse2 -mstackrealign -fno-reorder-blocks-and-partition  -c go_groups_conti.cc -o go_groups_conti.o
go_groups_conti.cc: In member function 'int* go_groups_conti::calculate_data(std::__cxx11::string&, std::ostream*)':
go_groups_conti.cc:71:24: warning: comparison of integer expressions of different signedness: 'int' and 'std::vector<std::__cxx11::basic_string<char> >::size_type' {aka 'long long unsigned int'} [-Wsign-compare]
  for ( int idx=0 ; idx < names.size() ; ++idx ) {
                    ~~~~^~~~~~~~~~~~~~
go_groups_conti.cc: In member function 'int* go_groups_conti::calculate_rand(std::__cxx11::string&, std::ostream*)':
go_groups_conti.cc:172:24: warning: comparison of integer expressions of different signedness: 'int' and 'std::vector<std::__cxx11::basic_string<char> >::size_type' {aka 'long long unsigned int'} [-Wsign-compare]
  for ( int idx=0 ; idx < names.size() ; ++idx ) {
                    ~~~~^~~~~~~~~~~~~~
"C:/rtools40/mingw64/bin/"g++ -std=gnu++11  -I"D:/biocbuild/bbs-3.15-bioc/R/include" -DNDEBUG  -I'D:/biocbuild/bbs-3.15-bioc/R/library/Rcpp/include'   -I"C:/extsoft/include"     -O2 -Wall  -mfpmath=sse -msse2 -mstackrealign -fno-reorder-blocks-and-partition  -c go_groups_hyper.cc -o go_groups_hyper.o
"C:/rtools40/mingw64/bin/"g++ -std=gnu++11  -I"D:/biocbuild/bbs-3.15-bioc/R/include" -DNDEBUG  -I'D:/biocbuild/bbs-3.15-bioc/R/library/Rcpp/include'   -I"C:/extsoft/include"     -O2 -Wall  -mfpmath=sse -msse2 -mstackrealign -fno-reorder-blocks-and-partition  -c go_obj.cc -o go_obj.o
"C:/rtools40/mingw64/bin/"g++ -std=gnu++11  -I"D:/biocbuild/bbs-3.15-bioc/R/include" -DNDEBUG  -I'D:/biocbuild/bbs-3.15-bioc/R/library/Rcpp/include'   -I"C:/extsoft/include"     -O2 -Wall  -mfpmath=sse -msse2 -mstackrealign -fno-reorder-blocks-and-partition  -c go_obj_binom.cc -o go_obj_binom.o
"C:/rtools40/mingw64/bin/"g++ -std=gnu++11  -I"D:/biocbuild/bbs-3.15-bioc/R/include" -DNDEBUG  -I'D:/biocbuild/bbs-3.15-bioc/R/library/Rcpp/include'   -I"C:/extsoft/include"     -O2 -Wall  -mfpmath=sse -msse2 -mstackrealign -fno-reorder-blocks-and-partition  -c go_obj_conti.cc -o go_obj_conti.o
"C:/rtools40/mingw64/bin/"g++ -std=gnu++11  -I"D:/biocbuild/bbs-3.15-bioc/R/include" -DNDEBUG  -I'D:/biocbuild/bbs-3.15-bioc/R/library/Rcpp/include'   -I"C:/extsoft/include"     -O2 -Wall  -mfpmath=sse -msse2 -mstackrealign -fno-reorder-blocks-and-partition  -c go_obj_hyper.cc -o go_obj_hyper.o
"C:/rtools40/mingw64/bin/"g++ -std=gnu++11  -I"D:/biocbuild/bbs-3.15-bioc/R/include" -DNDEBUG  -I'D:/biocbuild/bbs-3.15-bioc/R/library/Rcpp/include'   -I"C:/extsoft/include"     -O2 -Wall  -mfpmath=sse -msse2 -mstackrealign -fno-reorder-blocks-and-partition  -c hyper_categorytest.cc -o hyper_categorytest.o
"C:/rtools40/mingw64/bin/"g++ -std=gnu++11  -I"D:/biocbuild/bbs-3.15-bioc/R/include" -DNDEBUG  -I'D:/biocbuild/bbs-3.15-bioc/R/library/Rcpp/include'   -I"C:/extsoft/include"     -O2 -Wall  -mfpmath=sse -msse2 -mstackrealign -fno-reorder-blocks-and-partition  -c hyper_randset.cc -o hyper_randset.o
hyper_randset.cc: In function 'void hyper_randset(std::__cxx11::string, int, std::__cxx11::string, std::__cxx11::string, std::__cxx11::string, std::__cxx11::string, std::__cxx11::string, std::__cxx11::string, bool)':
hyper_randset.cc:217:33: warning: comparison of integer expressions of different signedness: 'std::set<int>::size_type' {aka 'long long unsigned int'} and 'int' [-Wsign-compare]
    while (random_numbers.size() < n_candidate) {
           ~~~~~~~~~~~~~~~~~~~~~~^~~~~~~~~~~~~
"C:/rtools40/mingw64/bin/"g++ -std=gnu++11  -I"D:/biocbuild/bbs-3.15-bioc/R/include" -DNDEBUG  -I'D:/biocbuild/bbs-3.15-bioc/R/library/Rcpp/include'   -I"C:/extsoft/include"     -O2 -Wall  -mfpmath=sse -msse2 -mstackrealign -fno-reorder-blocks-and-partition  -c idmap.cc -o idmap.o
"C:/rtools40/mingw64/bin/"gcc  -I"D:/biocbuild/bbs-3.15-bioc/R/include" -DNDEBUG  -I'D:/biocbuild/bbs-3.15-bioc/R/library/Rcpp/include'   -I"C:/extsoft/include"     -O2 -Wall  -std=gnu99 -mfpmath=sse -msse2 -mstackrealign -fno-reorder-blocks-and-partition  -c init.c -o init.o
"C:/rtools40/mingw64/bin/"g++ -std=gnu++11  -I"D:/biocbuild/bbs-3.15-bioc/R/include" -DNDEBUG  -I'D:/biocbuild/bbs-3.15-bioc/R/library/Rcpp/include'   -I"C:/extsoft/include"     -O2 -Wall  -mfpmath=sse -msse2 -mstackrealign -fno-reorder-blocks-and-partition  -c ran_genelen.cpp -o ran_genelen.o
ran_genelen.cpp: In function 'std::set<int> rannum_genelen(int, const std::map<std::__cxx11::basic_string<char>, int>&, std::vector<gen_pos_str>, long int)':
ran_genelen.cpp:19:31: warning: comparison of integer expressions of different signedness: 'std::set<int>::size_type' {aka 'long long unsigned int'} and 'int' [-Wsign-compare]
  while (random_numbers.size() < n_candidate) {
         ~~~~~~~~~~~~~~~~~~~~~~^~~~~~~~~~~~~
"C:/rtools40/mingw64/bin/"g++ -std=gnu++11  -I"D:/biocbuild/bbs-3.15-bioc/R/include" -DNDEBUG  -I'D:/biocbuild/bbs-3.15-bioc/R/library/Rcpp/include'   -I"C:/extsoft/include"     -O2 -Wall  -mfpmath=sse -msse2 -mstackrealign -fno-reorder-blocks-and-partition  -c read_bed.cpp -o read_bed.o
"C:/rtools40/mingw64/bin/"g++ -std=gnu++11  -I"D:/biocbuild/bbs-3.15-bioc/R/include" -DNDEBUG  -I'D:/biocbuild/bbs-3.15-bioc/R/library/Rcpp/include'   -I"C:/extsoft/include"     -O2 -Wall  -mfpmath=sse -msse2 -mstackrealign -fno-reorder-blocks-and-partition  -c roll.cpp -o roll.o
roll.cpp: In function 'std::set<int> rannum_roll(std::vector<bed_str>, std::vector<bed_str>, const std::map<std::__cxx11::basic_string<char>, int>&, std::vector<gen_pos_str>)':
roll.cpp:30:18: warning: comparison of integer expressions of different signedness: 'int' and 'std::vector<bed_str>::size_type' {aka 'long long unsigned int'} [-Wsign-compare]
  for (int j=0; j < candidate_bed.size(); j++){
                ~~^~~~~~~~~~~~~~~~~~~~~~
roll.cpp:36:19: warning: comparison of integer expressions of different signedness: 'int' and 'std::vector<bed_str>::size_type' {aka 'long long unsigned int'} [-Wsign-compare]
   for (int i=0; i < background_bed.size(); i++){
                 ~~^~~~~~~~~~~~~~~~~~~~~~~
roll.cpp:92:19: warning: comparison of integer expressions of different signedness: 'int' and 'std::vector<gen_pos_str>::size_type' {aka 'long long unsigned int'} [-Wsign-compare]
    for (int g=0; g<genes_pos.size(); g++){
                  ~^~~~~~~~~~~~~~~~~
roll.cpp:106:11: warning: comparison of integer expressions of different signedness: 'int' and 'std::vector<bed_str>::size_type' {aka 'long long unsigned int'} [-Wsign-compare]
    if ((k == background_bed.size()) || (background_bed[k].chrom != ran_chrom)){
         ~~^~~~~~~~~~~~~~~~~~~~~~~~
"C:/rtools40/mingw64/bin/"g++ -std=gnu++11  -I"D:/biocbuild/bbs-3.15-bioc/R/include" -DNDEBUG  -I'D:/biocbuild/bbs-3.15-bioc/R/library/Rcpp/include'   -I"C:/extsoft/include"     -O2 -Wall  -mfpmath=sse -msse2 -mstackrealign -fno-reorder-blocks-and-partition  -c transitions.cc -o transitions.o
"C:/rtools40/mingw64/bin/"g++ -std=gnu++11  -I"D:/biocbuild/bbs-3.15-bioc/R/include" -DNDEBUG  -I'D:/biocbuild/bbs-3.15-bioc/R/library/Rcpp/include'   -I"C:/extsoft/include"     -O2 -Wall  -mfpmath=sse -msse2 -mstackrealign -fno-reorder-blocks-and-partition  -c unlock_environment.cc -o unlock_environment.o
"C:/rtools40/mingw64/bin/"g++ -std=gnu++11  -I"D:/biocbuild/bbs-3.15-bioc/R/include" -DNDEBUG  -I'D:/biocbuild/bbs-3.15-bioc/R/library/Rcpp/include'   -I"C:/extsoft/include"     -O2 -Wall  -mfpmath=sse -msse2 -mstackrealign -fno-reorder-blocks-and-partition  -c wilcox_categorytest.cc -o wilcox_categorytest.o
"C:/rtools40/mingw64/bin/"g++ -std=gnu++11  -I"D:/biocbuild/bbs-3.15-bioc/R/include" -DNDEBUG  -I'D:/biocbuild/bbs-3.15-bioc/R/library/Rcpp/include'   -I"C:/extsoft/include"     -O2 -Wall  -mfpmath=sse -msse2 -mstackrealign -fno-reorder-blocks-and-partition  -c wilcox_randset.cc -o wilcox_randset.o
C:/rtools40/mingw64/bin/g++ -std=gnu++11 -shared -s -static-libgcc -o GOfuncR.dll tmp.def RcppExports.o binom_categorytest.o binom_randset.o blocks.o conti_categorytest.o conti_randset.o gene.o gene_binom.o gene_conti.o genes.o genes_binom.o genes_conti.o go.o go_graph.o go_graph_binom.o go_graph_conti.o go_graph_hyper.o go_groups.o go_groups_binom.o go_groups_conti.o go_groups_hyper.o go_obj.o go_obj_binom.o go_obj_conti.o go_obj_hyper.o hyper_categorytest.o hyper_randset.o idmap.o init.o ran_genelen.o read_bed.o roll.o transitions.o unlock_environment.o wilcox_categorytest.o wilcox_randset.o -LC:/extsoft/lib/x64 -LC:/extsoft/lib -LD:/biocbuild/bbs-3.15-bioc/R/bin/x64 -lR
installing to D:/biocbuild/bbs-3.15-bioc/R/library/00LOCK-GOfuncR/00new/GOfuncR/libs/x64
** R
** inst
** byte-compile and prepare package for lazy loading
** help
*** installing help indices
  converting help for package 'GOfuncR'
    finding HTML links ... done
    get_anno_categories                     html  
    get_anno_genes                          html  
    get_child_nodes                         html  
    get_ids                                 html  
    get_names                               html  
    get_parent_nodes                        html  
    go_enrich                               html  
    plot_anno_scores                        html  
    finding level-2 HTML links ... done

    refine                                  html  
** building package indices
** installing vignettes
** testing if installed package can be loaded from temporary location
Warning: Package 'GOfuncR' is deprecated and will be removed from Bioconductor
  version 3.16
** testing if installed package can be loaded from final location
Warning: Package 'GOfuncR' is deprecated and will be removed from Bioconductor
  version 3.16
** testing if installed package keeps a record of temporary installation path
* DONE (GOfuncR)
Making 'packages.html' ...Warning in packageDescription(i, lib.loc = lib, fields = "Title", encoding = "UTF-8") :
  DESCRIPTION file of package 'gCrisprTools' is missing or broken
Warning in packageDescription(i, lib.loc = lib, fields = "Title", encoding = "UTF-8") :
  DESCRIPTION file of package 'MACSQuantifyR' is missing or broken
Warning in packageDescription(i, lib.loc = lib, fields = "Title", encoding = "UTF-8") :
  DESCRIPTION file of package 'tenXplore' is missing or broken
Warning in packageDescription(i, lib.loc = lib, fields = "Title", encoding = "UTF-8") :
  DESCRIPTION file of package 'tRNA' is missing or broken
 done

Tests output

GOfuncR.Rcheck/tests/testthat.Rout


R Under development (unstable) (2021-11-21 r81221) -- "Unsuffered Consequences"
Copyright (C) 2021 The R Foundation for Statistical Computing
Platform: x86_64-w64-mingw32/x64 (64-bit)

R is free software and comes with ABSOLUTELY NO WARRANTY.
You are welcome to redistribute it under certain conditions.
Type 'license()' or 'licence()' for distribution details.

R is a collaborative project with many contributors.
Type 'contributors()' for more information and
'citation()' on how to cite R or R packages in publications.

Type 'demo()' for some demos, 'help()' for on-line help, or
'help.start()' for an HTML browser interface to help.
Type 'q()' to quit R.

> library(testthat)
> library(GOfuncR)
Loading required package: vioplot
Loading required package: sm
Package 'sm', version 2.2-5.7: type help(sm) for summary information
Loading required package: zoo

Attaching package: 'zoo'

The following objects are masked from 'package:base':

    as.Date, as.Date.numeric

Warning message:
Package 'GOfuncR' is deprecated and will be removed from Bioconductor
  version 3.16 
> 
> test_check("GOfuncR")
[ FAIL 0 | WARN 6 | SKIP 0 | PASS 73 ]
> 
> proc.time()
   user  system elapsed 
 212.31   46.03  275.84 

Example timings

GOfuncR.Rcheck/GOfuncR-Ex.timings

nameusersystemelapsed
get_anno_categories8.000.568.58
get_anno_genes1.860.142.00
get_child_nodes0.050.000.05
get_ids0.20.00.2
get_names000
get_parent_nodes0.070.000.06
go_enrich 9.72 0.5010.77
plot_anno_scores16.03 1.6918.34
refine31.86 2.6236.25