Back to Multiple platform build/check report for BioC 3.15
ABCDE[F]GHIJKLMNOPQRSTUVWXYZ

This page was generated on 2022-01-28 11:06:06 -0500 (Fri, 28 Jan 2022).

HostnameOSArch (*)R versionInstalled pkgs
nebbiolo1Linux (Ubuntu 20.04.4 LTS)x86_64R Under development (unstable) (2022-01-05 r81451) -- "Unsuffered Consequences" 4167
riesling1Windows Server 2019 Standardx64R Under development (unstable) (2021-11-21 r81221) -- "Unsuffered Consequences" 4062
palomino3Windows Server 2022 Datacenterx64R Under development (unstable) (2021-12-21 r81400 ucrt) -- "Unsuffered Consequences" 4004
merida1macOS 10.14.6 Mojavex86_64R Under development (unstable) (2022-01-05 r81451) -- "Unsuffered Consequences" 4121
Click on any hostname to see more info about the system (e.g. compilers)      (*) as reported by 'uname -p', except on Windows and Mac OS X

CHECK results for FunChIP on nebbiolo1


To the developers/maintainers of the FunChIP package:
- Please allow up to 24 hours (and sometimes 48 hours) for your latest push to git@git.bioconductor.org:packages/FunChIP.git to
reflect on this report. See How and When does the builder pull? When will my changes propagate? here for more information.
- Make sure to use the following settings in order to reproduce any error or warning you see on this page.

raw results

Package 687/2077HostnameOS / ArchINSTALLBUILDCHECKBUILD BIN
FunChIP 1.21.1  (landing page)
Alice Parodi
Snapshot Date: 2022-01-27 13:55:17 -0500 (Thu, 27 Jan 2022)
git_url: https://git.bioconductor.org/packages/FunChIP
git_branch: master
git_last_commit: 8b6848d
git_last_commit_date: 2021-11-20 04:02:50 -0500 (Sat, 20 Nov 2021)
nebbiolo1Linux (Ubuntu 20.04.4 LTS) / x86_64  OK    OK    WARNINGS  UNNEEDED, same version is already published
riesling1Windows Server 2019 Standard / x64  OK    OK    WARNINGS    OK  
palomino3Windows Server 2022 Datacenter / x64  OK    OK    WARNINGS    OK  NO, package depends on 'GenomicRanges' which is not available
merida1macOS 10.14.6 Mojave / x86_64  OK    OK    OK    OK  UNNEEDED, same version is already published

Summary

Package: FunChIP
Version: 1.21.1
Command: /home/biocbuild/bbs-3.15-bioc/R/bin/R CMD check --install=check:FunChIP.install-out.txt --library=/home/biocbuild/bbs-3.15-bioc/R/library --no-vignettes --timings FunChIP_1.21.1.tar.gz
StartedAt: 2022-01-27 19:17:21 -0500 (Thu, 27 Jan 2022)
EndedAt: 2022-01-27 19:20:08 -0500 (Thu, 27 Jan 2022)
EllapsedTime: 166.9 seconds
RetCode: 0
Status:   WARNINGS  
CheckDir: FunChIP.Rcheck
Warnings: 1

Command output

##############################################################################
##############################################################################
###
### Running command:
###
###   /home/biocbuild/bbs-3.15-bioc/R/bin/R CMD check --install=check:FunChIP.install-out.txt --library=/home/biocbuild/bbs-3.15-bioc/R/library --no-vignettes --timings FunChIP_1.21.1.tar.gz
###
##############################################################################
##############################################################################


* using log directory ‘/home/biocbuild/bbs-3.15-bioc/meat/FunChIP.Rcheck’
* using R Under development (unstable) (2022-01-05 r81451)
* using platform: x86_64-pc-linux-gnu (64-bit)
* using session charset: UTF-8
* using option ‘--no-vignettes’
* checking for file ‘FunChIP/DESCRIPTION’ ... OK
* checking extension type ... Package
* this is package ‘FunChIP’ version ‘1.21.1’
* checking package namespace information ... OK
* checking package dependencies ... OK
* checking if this is a source package ... OK
* checking if there is a namespace ... OK
* checking for hidden files and directories ... OK
* checking for portable file names ... OK
* checking for sufficient/correct file permissions ... OK
* checking whether package ‘FunChIP’ can be installed ... WARNING
Found the following significant warnings:
  kmean_function.cpp:677:52: warning: suggest parentheses around comparison in operand of ‘&’ [-Wparentheses]
See ‘/home/biocbuild/bbs-3.15-bioc/meat/FunChIP.Rcheck/00install.out’ for details.
* checking installed package size ... NOTE
  installed size is 23.2Mb
  sub-directories of 1Mb or more:
    extdata  21.5Mb
* checking package directory ... OK
* checking ‘build’ directory ... OK
* checking DESCRIPTION meta-information ... OK
* checking top-level files ... OK
* checking for left-over files ... OK
* checking index information ... OK
* checking package subdirectories ... OK
* checking R files for non-ASCII characters ... OK
* checking R files for syntax errors ... OK
* checking whether the package can be loaded ... OK
* checking whether the package can be loaded with stated dependencies ... OK
* checking whether the package can be unloaded cleanly ... OK
* checking whether the namespace can be loaded with stated dependencies ... OK
* checking whether the namespace can be unloaded cleanly ... OK
* checking dependencies in R code ... OK
* checking S3 generic/method consistency ... OK
* checking replacement functions ... OK
* checking foreign function calls ... OK
* checking R code for possible problems ... OK
* checking Rd files ... OK
* checking Rd metadata ... OK
* checking Rd cross-references ... OK
* checking for missing documentation entries ... OK
* checking for code/documentation mismatches ... OK
* checking Rd \usage sections ... OK
* checking Rd contents ... OK
* checking for unstated dependencies in examples ... OK
* checking contents of ‘data’ directory ... OK
* checking data for non-ASCII characters ... OK
* checking LazyData ... OK
* checking data for ASCII and uncompressed saves ... OK
* checking line endings in C/C++/Fortran sources/headers ... OK
* checking line endings in Makefiles ... OK
* checking compilation flags in Makevars ... OK
* checking for GNU extensions in Makefiles ... OK
* checking for portable use of $(BLAS_LIBS) and $(LAPACK_LIBS) ... OK
* checking use of PKG_*FLAGS in Makefiles ... OK
* checking compiled code ... NOTE
Note: information on .o files is not available
* checking files in ‘vignettes’ ... OK
* checking examples ... OK
* checking for unstated dependencies in vignettes ... OK
* checking package vignettes in ‘inst/doc’ ... OK
* checking running R code from vignettes ... SKIPPED
* checking re-building of vignette outputs ... SKIPPED
* checking PDF version of manual ... OK
* DONE

Status: 1 WARNING, 2 NOTEs
See
  ‘/home/biocbuild/bbs-3.15-bioc/meat/FunChIP.Rcheck/00check.log’
for details.



Installation output

FunChIP.Rcheck/00install.out

##############################################################################
##############################################################################
###
### Running command:
###
###   /home/biocbuild/bbs-3.15-bioc/R/bin/R CMD INSTALL FunChIP
###
##############################################################################
##############################################################################


* installing to library ‘/home/biocbuild/bbs-3.15-bioc/R/library’
* installing *source* package ‘FunChIP’ ...
** using staged installation
** libs
g++ -std=gnu++11 -I"/home/biocbuild/bbs-3.15-bioc/R/include" -DNDEBUG  -I'/home/biocbuild/bbs-3.15-bioc/R/library/Rcpp/include' -I/usr/local/include  `/home/biocbuild/bbs-3.15-bioc/R/bin/Rscript -e "Rcpp:::CxxFlags()"` -fpic  -g -O2  -Wall -c kmean_function.cpp -o kmean_function.o
kmean_function.cpp: In function ‘SEXPREC* kmean_function(SEXP, SEXP, SEXP, SEXP, SEXP, SEXP, SEXP, SEXP, SEXP, SEXP, SEXP, SEXP)’:
kmean_function.cpp:74:31: warning: comparison of integer expressions of different signedness: ‘unsigned int’ and ‘int’ [-Wsign-compare]
   74 |     for (unsigned int i =0 ; i<num_data; i++){
      |                              ~^~~~~~~~~
kmean_function.cpp:80:34: warning: comparison of integer expressions of different signedness: ‘unsigned int’ and ‘int’ [-Wsign-compare]
   80 |       for (unsigned int t =0 ; t < num_points; t++)
      |                                ~~^~~~~~~~~~~~
kmean_function.cpp: In function ‘SEXPREC* distance_matrix(SEXP, SEXP, SEXP, SEXP, SEXP)’:
kmean_function.cpp:210:35: warning: comparison of integer expressions of different signedness: ‘unsigned int’ and ‘int’ [-Wsign-compare]
  210 |         for (unsigned int i =0 ; i<num_data; i++){
      |                                  ~^~~~~~~~~
kmean_function.cpp:216:40: warning: comparison of integer expressions of different signedness: ‘unsigned int’ and ‘int’ [-Wsign-compare]
  216 |             for (unsigned int t =0 ; t < num_points; t++)
      |                                      ~~^~~~~~~~~~~~
kmean_function.cpp: In function ‘void kma_discrete(std::vector<peak>&, const int&, std::vector<int>&, const double&, const double&, const int&, const char&, const double&, const double&, std::vector<int>&, std::vector<double>&, std::vector<int>&, const double&, const double&, int, char, char)’:
kmean_function.cpp:638:51: warning: comparison of integer expressions of different signedness: ‘int’ and ‘std::vector<peak>::size_type’ {aka ‘long unsigned int’} [-Wsign-compare]
  638 |   while( iter < iter_max and number_distances_low < dati.size()  and cluster_vuoti==0){  //and number_clusters_different > 0
      |                              ~~~~~~~~~~~~~~~~~~~~~^~~~~~~~~~~~~
kmean_function.cpp:677:52: warning: suggest parentheses around comparison in operand of ‘&’ [-Wparentheses]
  677 |       if ( (unsigned int)number_clusters_different == dati.size() & iter != 1)
      |            ~~~~~~~~~~~~~~~~~~~~~~~~~~~~~~~~~~~~~~~~^~~~~~~~~~~~~~
kmean_function.cpp:681:31: warning: comparison of integer expressions of different signedness: ‘int’ and ‘std::vector<peak>::size_type’ {aka ‘long unsigned int’} [-Wsign-compare]
  681 |       if (number_distances_low== dati.size())
      |           ~~~~~~~~~~~~~~~~~~~~^~~~~~~~~~~~~~
kmean_function.cpp: In function ‘void normalize_data(std::vector<int>&, std::vector<int>&, const int&)’:
kmean_function.cpp:759:27: warning: comparison of integer expressions of different signedness: ‘unsigned int’ and ‘const int’ [-Wsign-compare]
  759 |   for (unsigned int i=0; i<n_clust; i++)
      |                          ~^~~~~~~~
In file included from kmean_function.cpp:1:
peak.h: In member function ‘std::vector<double> peak::area(int, char) const’:
peak.h:154:46: warning: ‘D’ may be used uninitialized in this function [-Wmaybe-uninitialized]
  154 |                 area_def[0] = sqrt(area[0]/2)/D;
      |                               ~~~~~~~~~~~~~~~^~
g++ -std=gnu++11 -shared -L/home/biocbuild/bbs-3.15-bioc/R/lib -L/usr/local/lib -o FunChIP.so kmean_function.o -L/home/biocbuild/bbs-3.15-bioc/R/lib -lR
installing to /home/biocbuild/bbs-3.15-bioc/R/library/00LOCK-FunChIP/00new/FunChIP/libs
** R
** data
*** moving datasets to lazyload DB
** inst
** byte-compile and prepare package for lazy loading
** help
*** installing help indices
** building package indices
** installing vignettes
** testing if installed package can be loaded from temporary location
** checking absolute paths in shared objects and dynamic libraries
** testing if installed package can be loaded from final location
** testing if installed package keeps a record of temporary installation path
* DONE (FunChIP)

Tests output


Example timings

FunChIP.Rcheck/FunChIP-Ex.timings

nameusersystemelapsed
GR1000.0480.0000.048
bending_index0.0210.0000.021
choose_k-method0.0520.0000.052
cluster_peak-method1.8360.0081.844
compute_fragments_length3.6210.2223.849
distance_peak0.0140.0000.015
peaks0.0010.0000.001
pileup_peak-method2.3660.4122.775
plot_peak-method0.0640.0080.073
silhouette_plot1.1090.0481.156
smooth_peak-method4.0600.3044.364
summit_peak-method0.0110.0000.010