Back to Multiple platform build/check report for BioC 3.16
ABCDE[F]GHIJKLMNOPQRSTUVWXYZ

This page was generated on 2022-06-29 11:05:06 -0400 (Wed, 29 Jun 2022).

HostnameOSArch (*)R versionInstalled pkgs
nebbiolo2Linux (Ubuntu 20.04.4 LTS)x86_644.2.0 Patched (2022-06-02 r82447) -- "Vigorous Calisthenics" 4343
lconwaymacOS 12.2.1 Montereyx86_644.2.0 Patched (2022-05-29 r82424) -- "Vigorous Calisthenics" 4159
Click on any hostname to see more info about the system (e.g. compilers)      (*) as reported by 'uname -p', except on Windows and Mac OS X

BUILD results for FastqCleaner on lconway


To the developers/maintainers of the FastqCleaner package:
- Please allow up to 24 hours (and sometimes 48 hours) for your latest push to git@git.bioconductor.org:packages/FastqCleaner.git to
reflect on this report. See How and When does the builder pull? When will my changes propagate? for more information.
- Make sure to use the following settings in order to reproduce any error or warning you see on this page.

raw results

Package 642/2124HostnameOS / ArchINSTALLBUILDCHECKBUILD BIN
FastqCleaner 1.15.0  (landing page)
Leandro Roser
Snapshot Date: 2022-06-28 14:00:02 -0400 (Tue, 28 Jun 2022)
git_url: https://git.bioconductor.org/packages/FastqCleaner
git_branch: master
git_last_commit: a1e8f49
git_last_commit_date: 2022-05-03 09:23:57 -0400 (Tue, 03 May 2022)
nebbiolo2Linux (Ubuntu 20.04.4 LTS) / x86_64  OK    ERROR  skipped
lconwaymacOS 12.2.1 Monterey / x86_64  OK    ERROR  skippedskipped

Summary

Package: FastqCleaner
Version: 1.15.0
Command: /Library/Frameworks/R.framework/Resources/bin/R CMD build --keep-empty-dirs --no-resave-data FastqCleaner
StartedAt: 2022-06-28 16:40:27 -0400 (Tue, 28 Jun 2022)
EndedAt: 2022-06-28 16:41:38 -0400 (Tue, 28 Jun 2022)
EllapsedTime: 70.9 seconds
RetCode: 1
Status:   ERROR  
PackageFile: None
PackageFileSize: NA

Command output

##############################################################################
##############################################################################
###
### Running command:
###
###   /Library/Frameworks/R.framework/Resources/bin/R CMD build --keep-empty-dirs --no-resave-data FastqCleaner
###
##############################################################################
##############################################################################


* checking for file ‘FastqCleaner/DESCRIPTION’ ... OK
* preparing ‘FastqCleaner’:
* checking DESCRIPTION meta-information ... OK
* cleaning src
* installing the package to build vignettes
* creating vignettes ... ERROR
--- re-building ‘Overview.Rmd’ using rmarkdown
Quitting from lines 405-456 (Overview.Rmd) 
Error: processing vignette 'Overview.Rmd' failed with diagnostics:
invalid 'size' argument
--- failed re-building ‘Overview.Rmd’

SUMMARY: processing the following file failed:
  ‘Overview.Rmd’

Error: Vignette re-building failed.
Execution halted