Back to Multiple platform build/check report for BioC 3.15
ABCD[E]FGHIJKLMNOPQRSTUVWXYZ

This page was generated on 2022-01-26 11:07:33 -0500 (Wed, 26 Jan 2022).

HostnameOSArch (*)R versionInstalled pkgs
nebbiolo1Linux (Ubuntu 20.04.4 LTS)x86_64R Under development (unstable) (2022-01-05 r81451) -- "Unsuffered Consequences" 4164
riesling1Windows Server 2019 Standardx64R Under development (unstable) (2021-11-21 r81221) -- "Unsuffered Consequences" 4059
palomino3Windows Server 2022 Datacenterx64R Under development (unstable) (2021-12-21 r81400 ucrt) -- "Unsuffered Consequences" 4001
merida1macOS 10.14.6 Mojavex86_64R Under development (unstable) (2022-01-05 r81451) -- "Unsuffered Consequences" 4118
Click on any hostname to see more info about the system (e.g. compilers)      (*) as reported by 'uname -p', except on Windows and Mac OS X

CHECK results for EBcoexpress on riesling1


To the developers/maintainers of the EBcoexpress package:
- Please allow up to 24 hours (and sometimes 48 hours) for your latest push to git@git.bioconductor.org:packages/EBcoexpress.git to
reflect on this report. See How and When does the builder pull? When will my changes propagate? here for more information.
- Make sure to use the following settings in order to reproduce any error or warning you see on this page.

raw results

Package 558/2075HostnameOS / ArchINSTALLBUILDCHECKBUILD BIN
EBcoexpress 1.39.0  (landing page)
John A. Dawson
Snapshot Date: 2022-01-25 13:55:17 -0500 (Tue, 25 Jan 2022)
git_url: https://git.bioconductor.org/packages/EBcoexpress
git_branch: master
git_last_commit: df91098
git_last_commit_date: 2021-10-26 12:02:56 -0500 (Tue, 26 Oct 2021)
nebbiolo1Linux (Ubuntu 20.04.4 LTS) / x86_64  OK    OK    WARNINGS  UNNEEDED, same version is already published
riesling1Windows Server 2019 Standard / x64  OK    OK    WARNINGS    OK  
palomino3Windows Server 2022 Datacenter / x64  OK    OK    WARNINGS    OK  NO, package depends on 'EBarrays' which is not available
merida1macOS 10.14.6 Mojave / x86_64  OK    OK    OK    OK  UNNEEDED, same version is already published

Summary

Package: EBcoexpress
Version: 1.39.0
Command: D:\biocbuild\bbs-3.15-bioc\R\bin\R.exe CMD check --no-multiarch --install=check:EBcoexpress.install-out.txt --library=D:\biocbuild\bbs-3.15-bioc\R\library --no-vignettes --timings EBcoexpress_1.39.0.tar.gz
StartedAt: 2022-01-25 18:52:32 -0500 (Tue, 25 Jan 2022)
EndedAt: 2022-01-25 18:53:19 -0500 (Tue, 25 Jan 2022)
EllapsedTime: 46.5 seconds
RetCode: 0
Status:   WARNINGS  
CheckDir: EBcoexpress.Rcheck
Warnings: 1

Command output

##############################################################################
##############################################################################
###
### Running command:
###
###   D:\biocbuild\bbs-3.15-bioc\R\bin\R.exe CMD check --no-multiarch --install=check:EBcoexpress.install-out.txt --library=D:\biocbuild\bbs-3.15-bioc\R\library --no-vignettes --timings EBcoexpress_1.39.0.tar.gz
###
##############################################################################
##############################################################################


* using log directory 'D:/biocbuild/bbs-3.15-bioc/meat/EBcoexpress.Rcheck'
* using R Under development (unstable) (2021-11-21 r81221)
* using platform: x86_64-w64-mingw32 (64-bit)
* using session charset: ISO8859-1
* using option '--no-vignettes'
* checking for file 'EBcoexpress/DESCRIPTION' ... OK
* checking extension type ... Package
* this is package 'EBcoexpress' version '1.39.0'
* checking package namespace information ... OK
* checking package dependencies ... OK
* checking if this is a source package ... OK
* checking if there is a namespace ... OK
* checking for hidden files and directories ... OK
* checking for portable file names ... OK
* checking whether package 'EBcoexpress' can be installed ... WARNING
Found the following significant warnings:
  EBcoexpress.c:74:15: warning: suggest parentheses around comparison in operand of '|' [-Wparentheses]
See 'D:/biocbuild/bbs-3.15-bioc/meat/EBcoexpress.Rcheck/00install.out' for details.
* checking installed package size ... OK
* checking package directory ... OK
* checking 'build' directory ... OK
* checking DESCRIPTION meta-information ... NOTE
Malformed Description field: should contain one or more complete sentences.
* checking top-level files ... OK
* checking for left-over files ... OK
* checking index information ... OK
* checking package subdirectories ... OK
* checking R files for non-ASCII characters ... OK
* checking R files for syntax errors ... OK
* checking whether the package can be loaded ... OK
* checking whether the package can be loaded with stated dependencies ... OK
* checking whether the package can be unloaded cleanly ... OK
* checking whether the namespace can be loaded with stated dependencies ... OK
* checking whether the namespace can be unloaded cleanly ... OK
* checking dependencies in R code ... NOTE
'library' or 'require' calls in package code:
  'colorspace' 'graph' 'igraph'
  Please use :: or requireNamespace() instead.
  See section 'Suggested packages' in the 'Writing R Extensions' manual.
Packages in Depends field not imported from:
  'EBarrays' 'mclust' 'minqa'
  These packages need to be imported from (in the NAMESPACE file)
  for when this namespace is loaded but not attached.
* checking S3 generic/method consistency ... OK
* checking replacement functions ... OK
* checking foreign function calls ... OK
* checking R code for possible problems ... NOTE
rankMyGenes: warning in sort(table(allNames), decr = TRUE): partial
  argument match of 'decr' to 'decreasing'
bwmc: no visible binding for global variable 'median'
bwmc: no visible binding for global variable 'mad'
ebCoexpressFullTCAECM: no visible global function definition for
  'bobyqa'
ebCoexpressOneStep: no visible global function definition for 'bobyqa'
initializeHP : getMclustHPests : devHelper: no visible global function
  definition for 'density'
initializeHP : getMclustHPests : devHelper : fundDev: no visible global
  function definition for 'dnorm'
initializeHP : getMclustHPests: no visible global function definition
  for 'Mclust'
initializeHP : getMclustHPests : checkMyData : funa: no visible global
  function definition for 'dnorm'
initializeHP : getMclustHPests : checkMyData: no visible global
  function definition for 'density'
initializeHP : getMclustHPests : checkMyData: no visible global
  function definition for 'lines'
initializeHP: no visible global function definition for 'par'
makeMyD: no visible global function definition for 'cor'
priorDiagnostic : funa: no visible global function definition for
  'dnorm'
priorDiagnostic: no visible global function definition for 'density'
priorDiagnostic: no visible global function definition for 'lines'
showNetwork: no visible global function definition for 'graph.full'
showNetwork: no visible global function definition for 'hex'
showNetwork: no visible global function definition for 'RGB'
showNetwork: no visible global function definition for 'layout.circle'
showPair: no visible global function definition for 'palette'
showPair : getUsed: no visible global function definition for 'median'
showPair : getUsed: no visible global function definition for 'mad'
showPair: no visible global function definition for 'box'
showPair: no visible global function definition for 'lm'
showPair: no visible binding for global variable 'segments'
Undefined global functions or variables:
  Mclust RGB bobyqa box cor density dnorm graph.full hex layout.circle
  lines lm mad median palette par segments
Consider adding
  importFrom("grDevices", "palette")
  importFrom("graphics", "box", "lines", "par", "segments")
  importFrom("stats", "cor", "density", "dnorm", "lm", "mad", "median")
to your NAMESPACE file.
* checking Rd files ... OK
* checking Rd metadata ... OK
* checking Rd cross-references ... OK
* checking for missing documentation entries ... OK
* checking for code/documentation mismatches ... OK
* checking Rd \usage sections ... OK
* checking Rd contents ... OK
* checking for unstated dependencies in examples ... OK
* checking contents of 'data' directory ... OK
* checking data for non-ASCII characters ... OK
* checking data for ASCII and uncompressed saves ... OK
* checking line endings in C/C++/Fortran sources/headers ... OK
* checking compiled code ... NOTE
Note: information on .o files for x64 is not available
File 'D:/biocbuild/bbs-3.15-bioc/R/library/EBcoexpress/libs/x64/EBcoexpress.dll':
  Found 'abort', possibly from 'abort' (C), 'runtime' (Fortran)

Compiled code should not call entry points which might terminate R nor
write to stdout/stderr instead of to the console, nor use Fortran I/O
nor system RNGs. The detected symbols are linked into the code but
might come from libraries and not actually be called.

See 'Writing portable packages' in the 'Writing R Extensions' manual.
* checking files in 'vignettes' ... OK
* checking examples ... OK
* checking for unstated dependencies in vignettes ... OK
* checking package vignettes in 'inst/doc' ... OK
* checking running R code from vignettes ... SKIPPED
* checking re-building of vignette outputs ... SKIPPED
* checking PDF version of manual ... OK
* DONE

Status: 1 WARNING, 4 NOTEs
See
  'D:/biocbuild/bbs-3.15-bioc/meat/EBcoexpress.Rcheck/00check.log'
for details.



Installation output

EBcoexpress.Rcheck/00install.out

##############################################################################
##############################################################################
###
### Running command:
###
###   D:\biocbuild\bbs-3.15-bioc\R\bin\R.exe CMD INSTALL EBcoexpress
###
##############################################################################
##############################################################################


* installing to library 'D:/biocbuild/bbs-3.15-bioc/R/library'
* installing *source* package 'EBcoexpress' ...
** using staged installation
** libs
"C:/rtools40/mingw64/bin/"gcc  -I"D:/biocbuild/bbs-3.15-bioc/R/include" -DNDEBUG     -I"C:/extsoft/include"     -O2 -Wall  -std=gnu99 -mfpmath=sse -msse2 -mstackrealign -fno-reorder-blocks-and-partition  -c EBcoexpress.c -o EBcoexpress.o
EBcoexpress.c: In function 'bwmcCworker':
EBcoexpress.c:74:15: warning: suggest parentheses around comparison in operand of '|' [-Wparentheses]
       if(temp < -1 | temp > 1)
          ~~~~~^~~~
C:/rtools40/mingw64/bin/gcc -shared -s -static-libgcc -o EBcoexpress.dll tmp.def EBcoexpress.o -LC:/extsoft/lib/x64 -LC:/extsoft/lib -LD:/biocbuild/bbs-3.15-bioc/R/bin/x64 -lR
installing to D:/biocbuild/bbs-3.15-bioc/R/library/00LOCK-EBcoexpress/00new/EBcoexpress/libs/x64
** R
** data
** demo
** byte-compile and prepare package for lazy loading
** help
*** installing help indices
  converting help for package 'EBcoexpress'
    finding HTML links ... done
    ebCoexpressMeta                         html  
    ebCoexpressSeries                       html  
    fiftyGenes                              html  
    initializeHP                            html  
    makeMyD                                 html  
    priorDiagnostic                         html  
    rankMyGenes                             html  
    showNetwork                             html  
    showPair                                html  
    utilities                               html  
** building package indices
** installing vignettes
** testing if installed package can be loaded from temporary location
** testing if installed package can be loaded from final location
** testing if installed package keeps a record of temporary installation path
* DONE (EBcoexpress)
Making 'packages.html' ...Warning in packageDescription(i, lib.loc = lib, fields = "Title", encoding = "UTF-8") :
  DESCRIPTION file of package 'multiClust' is missing or broken
Warning in packageDescription(i, lib.loc = lib, fields = "Title", encoding = "UTF-8") :
  DESCRIPTION file of package 'SpeCond' is missing or broken
 done

Tests output


Example timings

EBcoexpress.Rcheck/EBcoexpress-Ex.timings

nameusersystemelapsed
ebCoexpressMeta1.080.011.10
ebCoexpressSeries0.720.000.71
fiftyGenes000
initializeHP0.620.000.63
makeMyD0.030.000.03
priorDiagnostic0.910.000.92
rankMyGenes0.670.000.67
showNetwork0.580.030.61
showPair0.030.000.03
utilities000