Back to Multiple platform build/check report for BioC 3.15
ABC[D]EFGHIJKLMNOPQRSTUVWXYZ

This page was generated on 2022-01-22 11:05:44 -0500 (Sat, 22 Jan 2022).

HostnameOSArch (*)R versionInstalled pkgs
nebbiolo1Linux (Ubuntu 20.04.4 LTS)x86_64R Under development (unstable) (2022-01-05 r81451) -- "Unsuffered Consequences" 4163
riesling1Windows Server 2019 Standardx64R Under development (unstable) (2021-11-21 r81221) -- "Unsuffered Consequences" 4058
palomino3Windows Server 2022 Datacenterx64R Under development (unstable) (2021-12-21 r81400 ucrt) -- "Unsuffered Consequences" 4000
merida1macOS 10.14.6 Mojavex86_64R Under development (unstable) (2022-01-05 r81451) -- "Unsuffered Consequences" 4117
Click on any hostname to see more info about the system (e.g. compilers)      (*) as reported by 'uname -p', except on Windows and Mac OS X

BUILD results for Doscheda on nebbiolo1


To the developers/maintainers of the Doscheda package:
- Please allow up to 24 hours (and sometimes 48 hours) for your latest push to git@git.bioconductor.org:packages/Doscheda.git to
reflect on this report. See How and When does the builder pull? When will my changes propagate? here for more information.
- Make sure to use the following settings in order to reproduce any error or warning you see on this page.

raw results

Package 537/2075HostnameOS / ArchINSTALLBUILDCHECKBUILD BIN
Doscheda 1.17.0  (landing page)
Bruno Contrino
Snapshot Date: 2022-01-21 13:55:18 -0500 (Fri, 21 Jan 2022)
git_url: https://git.bioconductor.org/packages/Doscheda
git_branch: master
git_last_commit: 373da77
git_last_commit_date: 2021-10-28 09:31:02 -0500 (Thu, 28 Oct 2021)
nebbiolo1Linux (Ubuntu 20.04.4 LTS) / x86_64  OK    ERROR  skipped
riesling1Windows Server 2019 Standard / x64  OK    ERROR  skippedskipped
palomino3Windows Server 2022 Datacenter / x64  OK    ERROR  skippedskipped
merida1macOS 10.14.6 Mojave / x86_64  OK    ERROR  skippedskipped

Summary

Package: Doscheda
Version: 1.17.0
Command: /home/biocbuild/bbs-3.15-bioc/R/bin/R CMD build --keep-empty-dirs --no-resave-data Doscheda
StartedAt: 2022-01-21 16:17:00 -0500 (Fri, 21 Jan 2022)
EndedAt: 2022-01-21 16:17:34 -0500 (Fri, 21 Jan 2022)
EllapsedTime: 33.9 seconds
RetCode: 1
Status:   ERROR  
PackageFile: None
PackageFileSize: NA

Command output

##############################################################################
##############################################################################
###
### Running command:
###
###   /home/biocbuild/bbs-3.15-bioc/R/bin/R CMD build --keep-empty-dirs --no-resave-data Doscheda
###
##############################################################################
##############################################################################


* checking for file ‘Doscheda/DESCRIPTION’ ... OK
* preparing ‘Doscheda’:
* checking DESCRIPTION meta-information ... OK
* installing the package to build vignettes
* creating vignettes ... ERROR
--- re-building ‘Doscheda.Rmd’ using rmarkdown
Quitting from lines 148-150 (Doscheda.Rmd) 
Error: processing vignette 'Doscheda.Rmd' failed with diagnostics:
undefined columns selected
--- failed re-building ‘Doscheda.Rmd’

SUMMARY: processing the following file failed:
  ‘Doscheda.Rmd’

Error: Vignette re-building failed.
Execution halted