Back to Multiple platform build/check report for BioC 3.15
ABC[D]EFGHIJKLMNOPQRSTUVWXYZ

This page was generated on 2022-01-21 11:07:24 -0500 (Fri, 21 Jan 2022).

HostnameOSArch (*)R versionInstalled pkgs
nebbiolo1Linux (Ubuntu 20.04.4 LTS)x86_64R Under development (unstable) (2022-01-05 r81451) -- "Unsuffered Consequences" 4163
riesling1Windows Server 2019 Standardx64R Under development (unstable) (2021-11-21 r81221) -- "Unsuffered Consequences" 4058
palomino3Windows Server 2022 Datacenterx64R Under development (unstable) (2021-12-21 r81400 ucrt) -- "Unsuffered Consequences" 4000
merida1macOS 10.14.6 Mojavex86_64R Under development (unstable) (2022-01-05 r81451) -- "Unsuffered Consequences" 4117
Click on any hostname to see more info about the system (e.g. compilers)      (*) as reported by 'uname -p', except on Windows and Mac OS X

CHECK results for DMCHMM on riesling1


To the developers/maintainers of the DMCHMM package:
- Please allow up to 24 hours (and sometimes 48 hours) for your latest push to git@git.bioconductor.org:packages/DMCHMM.git to
reflect on this report. See How and When does the builder pull? When will my changes propagate? here for more information.
- Make sure to use the following settings in order to reproduce any error or warning you see on this page.

raw results

Package 525/2075HostnameOS / ArchINSTALLBUILDCHECKBUILD BIN
DMCHMM 1.17.1  (landing page)
Farhad Shokoohi
Snapshot Date: 2022-01-20 13:55:17 -0500 (Thu, 20 Jan 2022)
git_url: https://git.bioconductor.org/packages/DMCHMM
git_branch: master
git_last_commit: 42f5ea8
git_last_commit_date: 2022-01-12 19:48:43 -0500 (Wed, 12 Jan 2022)
nebbiolo1Linux (Ubuntu 20.04.4 LTS) / x86_64  OK    OK    OK  UNNEEDED, same version is already published
riesling1Windows Server 2019 Standard / x64  OK    OK    WARNINGS    OK  
palomino3Windows Server 2022 Datacenter / x64  OK    OK    WARNINGS    OK  NO, package depends on 'SummarizedExperiment' which is not available
merida1macOS 10.14.6 Mojave / x86_64  OK    OK    OK    OK  UNNEEDED, same version is already published

Summary

Package: DMCHMM
Version: 1.17.1
Command: D:\biocbuild\bbs-3.15-bioc\R\bin\R.exe CMD check --no-multiarch --install=check:DMCHMM.install-out.txt --library=D:\biocbuild\bbs-3.15-bioc\R\library --no-vignettes --timings DMCHMM_1.17.1.tar.gz
StartedAt: 2022-01-20 18:44:53 -0500 (Thu, 20 Jan 2022)
EndedAt: 2022-01-20 18:50:52 -0500 (Thu, 20 Jan 2022)
EllapsedTime: 359.5 seconds
RetCode: 0
Status:   WARNINGS  
CheckDir: DMCHMM.Rcheck
Warnings: 1

Command output

##############################################################################
##############################################################################
###
### Running command:
###
###   D:\biocbuild\bbs-3.15-bioc\R\bin\R.exe CMD check --no-multiarch --install=check:DMCHMM.install-out.txt --library=D:\biocbuild\bbs-3.15-bioc\R\library --no-vignettes --timings DMCHMM_1.17.1.tar.gz
###
##############################################################################
##############################################################################


* using log directory 'D:/biocbuild/bbs-3.15-bioc/meat/DMCHMM.Rcheck'
* using R Under development (unstable) (2021-11-21 r81221)
* using platform: x86_64-w64-mingw32 (64-bit)
* using session charset: ISO8859-1
* using option '--no-vignettes'
* checking for file 'DMCHMM/DESCRIPTION' ... OK
* checking extension type ... Package
* this is package 'DMCHMM' version '1.17.1'
* package encoding: UTF-8
* checking package namespace information ... OK
* checking package dependencies ... NOTE
Depends: includes the non-default packages:
  'SummarizedExperiment', 'S4Vectors', 'BiocParallel', 'GenomicRanges',
  'IRanges', 'fdrtool'
Adding so many packages to the search path is excessive and importing
selectively is preferable.
* checking if this is a source package ... OK
* checking if there is a namespace ... OK
* checking for hidden files and directories ... OK
* checking for portable file names ... OK
* checking whether package 'DMCHMM' can be installed ... WARNING
Found the following significant warnings:
  Warning: replacing previous import 'IRanges::windows' by 'grDevices::windows' when loading 'DMCHMM'
See 'D:/biocbuild/bbs-3.15-bioc/meat/DMCHMM.Rcheck/00install.out' for details.
* checking installed package size ... OK
* checking package directory ... OK
* checking 'build' directory ... OK
* checking DESCRIPTION meta-information ... OK
* checking top-level files ... OK
* checking for left-over files ... OK
* checking index information ... OK
* checking package subdirectories ... OK
* checking R files for non-ASCII characters ... OK
* checking R files for syntax errors ... OK
* checking whether the package can be loaded ... OK
* checking whether the package can be loaded with stated dependencies ... OK
* checking whether the package can be unloaded cleanly ... OK
* checking whether the namespace can be loaded with stated dependencies ... OK
* checking whether the namespace can be unloaded cleanly ... OK
* checking dependencies in R code ... OK
* checking S3 generic/method consistency ... OK
* checking replacement functions ... OK
* checking foreign function calls ... OK
* checking R code for possible problems ... OK
* checking Rd files ... OK
* checking Rd metadata ... OK
* checking Rd cross-references ... OK
* checking for missing documentation entries ... OK
* checking for code/documentation mismatches ... OK
* checking Rd \usage sections ... OK
* checking Rd contents ... OK
* checking for unstated dependencies in examples ... OK
* checking files in 'vignettes' ... OK
* checking examples ... OK
Examples with CPU (user + system) or elapsed time > 5s
                      user system elapsed
findDMCs-method      48.86   0.17   49.03
manhattanDMCs-method 48.14   0.04   48.18
qqDMCs-method        45.13   0.02   45.14
methHMMCMC-method    34.64   0.01   34.66
* checking for unstated dependencies in 'tests' ... OK
* checking tests ...
  Running 'testthat.R'
 OK
* checking for unstated dependencies in vignettes ... OK
* checking package vignettes in 'inst/doc' ... OK
* checking running R code from vignettes ... SKIPPED
* checking re-building of vignette outputs ... SKIPPED
* checking PDF version of manual ... OK
* DONE

Status: 1 WARNING, 1 NOTE
See
  'D:/biocbuild/bbs-3.15-bioc/meat/DMCHMM.Rcheck/00check.log'
for details.



Installation output

DMCHMM.Rcheck/00install.out

##############################################################################
##############################################################################
###
### Running command:
###
###   D:\biocbuild\bbs-3.15-bioc\R\bin\R.exe CMD INSTALL DMCHMM
###
##############################################################################
##############################################################################


* installing to library 'D:/biocbuild/bbs-3.15-bioc/R/library'
* installing *source* package 'DMCHMM' ...
** using staged installation
** R
** inst
** byte-compile and prepare package for lazy loading
Warning: replacing previous import 'IRanges::windows' by 'grDevices::windows' when loading 'DMCHMM'
** help
*** installing help indices
  converting help for package 'DMCHMM'
    finding HTML links ... done
    BSDMCs-class                            html  
    BSData-class                            html  
    finding level-2 HTML links ... done

    DMCHMM-package                          html  
    cBSDMCs-method                          html  
    cBSData-method                          html  
    combine-method                          html  
    data                                    html  
    findDMCs-method                         html  
    manhattanDMCs-method                    html  
    methHMEM-method                         html  
    methHMMCMC-method                       html  
    methLevels-method                       html  
    methReads-method                        html  
    methStates-method                       html  
    methVars-method                         html  
    params                                  html  
    qqDMCs-method                           html  
    readBismark-method                      html  
    totalReads-method                       html  
    writeBED-method                         html  
** building package indices
** installing vignettes
** testing if installed package can be loaded from temporary location
Warning: replacing previous import 'IRanges::windows' by 'grDevices::windows' when loading 'DMCHMM'
** testing if installed package can be loaded from final location
Warning: replacing previous import 'IRanges::windows' by 'grDevices::windows' when loading 'DMCHMM'
** testing if installed package keeps a record of temporary installation path
* DONE (DMCHMM)
Making 'packages.html' ... done

Tests output

DMCHMM.Rcheck/tests/testthat.Rout


R Under development (unstable) (2021-11-21 r81221) -- "Unsuffered Consequences"
Copyright (C) 2021 The R Foundation for Statistical Computing
Platform: x86_64-w64-mingw32/x64 (64-bit)

R is free software and comes with ABSOLUTELY NO WARRANTY.
You are welcome to redistribute it under certain conditions.
Type 'license()' or 'licence()' for distribution details.

R is a collaborative project with many contributors.
Type 'contributors()' for more information and
'citation()' on how to cite R or R packages in publications.

Type 'demo()' for some demos, 'help()' for on-line help, or
'help.start()' for an HTML browser interface to help.
Type 'q()' to quit R.

> library(testthat)
> library(DMCHMM)
Loading required package: SummarizedExperiment
Loading required package: MatrixGenerics
Loading required package: matrixStats

Attaching package: 'MatrixGenerics'

The following objects are masked from 'package:matrixStats':

    colAlls, colAnyNAs, colAnys, colAvgsPerRowSet, colCollapse,
    colCounts, colCummaxs, colCummins, colCumprods, colCumsums,
    colDiffs, colIQRDiffs, colIQRs, colLogSumExps, colMadDiffs,
    colMads, colMaxs, colMeans2, colMedians, colMins, colOrderStats,
    colProds, colQuantiles, colRanges, colRanks, colSdDiffs, colSds,
    colSums2, colTabulates, colVarDiffs, colVars, colWeightedMads,
    colWeightedMeans, colWeightedMedians, colWeightedSds,
    colWeightedVars, rowAlls, rowAnyNAs, rowAnys, rowAvgsPerColSet,
    rowCollapse, rowCounts, rowCummaxs, rowCummins, rowCumprods,
    rowCumsums, rowDiffs, rowIQRDiffs, rowIQRs, rowLogSumExps,
    rowMadDiffs, rowMads, rowMaxs, rowMeans2, rowMedians, rowMins,
    rowOrderStats, rowProds, rowQuantiles, rowRanges, rowRanks,
    rowSdDiffs, rowSds, rowSums2, rowTabulates, rowVarDiffs, rowVars,
    rowWeightedMads, rowWeightedMeans, rowWeightedMedians,
    rowWeightedSds, rowWeightedVars

Loading required package: GenomicRanges
Loading required package: stats4
Loading required package: BiocGenerics

Attaching package: 'BiocGenerics'

The following objects are masked from 'package:stats':

    IQR, mad, sd, var, xtabs

The following objects are masked from 'package:base':

    Filter, Find, Map, Position, Reduce, anyDuplicated, append,
    as.data.frame, basename, cbind, colnames, dirname, do.call,
    duplicated, eval, evalq, get, grep, grepl, intersect, is.unsorted,
    lapply, mapply, match, mget, order, paste, pmax, pmax.int, pmin,
    pmin.int, rank, rbind, rownames, sapply, setdiff, sort, table,
    tapply, union, unique, unsplit, which.max, which.min

Loading required package: S4Vectors

Attaching package: 'S4Vectors'

The following objects are masked from 'package:base':

    I, expand.grid, unname

Loading required package: IRanges

Attaching package: 'IRanges'

The following object is masked from 'package:grDevices':

    windows

Loading required package: GenomeInfoDb
Loading required package: Biobase
Welcome to Bioconductor

    Vignettes contain introductory material; view with
    'browseVignettes()'. To cite Bioconductor, see
    'citation("Biobase")', and for packages 'citation("pkgname")'.


Attaching package: 'Biobase'

The following object is masked from 'package:MatrixGenerics':

    rowMedians

The following objects are masked from 'package:matrixStats':

    anyMissing, rowMedians

Loading required package: BiocParallel
Loading required package: fdrtool
DMCHMM package, Version 1.17.1, Released 2020-09-27
A pipeline for identifying differentially methylated CpG sites 
    using Hidden Markov Model in bisulfite sequencing data. DNA methylation 
    studies have enabled researchers to understand methylation patterns and 
    their regulatory roles in biological processes and disease. However, only 
    a limited number of statistical approaches have been developed to provide 
    formal quantitative analysis. Specifically, a few available methods do 
    identify differentially methylated CpG (DMC) sites or regions (DMR), but 
    they suffer from limitations that arise mostly due to challenges inherent 
    in bisulfite sequencing data. These challenges include: (1) that 
    read-depths vary considerably among genomic positions and are often low; 
    (2) both methylation and autocorrelation patterns change as regions change; 
    and (3) CpG sites are distributed unevenly. Furthermore, there are several 
    methodological limitations: almost none of these tools is capable of 
    comparing multiple groups and/or working with missing values, and only a 
    few allow continuous or multiple covariates. The last of these is of great 
    interest among researchers, as the goal is often to find which regions of 
    the genome are associated with several exposures and traits. To tackle 
    these issues, we have developed an efficient DMC identification method 
    based on Hidden Markov Models (HMMs) called “DMCHMM” which is a three-step 
    approach (model selection, prediction, testing) aiming to address the 
    aforementioned drawbacks.
BugReports: https://github.com/shokoohi/DMCHMM/issues

Attaching package: 'DMCHMM'

The following object is masked from 'package:Biobase':

    combine

The following object is masked from 'package:BiocGenerics':

    combine

Warning message:
replacing previous import 'IRanges::windows' by 'grDevices::windows' when loading 'DMCHMM' 
> 
> test_check("DMCHMM")

  |                                                                            
  |                                                                      |   0%
  |                                                                            
  |=========                                                             |  12%
  |                                                                            
  |==================                                                    |  25%
  |                                                                            
  |==========================                                            |  38%
  |                                                                            
  |===================================                                   |  50%
  |                                                                            
  |============================================                          |  62%
  |                                                                            
  |====================================================                  |  75%
  |                                                                            
  |=============================================================         |  88%
  |                                                                            
  |======================================================================| 100%

[ FAIL 0 | WARN 1 | SKIP 0 | PASS 1 ]
> 
> proc.time()
   user  system elapsed 
  11.50    0.45   11.96 

Example timings

DMCHMM.Rcheck/DMCHMM-Ex.timings

nameusersystemelapsed
BSDMCs-class0.120.000.13
BSData-class0.110.000.11
cBSDMCs-method0.070.000.07
cBSData-method0.040.000.04
combine-method0.220.000.22
findDMCs-method48.86 0.1749.03
manhattanDMCs-method48.14 0.0448.18
methHMEM-method2.470.002.46
methHMMCMC-method34.64 0.0134.66
methLevels-method0.040.000.04
methReads-method0.050.000.05
methStates-method0.050.000.05
methVars-method0.040.000.04
qqDMCs-method45.13 0.0245.14
readBismark-method0.280.000.29
totalReads-method0.050.000.04