Back to Multiple platform build/check report for BioC 3.17:   simplified   long
ABC[D]EFGHIJKLMNOPQRSTUVWXYZ

This page was generated on 2023-02-04 11:04:49 -0500 (Sat, 04 Feb 2023).

HostnameOSArch (*)R versionInstalled pkgs
nebbiolo1Linux (Ubuntu 22.04.1 LTS)x86_64R Under development (unstable) (2023-01-10 r83596) -- "Unsuffered Consequences" 4483
palomino3Windows Server 2022 Datacenterx64R Under development (unstable) (2023-01-10 r83596 ucrt) -- "Unsuffered Consequences" 4249
merida1macOS 10.14.6 Mojavex86_64R Under development (unstable) (2023-01-10 r83596) -- "Unsuffered Consequences" 4272
Click on any hostname to see more info about the system (e.g. compilers)      (*) as reported by 'uname -p', except on Windows and Mac OS X

CHECK results for DEGreport on nebbiolo1


To the developers/maintainers of the DEGreport package:
- Please allow up to 24 hours (and sometimes 48 hours) for your latest push to git@git.bioconductor.org:packages/DEGreport.git to
reflect on this report. See How and When does the builder pull? When will my changes propagate? for more information.
- Make sure to use the following settings in order to reproduce any error or warning you see on this page.

raw results

Package 492/2164HostnameOS / ArchINSTALLBUILDCHECKBUILD BIN
DEGreport 1.35.0  (landing page)
Lorena Pantano
Snapshot Date: 2023-02-03 14:00:22 -0500 (Fri, 03 Feb 2023)
git_url: https://git.bioconductor.org/packages/DEGreport
git_branch: master
git_last_commit: 23d1855
git_last_commit_date: 2022-11-01 11:09:50 -0500 (Tue, 01 Nov 2022)
nebbiolo1Linux (Ubuntu 22.04.1 LTS) / x86_64  OK    OK    WARNINGS  UNNEEDED, same version is already published
palomino3Windows Server 2022 Datacenter / x64  OK    OK    WARNINGS    OK  UNNEEDED, same version is already published
merida1macOS 10.14.6 Mojave / x86_64  OK    OK    WARNINGS    OK  UNNEEDED, same version is already published

Summary

Package: DEGreport
Version: 1.35.0
Command: /home/biocbuild/bbs-3.17-bioc/R/bin/R CMD check --install=check:DEGreport.install-out.txt --library=/home/biocbuild/bbs-3.17-bioc/R/library --timings DEGreport_1.35.0.tar.gz
StartedAt: 2023-02-03 20:11:05 -0500 (Fri, 03 Feb 2023)
EndedAt: 2023-02-03 20:16:48 -0500 (Fri, 03 Feb 2023)
EllapsedTime: 342.7 seconds
RetCode: 0
Status:   WARNINGS  
CheckDir: DEGreport.Rcheck
Warnings: 1

Command output

##############################################################################
##############################################################################
###
### Running command:
###
###   /home/biocbuild/bbs-3.17-bioc/R/bin/R CMD check --install=check:DEGreport.install-out.txt --library=/home/biocbuild/bbs-3.17-bioc/R/library --timings DEGreport_1.35.0.tar.gz
###
##############################################################################
##############################################################################


* using log directory ‘/home/biocbuild/bbs-3.17-bioc/meat/DEGreport.Rcheck’
* using R Under development (unstable) (2023-01-10 r83596)
* using platform: x86_64-pc-linux-gnu (64-bit)
* R was compiled by
    gcc (Ubuntu 11.3.0-1ubuntu1~22.04) 11.3.0
    GNU Fortran (Ubuntu 11.3.0-1ubuntu1~22.04) 11.3.0
* running under: Ubuntu 22.04.1 LTS
* using session charset: UTF-8
* checking for file ‘DEGreport/DESCRIPTION’ ... OK
* checking extension type ... Package
* this is package ‘DEGreport’ version ‘1.35.0’
* package encoding: UTF-8
* checking package namespace information ... OK
* checking package dependencies ... OK
* checking if this is a source package ... OK
* checking if there is a namespace ... OK
* checking for hidden files and directories ... NOTE
Found the following hidden files and directories:
  .travis.yml
These were most likely included in error. See section ‘Package
structure’ in the ‘Writing R Extensions’ manual.
* checking for portable file names ... OK
* checking for sufficient/correct file permissions ... OK
* checking whether package ‘DEGreport’ can be installed ... OK
* checking installed package size ... OK
* checking package directory ... OK
* checking ‘build’ directory ... OK
* checking DESCRIPTION meta-information ... OK
* checking top-level files ... OK
* checking for left-over files ... OK
* checking index information ... OK
* checking package subdirectories ... OK
* checking R files for non-ASCII characters ... OK
* checking R files for syntax errors ... OK
* checking whether the package can be loaded ... OK
* checking whether the package can be loaded with stated dependencies ... OK
* checking whether the package can be unloaded cleanly ... OK
* checking whether the namespace can be loaded with stated dependencies ... OK
* checking whether the namespace can be unloaded cleanly ... OK
* checking dependencies in R code ... OK
* checking S3 generic/method consistency ... OK
* checking replacement functions ... OK
* checking foreign function calls ... OK
* checking R code for possible problems ... NOTE
.benckmark_cutoff: no visible binding for global variable ‘cutoff’
.benckmark_cutoff: no visible binding for global variable ‘cluster’
.convertIDs: no visible global function definition for ‘keys’
.correct_fdr: no visible global function definition for ‘fdrtool’
.generate_scatter_plot: no visible binding for global variable
  ‘compare’
.generate_scatter_plot: no visible binding for global variable ‘covar’
.get_counts: no visible global function definition for ‘counts’
.model: no visible global function definition for ‘lm’
.plot_raw: no visible binding for global variable ‘.x’
.plot_shrunken: no visible binding for global variable ‘.x’
.process: no visible binding for global variable ‘genes’
.process: no visible binding for global variable ‘cluster’
.reduce : <anonymous> : <anonymous>: no visible global function
  definition for ‘boxplot’
.reduce_covariates : <anonymous>: no visible binding for global
  variable ‘fdr’
.reduce_covariates : <anonymous>: no visible binding for global
  variable ‘compare’
.reduce_covariates : <anonymous>: no visible binding for global
  variable ‘r’
.reduce_covariates : <anonymous>: no visible binding for global
  variable ‘p.value’
.run_cluster_profiler: no visible global function definition for
  ‘enrichGO’
.run_cluster_profiler: no visible global function definition for
  ‘simplify’
.select_concensus_genes: no visible global function definition for
  ‘desc’
.select_concensus_genes: no visible binding for global variable ‘score’
.select_concensus_genes: no visible binding for global variable ‘k’
.select_concensus_genes: no visible binding for global variable
  ‘itemConsensus’
.summarise_res: no visible global function definition for ‘matches’
.summarise_res: no visible binding for global variable ‘comparison’
.summarise_res: no visible binding for global variable ‘gene’
.summarise_res: no visible binding for global variable ‘value_fdr’
.summarise_res: no visible binding for global variable ‘value_fc’
.table_w_fc: no visible binding for global variable ‘comp’
.table_w_fc: no visible binding for global variable ‘log2FoldChange’
degCheckFactors: no visible binding for global variable ‘ratios’
degCorCov: no visible binding for global variable ‘compare’
degCovariates: no visible binding for global variable ‘x’
degCovariates: no visible binding for global variable ‘y’
degCovariates: no visible binding for global variable ‘xend’
degCovariates: no visible binding for global variable ‘yend’
degCovariates: no visible binding for global variable ‘pvalue’
degMA: no visible binding for global variable ‘base_mean’
degMA: no visible binding for global variable ‘log2fc’
degMV: no visible binding for global variable ‘min_median’
degMV: no visible binding for global variable ‘max_sd’
degPatterns: no visible global function definition for ‘rowMedians’
degPatterns: no visible binding for global variable ‘genes’
degPlotCluster: no visible binding for global variable ‘genes’
degPlotCluster: no visible binding for global variable ‘cluster’
degPlotWide : <anonymous>: no visible binding for global variable
  ‘count’
significants,TopTags: no visible binding for global variable ‘FDR’
significants,TopTags: no visible binding for global variable ‘logFC’
significants,list : <anonymous>: no visible global function definition
  for ‘matches’
Undefined global functions or variables:
  .x FDR base_mean boxplot cluster comp compare comparison count counts
  covar cutoff desc enrichGO fdr fdrtool gene genes itemConsensus k
  keys lm log2FoldChange log2fc logFC matches max_sd min_median p.value
  pvalue r ratios rowMedians score simplify value_fc value_fdr x xend y
  yend
Consider adding
  importFrom("graphics", "boxplot")
  importFrom("stats", "lm")
to your NAMESPACE file.
* checking Rd files ... WARNING
checkRd: (7) DEGreport-deprecated.Rd:35: Invalid email address: @jnhutchinson
checkRd: (7) DEGreport-deprecated.Rd:36: Invalid email address: @vbarrera
checkRd: (7) DEGreport-deprecated.Rd:37: Invalid email address: @marypiper
checkRd: (7) DEGreport-deprecated.Rd:38: Invalid email address: @rkhetani
checkRd: (7) DEGreport-deprecated.Rd:41: Invalid email address: @roryk
checkRd: (7) DEGreport-deprecated.Rd:42: Invalid email address: @mjsteinbaugh
* checking Rd metadata ... OK
* checking Rd cross-references ... OK
* checking for missing documentation entries ... OK
* checking for code/documentation mismatches ... OK
* checking Rd \usage sections ... OK
* checking Rd contents ... OK
* checking for unstated dependencies in examples ... OK
* checking contents of ‘data’ directory ... OK
* checking data for non-ASCII characters ... OK
* checking data for ASCII and uncompressed saves ... OK
* checking files in ‘vignettes’ ... OK
* checking examples ... OK
Examples with CPU (user + system) or elapsed time > 5s
            user system elapsed
degResults 8.120  0.116   8.236
degPlot    6.320  0.139   6.461
degComps   6.222  0.028   6.250
degQC      5.203  0.035   5.239
DEGSet     4.860  0.225   5.084
* checking for unstated dependencies in ‘tests’ ... OK
* checking tests ...
  Running ‘testthat.R’
 OK
* checking for unstated dependencies in vignettes ... OK
* checking package vignettes in ‘inst/doc’ ... OK
* checking running R code from vignettes ...
  ‘DEGreport.Rmd’ using ‘UTF-8’... OK
 NONE
* checking re-building of vignette outputs ... OK
* checking PDF version of manual ... OK
* DONE

Status: 1 WARNING, 2 NOTEs
See
  ‘/home/biocbuild/bbs-3.17-bioc/meat/DEGreport.Rcheck/00check.log’
for details.



Installation output

DEGreport.Rcheck/00install.out

##############################################################################
##############################################################################
###
### Running command:
###
###   /home/biocbuild/bbs-3.17-bioc/R/bin/R CMD INSTALL DEGreport
###
##############################################################################
##############################################################################


* installing to library ‘/home/biocbuild/bbs-3.17-bioc/R/library’
* installing *source* package ‘DEGreport’ ...
** using staged installation
** R
** data
** inst
** byte-compile and prepare package for lazy loading
** help
*** installing help indices
** building package indices
** installing vignettes
** testing if installed package can be loaded from temporary location
** testing if installed package can be loaded from final location
** testing if installed package keeps a record of temporary installation path
* DONE (DEGreport)

Tests output

DEGreport.Rcheck/tests/testthat.Rout


R Under development (unstable) (2023-01-10 r83596) -- "Unsuffered Consequences"
Copyright (C) 2023 The R Foundation for Statistical Computing
Platform: x86_64-pc-linux-gnu (64-bit)

R is free software and comes with ABSOLUTELY NO WARRANTY.
You are welcome to redistribute it under certain conditions.
Type 'license()' or 'licence()' for distribution details.

R is a collaborative project with many contributors.
Type 'contributors()' for more information and
'citation()' on how to cite R or R packages in publications.

Type 'demo()' for some demos, 'help()' for on-line help, or
'help.start()' for an HTML browser interface to help.
Type 'q()' to quit R.

> library(testthat)
> library(edgeR)
Loading required package: limma
> library(DESeq2)
Loading required package: S4Vectors
Loading required package: stats4
Loading required package: BiocGenerics

Attaching package: 'BiocGenerics'

The following object is masked from 'package:limma':

    plotMA

The following objects are masked from 'package:stats':

    IQR, mad, sd, var, xtabs

The following objects are masked from 'package:base':

    Filter, Find, Map, Position, Reduce, anyDuplicated, aperm, append,
    as.data.frame, basename, cbind, colnames, dirname, do.call,
    duplicated, eval, evalq, get, grep, grepl, intersect, is.unsorted,
    lapply, mapply, match, mget, order, paste, pmax, pmax.int, pmin,
    pmin.int, rank, rbind, rownames, sapply, setdiff, sort, table,
    tapply, union, unique, unsplit, which.max, which.min


Attaching package: 'S4Vectors'

The following objects are masked from 'package:base':

    I, expand.grid, unname

Loading required package: IRanges
Loading required package: GenomicRanges
Loading required package: GenomeInfoDb
Loading required package: SummarizedExperiment
Loading required package: MatrixGenerics
Loading required package: matrixStats

Attaching package: 'MatrixGenerics'

The following objects are masked from 'package:matrixStats':

    colAlls, colAnyNAs, colAnys, colAvgsPerRowSet, colCollapse,
    colCounts, colCummaxs, colCummins, colCumprods, colCumsums,
    colDiffs, colIQRDiffs, colIQRs, colLogSumExps, colMadDiffs,
    colMads, colMaxs, colMeans2, colMedians, colMins, colOrderStats,
    colProds, colQuantiles, colRanges, colRanks, colSdDiffs, colSds,
    colSums2, colTabulates, colVarDiffs, colVars, colWeightedMads,
    colWeightedMeans, colWeightedMedians, colWeightedSds,
    colWeightedVars, rowAlls, rowAnyNAs, rowAnys, rowAvgsPerColSet,
    rowCollapse, rowCounts, rowCummaxs, rowCummins, rowCumprods,
    rowCumsums, rowDiffs, rowIQRDiffs, rowIQRs, rowLogSumExps,
    rowMadDiffs, rowMads, rowMaxs, rowMeans2, rowMedians, rowMins,
    rowOrderStats, rowProds, rowQuantiles, rowRanges, rowRanks,
    rowSdDiffs, rowSds, rowSums2, rowTabulates, rowVarDiffs, rowVars,
    rowWeightedMads, rowWeightedMeans, rowWeightedMedians,
    rowWeightedSds, rowWeightedVars

Loading required package: Biobase
Welcome to Bioconductor

    Vignettes contain introductory material; view with
    'browseVignettes()'. To cite Bioconductor, see
    'citation("Biobase")', and for packages 'citation("pkgname")'.


Attaching package: 'Biobase'

The following object is masked from 'package:MatrixGenerics':

    rowMedians

The following objects are masked from 'package:matrixStats':

    anyMissing, rowMedians

> library(DEGreport)
> 
> test_check("DEGreport")
[ FAIL 0 | WARN 6 | SKIP 0 | PASS 64 ]

[ FAIL 0 | WARN 6 | SKIP 0 | PASS 64 ]
> 
> proc.time()
   user  system elapsed 
 33.890   0.995  34.879 

Example timings

DEGreport.Rcheck/DEGreport-Ex.timings

nameusersystemelapsed
DEGSet4.8600.2255.084
degCheckFactors0.7790.0400.819
degColors4.8490.0914.941
degComps6.2220.0286.250
degCorCov0.7870.0230.811
degCovariates2.8620.1002.962
degDefault3.0430.0493.091
degFilter0.2930.0040.297
degMA2.9760.0072.984
degMB4.670.044.71
degMDS0.6960.0080.703
degMV4.7120.0444.757
degMean4.5820.0564.638
degObj0.2990.0080.308
degPCA0.7250.0040.730
degPatterns1.6090.0241.633
degPlot6.3200.1396.461
degPlotCluster1.8360.0201.856
degPlotWide4.4700.0214.490
degQC5.2030.0355.239
degResults8.1200.1168.236
degSignature0.6470.0050.699
degSummary4.2000.0514.252
degVB4.2010.0124.214
degVar4.4260.0604.487
degVolcano2.1760.0002.176
geom_cor0.4640.0160.481
significants4.8210.0644.885