Back to Multiple platform build/check report for BioC 3.16
ABC[D]EFGHIJKLMNOPQRSTUVWXYZ

This page was generated on 2022-06-24 11:07:43 -0400 (Fri, 24 Jun 2022).

HostnameOSArch (*)R versionInstalled pkgs
nebbiolo2Linux (Ubuntu 20.04.4 LTS)x86_644.2.0 Patched (2022-06-02 r82447) -- "Vigorous Calisthenics" 4331
palomino4Windows Server 2022 Datacenterx644.2.0 Patched (2022-06-02 r82447 ucrt) -- "Vigorous Calisthenics" 4136
lconwaymacOS 12.2.1 Montereyx86_644.2.0 Patched (2022-05-29 r82424) -- "Vigorous Calisthenics" 4147
Click on any hostname to see more info about the system (e.g. compilers)      (*) as reported by 'uname -p', except on Windows and Mac OS X

BUILD results for DAPAR on lconway


To the developers/maintainers of the DAPAR package:
- Please allow up to 24 hours (and sometimes 48 hours) for your latest push to git@git.bioconductor.org:packages/DAPAR.git to
reflect on this report. See How and When does the builder pull? When will my changes propagate? for more information.
- Make sure to use the following settings in order to reproduce any error or warning you see on this page.

raw results

Package 463/2118HostnameOS / ArchINSTALLBUILDCHECKBUILD BIN
DAPAR 1.29.0  (landing page)
Samuel Wieczorek
Snapshot Date: 2022-06-23 14:00:04 -0400 (Thu, 23 Jun 2022)
git_url: https://git.bioconductor.org/packages/DAPAR
git_branch: master
git_last_commit: a4d4a4f
git_last_commit_date: 2022-06-22 07:24:49 -0400 (Wed, 22 Jun 2022)
nebbiolo2Linux (Ubuntu 20.04.4 LTS) / x86_64  OK    ERROR  skipped
palomino4Windows Server 2022 Datacenter / x64  OK    ERROR  skippedskipped
lconwaymacOS 12.2.1 Monterey / x86_64  OK    ERROR  skippedskipped

Summary

Package: DAPAR
Version: 1.29.0
Command: /Library/Frameworks/R.framework/Resources/bin/R CMD build --keep-empty-dirs --no-resave-data DAPAR
StartedAt: 2022-06-23 16:18:19 -0400 (Thu, 23 Jun 2022)
EndedAt: 2022-06-23 16:18:41 -0400 (Thu, 23 Jun 2022)
EllapsedTime: 22.6 seconds
RetCode: 1
Status:   ERROR  
PackageFile: None
PackageFileSize: NA

Command output

##############################################################################
##############################################################################
###
### Running command:
###
###   /Library/Frameworks/R.framework/Resources/bin/R CMD build --keep-empty-dirs --no-resave-data DAPAR
###
##############################################################################
##############################################################################


* checking for file ‘DAPAR/DESCRIPTION’ ... OK
* preparing ‘DAPAR’:
* checking DESCRIPTION meta-information ... OK
* installing the package to build vignettes
* creating vignettes ... ERROR
Error in tools::buildVignettes(dir = ".", tangle = TRUE) : 
  Detected vignette source files (‘Prostar_UserManual.Rmd’, ‘Prostar_UserManual.Rnw’) with shared names (‘Prostar_UserManual’) and therefore risking overwriting each other's output files
Execution halted