Back to Multiple platform build/check report for BioC 3.15
AB[C]DEFGHIJKLMNOPQRSTUVWXYZ

This page was generated on 2022-01-21 11:07:18 -0500 (Fri, 21 Jan 2022).

HostnameOSArch (*)R versionInstalled pkgs
nebbiolo1Linux (Ubuntu 20.04.4 LTS)x86_64R Under development (unstable) (2022-01-05 r81451) -- "Unsuffered Consequences" 4163
riesling1Windows Server 2019 Standardx64R Under development (unstable) (2021-11-21 r81221) -- "Unsuffered Consequences" 4058
palomino3Windows Server 2022 Datacenterx64R Under development (unstable) (2021-12-21 r81400 ucrt) -- "Unsuffered Consequences" 4000
merida1macOS 10.14.6 Mojavex86_64R Under development (unstable) (2022-01-05 r81451) -- "Unsuffered Consequences" 4117
Click on any hostname to see more info about the system (e.g. compilers)      (*) as reported by 'uname -p', except on Windows and Mac OS X

CHECK results for CrispRVariants on riesling1


To the developers/maintainers of the CrispRVariants package:
- Please allow up to 24 hours (and sometimes 48 hours) for your latest push to git@git.bioconductor.org:packages/CrispRVariants.git to
reflect on this report. See How and When does the builder pull? When will my changes propagate? here for more information.
- Make sure to use the following settings in order to reproduce any error or warning you see on this page.

raw results

Package 420/2075HostnameOS / ArchINSTALLBUILDCHECKBUILD BIN
CrispRVariants 1.23.0  (landing page)
Helen Lindsay
Snapshot Date: 2022-01-20 13:55:17 -0500 (Thu, 20 Jan 2022)
git_url: https://git.bioconductor.org/packages/CrispRVariants
git_branch: master
git_last_commit: d8ef937
git_last_commit_date: 2021-10-26 12:24:29 -0500 (Tue, 26 Oct 2021)
nebbiolo1Linux (Ubuntu 20.04.4 LTS) / x86_64  OK    OK    WARNINGS  UNNEEDED, same version is already published
riesling1Windows Server 2019 Standard / x64  OK    OK    WARNINGS    OK  
palomino3Windows Server 2022 Datacenter / x64  OK    OK    WARNINGS    OK  NO, package depends on 'AnnotationDbi' which is not available
merida1macOS 10.14.6 Mojave / x86_64  OK    OK    WARNINGS    OK  UNNEEDED, same version is already published

Summary

Package: CrispRVariants
Version: 1.23.0
Command: D:\biocbuild\bbs-3.15-bioc\R\bin\R.exe CMD check --no-multiarch --install=check:CrispRVariants.install-out.txt --library=D:\biocbuild\bbs-3.15-bioc\R\library --no-vignettes --timings CrispRVariants_1.23.0.tar.gz
StartedAt: 2022-01-20 18:37:11 -0500 (Thu, 20 Jan 2022)
EndedAt: 2022-01-20 18:41:01 -0500 (Thu, 20 Jan 2022)
EllapsedTime: 229.4 seconds
RetCode: 0
Status:   WARNINGS  
CheckDir: CrispRVariants.Rcheck
Warnings: 2

Command output

##############################################################################
##############################################################################
###
### Running command:
###
###   D:\biocbuild\bbs-3.15-bioc\R\bin\R.exe CMD check --no-multiarch --install=check:CrispRVariants.install-out.txt --library=D:\biocbuild\bbs-3.15-bioc\R\library --no-vignettes --timings CrispRVariants_1.23.0.tar.gz
###
##############################################################################
##############################################################################


* using log directory 'D:/biocbuild/bbs-3.15-bioc/meat/CrispRVariants.Rcheck'
* using R Under development (unstable) (2021-11-21 r81221)
* using platform: x86_64-w64-mingw32 (64-bit)
* using session charset: ISO8859-1
* using option '--no-vignettes'
* checking for file 'CrispRVariants/DESCRIPTION' ... OK
* checking extension type ... Package
* this is package 'CrispRVariants' version '1.23.0'
* checking package namespace information ... OK
* checking package dependencies ... OK
* checking if this is a source package ... OK
* checking if there is a namespace ... OK
* checking for hidden files and directories ... OK
* checking for portable file names ... OK
* checking whether package 'CrispRVariants' can be installed ... OK
* checking installed package size ... OK
* checking package directory ... OK
* checking 'build' directory ... OK
* checking DESCRIPTION meta-information ... OK
* checking top-level files ... OK
* checking for left-over files ... OK
* checking index information ... OK
* checking package subdirectories ... OK
* checking R files for non-ASCII characters ... OK
* checking R files for syntax errors ... OK
* checking whether the package can be loaded ... OK
* checking whether the package can be loaded with stated dependencies ... OK
* checking whether the package can be unloaded cleanly ... OK
* checking whether the namespace can be loaded with stated dependencies ... OK
* checking whether the namespace can be unloaded cleanly ... OK
* checking dependencies in R code ... WARNING
'::' or ':::' import not declared from: 'SummarizedExperiment'
There are ::: calls to the package's namespace in its code. A package
  almost never needs to use ::: for its own objects:
  'indelLabels'
* checking S3 generic/method consistency ... OK
* checking replacement functions ... OK
* checking foreign function calls ... OK
* checking R code for possible problems ... OK
* checking Rd files ... OK
* checking Rd metadata ... OK
* checking Rd cross-references ... OK
* checking for missing documentation entries ... OK
* checking for code/documentation mismatches ... WARNING
Codoc mismatches from documentation object 'arrangePlots':
arrangePlots
  Code: function(top.plot, left.plot, right.plot, fig.height = NULL,
                 col.wdth.ratio = c(2, 1), row.ht.ratio = c(1, 6),
                 left.plot.margin = grid::unit(c(0.1, 0.2, 3, 0.2),
                 "lines"))
  Docs: function(top.plot, left.plot, right.plot, fig.height = NULL,
                 col.wdth.ratio = c(2, 1), row.ht.ratio = c(1, 6),
                 left.plot.margin = grid::unit(c(0.1, 0, 3, 0.2),
                 "lines"))
  Mismatches in argument default values:
    Name: 'left.plot.margin' Code: grid::unit(c(0.1, 0.2, 3, 0.2), "lines") Docs: grid::unit(c(0.1, 0, 3, 0.2), "lines")

Codoc mismatches from documentation object 'indelLabels':
indelLabels
  Code: function(alns, rc = FALSE, genome.to.pos = NULL, keep.ops =
                 c("I", "D", "N"), regions = NULL, as.string = TRUE,
                 ...)
  Docs: function(alns, rc = FALSE, genome.to.pos = NULL, keep.ops =
                 c("I", "D", "N"), regions = NULL, ...)
  Argument names in code not in docs:
    as.string
  Mismatches in argument names:
    Position: 6 Code: as.string Docs: ...

* checking Rd \usage sections ... OK
* checking Rd contents ... OK
* checking for unstated dependencies in examples ... OK
* checking contents of 'data' directory ... OK
* checking data for non-ASCII characters ... OK
* checking LazyData ... OK
* checking data for ASCII and uncompressed saves ... OK
* checking installed files from 'inst/doc' ... OK
* checking files in 'vignettes' ... OK
* checking examples ... OK
* checking for unstated dependencies in 'tests' ... OK
* checking tests ...
  Running 'testthat.R'
 OK
* checking for unstated dependencies in vignettes ... OK
* checking package vignettes in 'inst/doc' ... OK
* checking running R code from vignettes ... SKIPPED
* checking re-building of vignette outputs ... SKIPPED
* checking PDF version of manual ... OK
* DONE

Status: 2 WARNINGs
See
  'D:/biocbuild/bbs-3.15-bioc/meat/CrispRVariants.Rcheck/00check.log'
for details.



Installation output

CrispRVariants.Rcheck/00install.out

##############################################################################
##############################################################################
###
### Running command:
###
###   D:\biocbuild\bbs-3.15-bioc\R\bin\R.exe CMD INSTALL CrispRVariants
###
##############################################################################
##############################################################################


* installing to library 'D:/biocbuild/bbs-3.15-bioc/R/library'
* installing *source* package 'CrispRVariants' ...
** using staged installation
** R
** data
*** moving datasets to lazyload DB
** inst
** byte-compile and prepare package for lazy loading
** help
*** installing help indices
  converting help for package 'CrispRVariants'
    finding HTML links ... done
    CrisprRun-class                         html  
    CrisprSet-class                         html  
    abifToFastq                             html  
    addClipped                              html  
    addCodonFrame                           html  
    alleleLabelsHelpers                     html  
    alleles                                 html  
    alns                                    html  
    annotateGenePlot                        html  
    arrangePlots                            html  
    barplotAlleleFreqs                      html  
    collapsePairs                           html  
    consensusSeqs                           html  
    dispatchDots                            html  
    excludeFromBam                          html  
    explodeCigarOpCombs                     html  
    findChimeras                            html  
    findSNVs                                html  
    getAxisCoords                           html  
    getChimeras                             html  
    getInsertionsTable                      html  
    gol_clutch1                             html  
    indelCounts                             html  
    indelLabels                             html  
    intersperse                             html  
    makeAlignmentTilePlot                   html  
    mergeChimeras                           html  
    mergeCrisprSets                         html  
    mismatchLabels                          html  
    mutationEfficiency                      html  
    narrowAlignments                        html  
    plotAlignments                          html  
    plotChimeras                            html  
    plotFreqHeatmap                         html  
    plotVariants                            html  
    rcAlns                                  html  
    readTargetBam                           html  
    readsByPCRPrimer                        html  
    readsToTarget                           html  
    refFromAlns                             html  
    reverseCigar                            html  
    rmMultiPCRChimera                       html  
    selectAlnRegionsHelpers                 html  
    selectOps                               html  
    seqsToAln                               html  
    setDNATileColours                       html  
    setMismatchTileColours                  html  
    transformAlnsToLong                     html  
    variantCounts                           html  
    writeFastq                              html  
** building package indices
** installing vignettes
** testing if installed package can be loaded from temporary location
** testing if installed package can be loaded from final location
** testing if installed package keeps a record of temporary installation path
* DONE (CrispRVariants)
Making 'packages.html' ...Warning in packageDescription(i, lib.loc = lib, fields = "Title", encoding = "UTF-8") :
  DESCRIPTION file of package 'SOMNiBUS' is missing or broken
 done

Tests output

CrispRVariants.Rcheck/tests/testthat.Rout


R Under development (unstable) (2021-11-21 r81221) -- "Unsuffered Consequences"
Copyright (C) 2021 The R Foundation for Statistical Computing
Platform: x86_64-w64-mingw32/x64 (64-bit)

R is free software and comes with ABSOLUTELY NO WARRANTY.
You are welcome to redistribute it under certain conditions.
Type 'license()' or 'licence()' for distribution details.

R is a collaborative project with many contributors.
Type 'contributors()' for more information and
'citation()' on how to cite R or R packages in publications.

Type 'demo()' for some demos, 'help()' for on-line help, or
'help.start()' for an HTML browser interface to help.
Type 'q()' to quit R.

> library(testthat)
> test_check("CrispRVariants")
Loading required package: CrispRVariants
Loading required package: ggplot2
== Skipped tests ===============================================================
* empty test (1)

[ FAIL 0 | WARN 0 | SKIP 1 | PASS 75 ]
> 
> proc.time()
   user  system elapsed 
  23.42    0.92   24.31 

Example timings

CrispRVariants.Rcheck/CrispRVariants-Ex.timings

nameusersystemelapsed
CrisprRun-class0.410.070.47
CrisprSet-class2.750.172.94
abifToFastq0.170.010.19
alleles0.060.020.08
alns0.060.000.07
barplotAlleleFreqs0.580.000.57
consensusSeqs0.260.010.29
dispatchDots000
findChimeras0.020.000.01
getChimeras0.030.000.03
indelCounts0.060.000.06
intersperse000
mergeCrisprSets3.170.043.21
mutationEfficiency0.020.000.01
narrowAlignments0.190.000.19
plotAlignments0.450.000.45
plotChimeras0.720.000.72
plotFreqHeatmap0.230.010.25
plotVariants4.770.064.83
readsToTarget2.420.052.47
selectAlnRegionsHelpers000
variantCounts0.020.020.03