Back to Multiple platform build/check report for BioC 3.16
AB[C]DEFGHIJKLMNOPQRSTUVWXYZ

This page was generated on 2022-06-24 11:07:36 -0400 (Fri, 24 Jun 2022).

HostnameOSArch (*)R versionInstalled pkgs
nebbiolo2Linux (Ubuntu 20.04.4 LTS)x86_644.2.0 Patched (2022-06-02 r82447) -- "Vigorous Calisthenics" 4331
palomino4Windows Server 2022 Datacenterx644.2.0 Patched (2022-06-02 r82447 ucrt) -- "Vigorous Calisthenics" 4136
lconwaymacOS 12.2.1 Montereyx86_644.2.0 Patched (2022-05-29 r82424) -- "Vigorous Calisthenics" 4147
Click on any hostname to see more info about the system (e.g. compilers)      (*) as reported by 'uname -p', except on Windows and Mac OS X

CHECK results for CelliD on lconway


To the developers/maintainers of the CelliD package:
- Please allow up to 24 hours (and sometimes 48 hours) for your latest push to git@git.bioconductor.org:packages/CelliD.git to
reflect on this report. See How and When does the builder pull? When will my changes propagate? for more information.
- Make sure to use the following settings in order to reproduce any error or warning you see on this page.

raw results

Package 271/2118HostnameOS / ArchINSTALLBUILDCHECKBUILD BIN
CelliD 1.5.0  (landing page)
Akira Cortal
Snapshot Date: 2022-06-23 14:00:04 -0400 (Thu, 23 Jun 2022)
git_url: https://git.bioconductor.org/packages/CelliD
git_branch: master
git_last_commit: 27bcc3d
git_last_commit_date: 2022-04-26 12:13:53 -0400 (Tue, 26 Apr 2022)
nebbiolo2Linux (Ubuntu 20.04.4 LTS) / x86_64  OK    OK    OK  UNNEEDED, same version is already published
palomino4Windows Server 2022 Datacenter / x64  OK    OK    OK    OK  UNNEEDED, same version is already published
lconwaymacOS 12.2.1 Monterey / x86_64  OK    OK    WARNINGS    OK  UNNEEDED, same version is already published

Summary

Package: CelliD
Version: 1.5.0
Command: /Library/Frameworks/R.framework/Resources/bin/R CMD check --install=check:CelliD.install-out.txt --library=/Library/Frameworks/R.framework/Resources/library --no-vignettes --timings CelliD_1.5.0.tar.gz
StartedAt: 2022-06-23 19:17:33 -0400 (Thu, 23 Jun 2022)
EndedAt: 2022-06-23 19:22:42 -0400 (Thu, 23 Jun 2022)
EllapsedTime: 309.1 seconds
RetCode: 0
Status:   WARNINGS  
CheckDir: CelliD.Rcheck
Warnings: 1

Command output

##############################################################################
##############################################################################
###
### Running command:
###
###   /Library/Frameworks/R.framework/Resources/bin/R CMD check --install=check:CelliD.install-out.txt --library=/Library/Frameworks/R.framework/Resources/library --no-vignettes --timings CelliD_1.5.0.tar.gz
###
##############################################################################
##############################################################################


* using log directory ‘/Users/biocbuild/bbs-3.16-bioc/meat/CelliD.Rcheck’
* using R version 4.2.0 Patched (2022-05-29 r82424)
* using platform: x86_64-apple-darwin17.0 (64-bit)
* using session charset: UTF-8
* using option ‘--no-vignettes’
* checking for file ‘CelliD/DESCRIPTION’ ... OK
* checking extension type ... Package
* this is package ‘CelliD’ version ‘1.5.0’
* package encoding: UTF-8
* checking package namespace information ... OK
* checking package dependencies ... OK
* checking if this is a source package ... OK
* checking if there is a namespace ... OK
* checking for hidden files and directories ... OK
* checking for portable file names ... OK
* checking for sufficient/correct file permissions ... OK
* checking whether package ‘CelliD’ can be installed ... WARNING
Found the following significant warnings:
  Warning: namespace ‘rgdal’ is not available and has been replaced
See ‘/Users/biocbuild/bbs-3.16-bioc/meat/CelliD.Rcheck/00install.out’ for details.
* checking installed package size ... OK
* checking package directory ... OK
* checking ‘build’ directory ... OK
* checking DESCRIPTION meta-information ... OK
* checking top-level files ... OK
* checking for left-over files ... OK
* checking index information ... OK
* checking package subdirectories ... OK
* checking R files for non-ASCII characters ... OK
* checking R files for syntax errors ... OK
* checking whether the package can be loaded ... OK
* checking whether the package can be loaded with stated dependencies ... OK
* checking whether the package can be unloaded cleanly ... OK
* checking whether the namespace can be loaded with stated dependencies ... OK
* checking whether the namespace can be unloaded cleanly ... OK
* checking dependencies in R code ... OK
* checking S3 generic/method consistency ... OK
* checking replacement functions ... OK
* checking foreign function calls ... OK
* checking R code for possible problems ... OK
* checking Rd files ... OK
* checking Rd metadata ... OK
* checking Rd cross-references ... OK
* checking for missing documentation entries ... OK
* checking for code/documentation mismatches ... OK
* checking Rd \usage sections ... OK
* checking Rd contents ... OK
* checking for unstated dependencies in examples ... OK
* checking contents of ‘data’ directory ... OK
* checking data for non-ASCII characters ... OK
* checking LazyData ... OK
* checking data for ASCII and uncompressed saves ... OK
* checking line endings in C/C++/Fortran sources/headers ... OK
* checking line endings in Makefiles ... OK
* checking compilation flags in Makevars ... OK
* checking for GNU extensions in Makefiles ... OK
* checking for portable use of $(BLAS_LIBS) and $(LAPACK_LIBS) ... OK
* checking use of PKG_*FLAGS in Makefiles ... OK
* checking compiled code ... NOTE
Note: information on .o files is not available
* checking files in ‘vignettes’ ... OK
* checking examples ... OK
Examples with CPU (user + system) or elapsed time > 5s
              user system elapsed
RunMCUMAP   12.290  0.738  12.965
RunMCTSNE    7.002  0.323   7.634
RunCellGSEA  5.115  0.097   5.255
* checking for unstated dependencies in ‘tests’ ... OK
* checking tests ...
  Running ‘testthat.R’
 OK
* checking for unstated dependencies in vignettes ... OK
* checking package vignettes in ‘inst/doc’ ... OK
* checking running R code from vignettes ... SKIPPED
* checking re-building of vignette outputs ... SKIPPED
* checking PDF version of manual ... OK
* DONE

Status: 1 WARNING, 1 NOTE
See
  ‘/Users/biocbuild/bbs-3.16-bioc/meat/CelliD.Rcheck/00check.log’
for details.



Installation output

CelliD.Rcheck/00install.out

##############################################################################
##############################################################################
###
### Running command:
###
###   /Library/Frameworks/R.framework/Resources/bin/R CMD INSTALL CelliD
###
##############################################################################
##############################################################################


* installing to library ‘/Library/Frameworks/R.framework/Versions/4.2/Resources/library’
* installing *source* package ‘CelliD’ ...
** using staged installation
** libs
clang++ -mmacosx-version-min=10.13 -std=gnu++11 -I"/Library/Frameworks/R.framework/Resources/include" -DNDEBUG  -I'/Library/Frameworks/R.framework/Versions/4.2/Resources/library/Rcpp/include' -I'/Library/Frameworks/R.framework/Versions/4.2/Resources/library/RcppArmadillo/include' -I/usr/local/include    -fPIC  -Wall -g -O2  -c RcppExports.cpp -o RcppExports.o
clang++ -mmacosx-version-min=10.13 -std=gnu++11 -I"/Library/Frameworks/R.framework/Resources/include" -DNDEBUG  -I'/Library/Frameworks/R.framework/Versions/4.2/Resources/library/Rcpp/include' -I'/Library/Frameworks/R.framework/Versions/4.2/Resources/library/RcppArmadillo/include' -I/usr/local/include    -fPIC  -Wall -g -O2  -c dist.cpp -o dist.o
clang++ -mmacosx-version-min=10.13 -std=gnu++11 -I"/Library/Frameworks/R.framework/Resources/include" -DNDEBUG  -I'/Library/Frameworks/R.framework/Versions/4.2/Resources/library/Rcpp/include' -I'/Library/Frameworks/R.framework/Versions/4.2/Resources/library/RcppArmadillo/include' -I/usr/local/include    -fPIC  -Wall -g -O2  -c mca.cpp -o mca.o
clang++ -mmacosx-version-min=10.13 -std=gnu++11 -I"/Library/Frameworks/R.framework/Resources/include" -DNDEBUG  -I'/Library/Frameworks/R.framework/Versions/4.2/Resources/library/Rcpp/include' -I'/Library/Frameworks/R.framework/Versions/4.2/Resources/library/RcppArmadillo/include' -I/usr/local/include    -fPIC  -Wall -g -O2  -c order.cpp -o order.o
clang++ -mmacosx-version-min=10.13 -std=gnu++11 -dynamiclib -Wl,-headerpad_max_install_names -undefined dynamic_lookup -single_module -multiply_defined suppress -L/Library/Frameworks/R.framework/Resources/lib -L/usr/local/lib -o CelliD.so RcppExports.o dist.o mca.o order.o -L/Library/Frameworks/R.framework/Resources/lib -lRlapack -L/Library/Frameworks/R.framework/Resources/lib -lRblas -L/usr/local/gfortran/lib/gcc/x86_64-apple-darwin18/8.2.0 -L/usr/local/gfortran/lib -lgfortran -lquadmath -lm -F/Library/Frameworks/R.framework/.. -framework R -Wl,-framework -Wl,CoreFoundation
ld: warning: directory not found for option '-L/usr/local/gfortran/lib/gcc/x86_64-apple-darwin18/8.2.0'
ld: warning: dylib (/usr/local/gfortran/lib/libgfortran.dylib) was built for newer macOS version (12.0) than being linked (10.13)
ld: warning: dylib (/usr/local/gfortran/lib/libquadmath.dylib) was built for newer macOS version (12.0) than being linked (10.13)
installing to /Library/Frameworks/R.framework/Versions/4.2/Resources/library/00LOCK-CelliD/00new/CelliD/libs
** R
** data
*** moving datasets to lazyload DB
Warning: namespace ‘rgdal’ is not available and has been replaced
by .GlobalEnv when processing object ‘seuratPbmc’
Warning: namespace ‘rgdal’ is not available and has been replaced
by .GlobalEnv when processing object ‘seuratPbmc’
Warning: namespace ‘rgdal’ is not available and has been replaced
by .GlobalEnv when processing object ‘seuratPbmc’
Warning: namespace ‘rgdal’ is not available and has been replaced
by .GlobalEnv when processing object ‘seuratPbmc’
Warning: namespace ‘rgdal’ is not available and has been replaced
by .GlobalEnv when processing object ‘seuratPbmc’
Warning: namespace ‘rgdal’ is not available and has been replaced
by .GlobalEnv when processing object ‘seuratPbmc’
Warning: namespace ‘rgdal’ is not available and has been replaced
by .GlobalEnv when processing object ‘seuratPbmc’
Warning: namespace ‘rgdal’ is not available and has been replaced
by .GlobalEnv when processing object ‘seuratPbmc’
Warning: namespace ‘rgdal’ is not available and has been replaced
by .GlobalEnv when processing object ‘seuratPbmc’
Warning: namespace ‘rgdal’ is not available and has been replaced
by .GlobalEnv when processing object ‘seuratPbmc’
Warning: namespace ‘rgdal’ is not available and has been replaced
by .GlobalEnv when processing object ‘seuratPbmc’
Warning: namespace ‘rgdal’ is not available and has been replaced
by .GlobalEnv when processing object ‘seuratPbmc’
Warning: namespace ‘rgdal’ is not available and has been replaced
by .GlobalEnv when processing object ‘seuratPbmc’
Warning: namespace ‘rgdal’ is not available and has been replaced
by .GlobalEnv when processing object ‘seuratPbmc’
Warning: namespace ‘rgdal’ is not available and has been replaced
by .GlobalEnv when processing object ‘seuratPbmc’
Warning: namespace ‘rgdal’ is not available and has been replaced
by .GlobalEnv when processing object ‘seuratPbmc’
Warning: namespace ‘rgdal’ is not available and has been replaced
by .GlobalEnv when processing object ‘seuratPbmc’
Warning: namespace ‘rgdal’ is not available and has been replaced
by .GlobalEnv when processing object ‘seuratPbmc’
Warning: namespace ‘rgdal’ is not available and has been replaced
by .GlobalEnv when processing object ‘seuratPbmc’
Warning: namespace ‘rgdal’ is not available and has been replaced
by .GlobalEnv when processing object ‘seuratPbmc’
Warning: namespace ‘rgdal’ is not available and has been replaced
by .GlobalEnv when processing object ‘seuratPbmc’
Warning: namespace ‘rgdal’ is not available and has been replaced
by .GlobalEnv when processing object ‘seuratPbmc’
** inst
** byte-compile and prepare package for lazy loading
** help
*** installing help indices
** building package indices
** installing vignettes
** testing if installed package can be loaded from temporary location
** checking absolute paths in shared objects and dynamic libraries
** testing if installed package can be loaded from final location
** testing if installed package keeps a record of temporary installation path
* DONE (CelliD)

Tests output

CelliD.Rcheck/tests/testthat.Rout


R version 4.2.0 Patched (2022-05-29 r82424) -- "Vigorous Calisthenics"
Copyright (C) 2022 The R Foundation for Statistical Computing
Platform: x86_64-apple-darwin17.0 (64-bit)

R is free software and comes with ABSOLUTELY NO WARRANTY.
You are welcome to redistribute it under certain conditions.
Type 'license()' or 'licence()' for distribution details.

R is a collaborative project with many contributors.
Type 'contributors()' for more information and
'citation()' on how to cite R or R packages in publications.

Type 'demo()' for some demos, 'help()' for on-line help, or
'help.start()' for an HTML browser interface to help.
Type 'q()' to quit R.

> library(testthat)
> library(CelliD)
Loading required package: Seurat
Attaching SeuratObject
Attaching sp
Loading required package: SingleCellExperiment
Loading required package: SummarizedExperiment
Loading required package: MatrixGenerics
Loading required package: matrixStats

Attaching package: 'MatrixGenerics'

The following objects are masked from 'package:matrixStats':

    colAlls, colAnyNAs, colAnys, colAvgsPerRowSet, colCollapse,
    colCounts, colCummaxs, colCummins, colCumprods, colCumsums,
    colDiffs, colIQRDiffs, colIQRs, colLogSumExps, colMadDiffs,
    colMads, colMaxs, colMeans2, colMedians, colMins, colOrderStats,
    colProds, colQuantiles, colRanges, colRanks, colSdDiffs, colSds,
    colSums2, colTabulates, colVarDiffs, colVars, colWeightedMads,
    colWeightedMeans, colWeightedMedians, colWeightedSds,
    colWeightedVars, rowAlls, rowAnyNAs, rowAnys, rowAvgsPerColSet,
    rowCollapse, rowCounts, rowCummaxs, rowCummins, rowCumprods,
    rowCumsums, rowDiffs, rowIQRDiffs, rowIQRs, rowLogSumExps,
    rowMadDiffs, rowMads, rowMaxs, rowMeans2, rowMedians, rowMins,
    rowOrderStats, rowProds, rowQuantiles, rowRanges, rowRanks,
    rowSdDiffs, rowSds, rowSums2, rowTabulates, rowVarDiffs, rowVars,
    rowWeightedMads, rowWeightedMeans, rowWeightedMedians,
    rowWeightedSds, rowWeightedVars

Loading required package: GenomicRanges
Loading required package: stats4
Loading required package: BiocGenerics

Attaching package: 'BiocGenerics'

The following objects are masked from 'package:stats':

    IQR, mad, sd, var, xtabs

The following objects are masked from 'package:base':

    Filter, Find, Map, Position, Reduce, anyDuplicated, append,
    as.data.frame, basename, cbind, colnames, dirname, do.call,
    duplicated, eval, evalq, get, grep, grepl, intersect, is.unsorted,
    lapply, mapply, match, mget, order, paste, pmax, pmax.int, pmin,
    pmin.int, rank, rbind, rownames, sapply, setdiff, sort, table,
    tapply, union, unique, unsplit, which.max, which.min

Loading required package: S4Vectors

Attaching package: 'S4Vectors'

The following objects are masked from 'package:base':

    I, expand.grid, unname

Loading required package: IRanges

Attaching package: 'IRanges'

The following object is masked from 'package:sp':

    %over%

Loading required package: GenomeInfoDb
Loading required package: Biobase
Welcome to Bioconductor

    Vignettes contain introductory material; view with
    'browseVignettes()'. To cite Bioconductor, see
    'citation("Biobase")', and for packages 'citation("pkgname")'.


Attaching package: 'Biobase'

The following object is masked from 'package:MatrixGenerics':

    rowMedians

The following objects are masked from 'package:matrixStats':

    anyMissing, rowMedians


Attaching package: 'SummarizedExperiment'

The following object is masked from 'package:SeuratObject':

    Assays

The following object is masked from 'package:Seurat':

    Assays

> 
> test_check("CelliD")
Performing log-normalization
0%   10   20   30   40   50   60   70   80   90   100%
[----|----|----|----|----|----|----|----|----|----|
**************************************************|
0.005 sec elapsed
0.036 sec elapsed
0.003 sec elapsed
0.004 sec elapsed
0.041 sec elapsed
0.003 sec elapsed
Performing log-normalization
0%   10   20   30   40   50   60   70   80   90   100%
[----|----|----|----|----|----|----|----|----|----|
**************************************************|
0.003 sec elapsed
0.057 sec elapsed
0.013 sec elapsed
0.002 sec elapsed
0.043 sec elapsed
0.004 sec elapsed
0.004 sec elapsed
0.023 sec elapsed
0.004 sec elapsed
Performing log-normalization
0%   10   20   30   40   50   60   70   80   90   100%
[----|----|----|----|----|----|----|----|----|----|
**************************************************|
0.004 sec elapsed
0.029 sec elapsed
0.003 sec elapsed
Performing log-normalization
0%   10   20   30   40   50   60   70   80   90   100%
[----|----|----|----|----|----|----|----|----|----|
**************************************************|
0.002 sec elapsed
0.018 sec elapsed
0.001 sec elapsed
0.002 sec elapsed
0.018 sec elapsed
0 sec elapsed
[ FAIL 0 | WARN 0 | SKIP 0 | PASS 18 ]
> 
> proc.time()
   user  system elapsed 
 17.950   1.037  19.316 

Example timings

CelliD.Rcheck/CelliD-Ex.timings

nameusersystemelapsed
DimPlotMC0.2500.0120.268
GetCellGeneRanking0.7850.0080.794
GetCellGeneSet0.0680.0050.075
GetGSEAMatrix0.5100.0250.543
GetGroupGeneRanking0.0460.0030.049
GetGroupGeneSet0.0700.0130.084
RunCellGSEA5.1150.0975.255
RunCellHGT0.1060.0040.111
RunGroupGSEA0.4570.0130.470
RunMCA0.0340.0030.037
RunMCDMAP1.6960.1841.941
RunMCTSNE7.0020.3237.634
RunMCUMAP12.290 0.73812.965
fgseaCelliD0.1310.0040.136
plotReducedDimMC1.2050.0171.227