Back to Multiple platform build/check report for BioC 3.15
AB[C]DEFGHIJKLMNOPQRSTUVWXYZ

This page was generated on 2022-01-22 11:05:38 -0500 (Sat, 22 Jan 2022).

HostnameOSArch (*)R versionInstalled pkgs
nebbiolo1Linux (Ubuntu 20.04.4 LTS)x86_64R Under development (unstable) (2022-01-05 r81451) -- "Unsuffered Consequences" 4163
riesling1Windows Server 2019 Standardx64R Under development (unstable) (2021-11-21 r81221) -- "Unsuffered Consequences" 4058
palomino3Windows Server 2022 Datacenterx64R Under development (unstable) (2021-12-21 r81400 ucrt) -- "Unsuffered Consequences" 4000
merida1macOS 10.14.6 Mojavex86_64R Under development (unstable) (2022-01-05 r81451) -- "Unsuffered Consequences" 4117
Click on any hostname to see more info about the system (e.g. compilers)      (*) as reported by 'uname -p', except on Windows and Mac OS X

CHECK results for CONFESS on nebbiolo1


To the developers/maintainers of the CONFESS package:
- Please allow up to 24 hours (and sometimes 48 hours) for your latest push to git@git.bioconductor.org:packages/CONFESS.git to
reflect on this report. See How and When does the builder pull? When will my changes propagate? here for more information.
- Make sure to use the following settings in order to reproduce any error or warning you see on this page.

raw results

Package 384/2075HostnameOS / ArchINSTALLBUILDCHECKBUILD BIN
CONFESS 1.23.0  (landing page)
Diana LOW
Snapshot Date: 2022-01-21 13:55:18 -0500 (Fri, 21 Jan 2022)
git_url: https://git.bioconductor.org/packages/CONFESS
git_branch: master
git_last_commit: 3f2aa3c
git_last_commit_date: 2021-10-26 12:26:56 -0500 (Tue, 26 Oct 2021)
nebbiolo1Linux (Ubuntu 20.04.4 LTS) / x86_64  OK    OK    WARNINGS  UNNEEDED, same version is already published
riesling1Windows Server 2019 Standard / x64  OK    OK    NA    NA  
palomino3Windows Server 2022 Datacenter / x64  ERROR    ERROR  skippedskipped
merida1macOS 10.14.6 Mojave / x86_64  OK    OK    WARNINGS    OK  UNNEEDED, same version is already published

Summary

Package: CONFESS
Version: 1.23.0
Command: /home/biocbuild/bbs-3.15-bioc/R/bin/R CMD check --install=check:CONFESS.install-out.txt --library=/home/biocbuild/bbs-3.15-bioc/R/library --no-vignettes --timings CONFESS_1.23.0.tar.gz
StartedAt: 2022-01-21 18:44:37 -0500 (Fri, 21 Jan 2022)
EndedAt: 2022-01-21 18:50:19 -0500 (Fri, 21 Jan 2022)
EllapsedTime: 342.1 seconds
RetCode: 0
Status:   WARNINGS  
CheckDir: CONFESS.Rcheck
Warnings: 1

Command output

##############################################################################
##############################################################################
###
### Running command:
###
###   /home/biocbuild/bbs-3.15-bioc/R/bin/R CMD check --install=check:CONFESS.install-out.txt --library=/home/biocbuild/bbs-3.15-bioc/R/library --no-vignettes --timings CONFESS_1.23.0.tar.gz
###
##############################################################################
##############################################################################


* using log directory ‘/home/biocbuild/bbs-3.15-bioc/meat/CONFESS.Rcheck’
* using R Under development (unstable) (2022-01-05 r81451)
* using platform: x86_64-pc-linux-gnu (64-bit)
* using session charset: UTF-8
* using option ‘--no-vignettes’
* checking for file ‘CONFESS/DESCRIPTION’ ... OK
* checking extension type ... Package
* this is package ‘CONFESS’ version ‘1.23.0’
* package encoding: UTF-8
* checking package namespace information ... OK
* checking package dependencies ... OK
* checking if this is a source package ... OK
* checking if there is a namespace ... OK
* checking for hidden files and directories ... OK
* checking for portable file names ... OK
* checking for sufficient/correct file permissions ... OK
* checking whether package ‘CONFESS’ can be installed ... WARNING
Found the following significant warnings:
  Warning: multiple methods tables found for ‘direction’
  Warning: multiple methods tables found for ‘gridDistance’
  Warning: replacing previous import ‘stats::BIC’ by ‘flowMerge::BIC’ when loading ‘CONFESS’
See ‘/home/biocbuild/bbs-3.15-bioc/meat/CONFESS.Rcheck/00install.out’ for details.
* checking installed package size ... OK
* checking package directory ... OK
* checking ‘build’ directory ... OK
* checking DESCRIPTION meta-information ... OK
* checking top-level files ... OK
* checking for left-over files ... OK
* checking index information ... OK
* checking package subdirectories ... OK
* checking R files for non-ASCII characters ... OK
* checking R files for syntax errors ... OK
* checking whether the package can be loaded ... OK
* checking whether the package can be loaded with stated dependencies ... OK
* checking whether the package can be unloaded cleanly ... OK
* checking whether the namespace can be loaded with stated dependencies ... OK
* checking whether the namespace can be unloaded cleanly ... OK
* checking dependencies in R code ... OK
* checking S3 generic/method consistency ... OK
* checking replacement functions ... OK
* checking foreign function calls ... OK
* checking R code for possible problems ... OK
* checking Rd files ... OK
* checking Rd metadata ... OK
* checking Rd cross-references ... OK
* checking for missing documentation entries ... OK
* checking for code/documentation mismatches ... OK
* checking Rd \usage sections ... OK
* checking Rd contents ... OK
* checking for unstated dependencies in examples ... OK
* checking contents of ‘data’ directory ... OK
* checking data for non-ASCII characters ... OK
* checking LazyData ... OK
* checking data for ASCII and uncompressed saves ... OK
* checking files in ‘vignettes’ ... OK
* checking examples ... OK
Examples with CPU (user + system) or elapsed time > 5s
                  user system elapsed
Fluo_CV_prep    43.356  3.398  46.016
Fluo_modeling   20.122  0.452  20.535
Fluo_adjustment 16.694  1.269  17.506
* checking for unstated dependencies in vignettes ... OK
* checking package vignettes in ‘inst/doc’ ... OK
* checking running R code from vignettes ... SKIPPED
* checking re-building of vignette outputs ... SKIPPED
* checking PDF version of manual ... OK
* DONE

Status: 1 WARNING
See
  ‘/home/biocbuild/bbs-3.15-bioc/meat/CONFESS.Rcheck/00check.log’
for details.



Installation output

CONFESS.Rcheck/00install.out

##############################################################################
##############################################################################
###
### Running command:
###
###   /home/biocbuild/bbs-3.15-bioc/R/bin/R CMD INSTALL CONFESS
###
##############################################################################
##############################################################################


* installing to library ‘/home/biocbuild/bbs-3.15-bioc/R/library’
* installing *source* package ‘CONFESS’ ...
** using staged installation
** R
** data
*** moving datasets to lazyload DB
** inst
** byte-compile and prepare package for lazy loading
Warning: replacing previous import ‘stats::BIC’ by ‘flowMerge::BIC’ when loading ‘CONFESS’
Warning: multiple methods tables found for ‘direction’
Warning: multiple methods tables found for ‘gridDistance’
** help
*** installing help indices
** building package indices
** installing vignettes
** testing if installed package can be loaded from temporary location
Warning: replacing previous import ‘stats::BIC’ by ‘flowMerge::BIC’ when loading ‘CONFESS’
Warning: multiple methods tables found for ‘direction’
Warning: multiple methods tables found for ‘gridDistance’
** testing if installed package can be loaded from final location
Warning: replacing previous import ‘stats::BIC’ by ‘flowMerge::BIC’ when loading ‘CONFESS’
Warning: multiple methods tables found for ‘direction’
Warning: multiple methods tables found for ‘gridDistance’
** testing if installed package keeps a record of temporary installation path
* DONE (CONFESS)

Tests output


Example timings

CONFESS.Rcheck/CONFESS-Ex.timings

nameusersystemelapsed
FluoSelection_byRun0.0080.0040.012
Fluo_CV_modeling0.0000.0000.001
Fluo_CV_prep43.356 3.39846.016
Fluo_adjustment16.694 1.26917.506
Fluo_inspection2.2580.8082.799
Fluo_modeling20.122 0.45220.535
Fluo_ordering0.6530.0780.715
LocationMatrix0.0040.0000.004
cluster2outlier0.0010.0000.001
createFluo0.0060.0040.010
defineLocClusters0.0650.0090.072
files0.0030.0000.003
getFluo0.0180.0080.025
getFluo_byRun0.0350.0080.039
pathEstimator0.0010.0000.001
readFiles0.0170.0000.017
simcells0.9100.0500.949
spotEstimator0.0010.0000.000