Back to Multiple platform build/check report for BioC 3.16
AB[C]DEFGHIJKLMNOPQRSTUVWXYZ

This page was generated on 2022-08-12 11:07:21 -0400 (Fri, 12 Aug 2022).

HostnameOSArch (*)R versionInstalled pkgs
nebbiolo2Linux (Ubuntu 20.04.4 LTS)x86_644.2.1 (2022-06-23) -- "Funny-Looking Kid" 4375
palomino4Windows Server 2022 Datacenterx644.2.1 (2022-06-23 ucrt) -- "Funny-Looking Kid" 4159
lconwaymacOS 12.2.1 Montereyx86_644.2.1 Patched (2022-07-09 r82577) -- "Funny-Looking Kid" 4167
Click on any hostname to see more info about the system (e.g. compilers)      (*) as reported by 'uname -p', except on Windows and Mac OS X

CHECK results for CNEr on lconway


To the developers/maintainers of the CNEr package:
- Please allow up to 24 hours (and sometimes 48 hours) for your latest push to git@git.bioconductor.org:packages/CNEr.git to
reflect on this report. See How and When does the builder pull? When will my changes propagate? for more information.
- Make sure to use the following settings in order to reproduce any error or warning you see on this page.

raw results

Package 354/2139HostnameOS / ArchINSTALLBUILDCHECKBUILD BIN
CNEr 1.33.0  (landing page)
Ge Tan
Snapshot Date: 2022-08-11 14:00:04 -0400 (Thu, 11 Aug 2022)
git_url: https://git.bioconductor.org/packages/CNEr
git_branch: master
git_last_commit: a9829eb
git_last_commit_date: 2022-04-26 11:17:50 -0400 (Tue, 26 Apr 2022)
nebbiolo2Linux (Ubuntu 20.04.4 LTS) / x86_64  OK    OK    OK  UNNEEDED, same version is already published
palomino4Windows Server 2022 Datacenter / x64  OK    OK    WARNINGS    OK  UNNEEDED, same version is already published
lconwaymacOS 12.2.1 Monterey / x86_64  OK    OK    WARNINGS    OK  UNNEEDED, same version is already published

Summary

Package: CNEr
Version: 1.33.0
Command: /Library/Frameworks/R.framework/Resources/bin/R CMD check --install=check:CNEr.install-out.txt --library=/Library/Frameworks/R.framework/Resources/library --no-vignettes --timings CNEr_1.33.0.tar.gz
StartedAt: 2022-08-11 19:30:19 -0400 (Thu, 11 Aug 2022)
EndedAt: 2022-08-11 19:39:07 -0400 (Thu, 11 Aug 2022)
EllapsedTime: 528.4 seconds
RetCode: 0
Status:   WARNINGS  
CheckDir: CNEr.Rcheck
Warnings: 1

Command output

##############################################################################
##############################################################################
###
### Running command:
###
###   /Library/Frameworks/R.framework/Resources/bin/R CMD check --install=check:CNEr.install-out.txt --library=/Library/Frameworks/R.framework/Resources/library --no-vignettes --timings CNEr_1.33.0.tar.gz
###
##############################################################################
##############################################################################


* using log directory ‘/Users/biocbuild/bbs-3.16-bioc/meat/CNEr.Rcheck’
* using R version 4.2.1 Patched (2022-07-09 r82577)
* using platform: x86_64-apple-darwin17.0 (64-bit)
* using session charset: UTF-8
* using option ‘--no-vignettes’
* checking for file ‘CNEr/DESCRIPTION’ ... OK
* checking extension type ... Package
* this is package ‘CNEr’ version ‘1.33.0’
* checking package namespace information ... OK
* checking package dependencies ... OK
* checking if this is a source package ... OK
* checking if there is a namespace ... OK
* checking for hidden files and directories ... OK
* checking for portable file names ... OK
* checking for sufficient/correct file permissions ... OK
* checking whether package ‘CNEr’ can be installed ... WARNING
Found the following significant warnings:
  ucsc/common.c:2842:14: warning: array index 7 is past the end of the array (which contains 4 elements) [-Warray-bounds]
  ucsc/common.c:2843:14: warning: array index 6 is past the end of the array (which contains 4 elements) [-Warray-bounds]
  ucsc/common.c:2844:14: warning: array index 5 is past the end of the array (which contains 4 elements) [-Warray-bounds]
  ucsc/common.c:2845:14: warning: array index 4 is past the end of the array (which contains 4 elements) [-Warray-bounds]
  ucsc/common.c:2846:1: warning: array index 4 is past the end of the array (which contains 4 elements) [-Warray-bounds]
  ucsc/common.c:2847:1: warning: array index 5 is past the end of the array (which contains 4 elements) [-Warray-bounds]
  ucsc/common.c:2848:1: warning: array index 6 is past the end of the array (which contains 4 elements) [-Warray-bounds]
  ucsc/common.c:2849:1: warning: array index 7 is past the end of the array (which contains 4 elements) [-Warray-bounds]
  ucsc/common.c:2976:14: warning: array index 7 is past the end of the array (which contains 4 elements) [-Warray-bounds]
  ucsc/common.c:2977:14: warning: array index 6 is past the end of the array (which contains 4 elements) [-Warray-bounds]
  ucsc/common.c:2978:14: warning: array index 5 is past the end of the array (which contains 4 elements) [-Warray-bounds]
  ucsc/common.c:2979:14: warning: array index 4 is past the end of the array (which contains 4 elements) [-Warray-bounds]
  ucsc/common.c:2980:1: warning: array index 4 is past the end of the array (which contains 4 elements) [-Warray-bounds]
  ucsc/common.c:2981:1: warning: array index 5 is past the end of the array (which contains 4 elements) [-Warray-bounds]
  ucsc/common.c:2982:1: warning: array index 6 is past the end of the array (which contains 4 elements) [-Warray-bounds]
  ucsc/common.c:2983:1: warning: array index 7 is past the end of the array (which contains 4 elements) [-Warray-bounds]
See ‘/Users/biocbuild/bbs-3.16-bioc/meat/CNEr.Rcheck/00install.out’ for details.
* checking installed package size ... NOTE
  installed size is 17.6Mb
  sub-directories of 1Mb or more:
    extdata  15.9Mb
* checking package directory ... OK
* checking ‘build’ directory ... OK
* checking DESCRIPTION meta-information ... OK
* checking top-level files ... OK
* checking for left-over files ... OK
* checking index information ... OK
* checking package subdirectories ... OK
* checking R files for non-ASCII characters ... OK
* checking R files for syntax errors ... OK
* checking whether the package can be loaded ... OK
* checking whether the package can be loaded with stated dependencies ... OK
* checking whether the package can be unloaded cleanly ... OK
* checking whether the namespace can be loaded with stated dependencies ... OK
* checking whether the namespace can be unloaded cleanly ... OK
* checking dependencies in R code ... NOTE
Unexported objects imported by ':::' calls:
  ‘BiocGenerics:::replaceSlots’ ‘S4Vectors:::make_zero_col_DataFrame’
  See the note in ?`:::` about the use of this operator.
* checking S3 generic/method consistency ... OK
* checking replacement functions ... OK
* checking foreign function calls ... OK
* checking R code for possible problems ... OK
* checking Rd files ... OK
* checking Rd metadata ... OK
* checking Rd cross-references ... OK
* checking for missing documentation entries ... OK
* checking for code/documentation mismatches ... OK
* checking Rd \usage sections ... OK
* checking Rd contents ... OK
* checking for unstated dependencies in examples ... OK
* checking contents of ‘data’ directory ... OK
* checking data for non-ASCII characters ... OK
* checking data for ASCII and uncompressed saves ... OK
* checking line endings in C/C++/Fortran sources/headers ... OK
* checking line endings in Makefiles ... OK
* checking compilation flags in Makevars ... OK
* checking for GNU extensions in Makefiles ... OK
* checking for portable use of $(BLAS_LIBS) and $(LAPACK_LIBS) ... OK
* checking use of PKG_*FLAGS in Makefiles ... OK
* checking compiled code ... NOTE
Note: information on .o files is not available
File ‘/Library/Frameworks/R.framework/Versions/4.2/Resources/library/CNEr/libs/CNEr.so’:
  Found ‘___stderrp’, possibly from ‘stderr’ (C)
  Found ‘___stdoutp’, possibly from ‘stdout’ (C)
  Found ‘_abort’, possibly from ‘abort’ (C)
  Found ‘_exit’, possibly from ‘exit’ (C)
  Found ‘_printf’, possibly from ‘printf’ (C)
  Found ‘_puts’, possibly from ‘printf’ (C), ‘puts’ (C)
  Found ‘_rand’, possibly from ‘rand’ (C)

Compiled code should not call entry points which might terminate R nor
write to stdout/stderr instead of to the console, nor use Fortran I/O
nor system RNGs. The detected symbols are linked into the code but
might come from libraries and not actually be called.

See ‘Writing portable packages’ in the ‘Writing R Extensions’ manual.
* checking files in ‘vignettes’ ... OK
* checking examples ... OK
Examples with CPU (user + system) or elapsed time > 5s
                user system elapsed
makeGRBs     246.472  3.880 250.920
plotCNEWidth   5.254  0.339   5.602
* checking for unstated dependencies in ‘tests’ ... OK
* checking tests ...
  Running ‘testthat.R’
 OK
* checking for unstated dependencies in vignettes ... OK
* checking package vignettes in ‘inst/doc’ ... OK
* checking running R code from vignettes ... SKIPPED
* checking re-building of vignette outputs ... SKIPPED
* checking PDF version of manual ... OK
* DONE

Status: 1 WARNING, 3 NOTEs
See
  ‘/Users/biocbuild/bbs-3.16-bioc/meat/CNEr.Rcheck/00check.log’
for details.



Installation output

CNEr.Rcheck/00install.out

##############################################################################
##############################################################################
###
### Running command:
###
###   /Library/Frameworks/R.framework/Resources/bin/R CMD INSTALL CNEr
###
##############################################################################
##############################################################################


* installing to library ‘/Library/Frameworks/R.framework/Versions/4.2/Resources/library’
* installing *source* package ‘CNEr’ ...
** using staged installation
** libs
clang -mmacosx-version-min=10.13 -I"/Library/Frameworks/R.framework/Resources/include" -DNDEBUG -D_FILE_OFFSET_BITS=64 -I'/Library/Frameworks/R.framework/Versions/4.2/Resources/library/S4Vectors/include' -I'/Library/Frameworks/R.framework/Versions/4.2/Resources/library/IRanges/include' -I'/Library/Frameworks/R.framework/Versions/4.2/Resources/library/XVector/include' -I/usr/local/include  -g -fPIC  -Wall -g -O2  -c S4Vectors_stubs.c -o S4Vectors_stubs.o
clang -mmacosx-version-min=10.13 -I"/Library/Frameworks/R.framework/Resources/include" -DNDEBUG -D_FILE_OFFSET_BITS=64 -I'/Library/Frameworks/R.framework/Versions/4.2/Resources/library/S4Vectors/include' -I'/Library/Frameworks/R.framework/Versions/4.2/Resources/library/IRanges/include' -I'/Library/Frameworks/R.framework/Versions/4.2/Resources/library/XVector/include' -I/usr/local/include  -g -fPIC  -Wall -g -O2  -c IRanges_stubs.c -o IRanges_stubs.o
clang -mmacosx-version-min=10.13 -I"/Library/Frameworks/R.framework/Resources/include" -DNDEBUG -D_FILE_OFFSET_BITS=64 -I'/Library/Frameworks/R.framework/Versions/4.2/Resources/library/S4Vectors/include' -I'/Library/Frameworks/R.framework/Versions/4.2/Resources/library/IRanges/include' -I'/Library/Frameworks/R.framework/Versions/4.2/Resources/library/XVector/include' -I/usr/local/include  -g -fPIC  -Wall -g -O2  -c XVector_stubs.c -o XVector_stubs.o
clang -mmacosx-version-min=10.13 -I"/Library/Frameworks/R.framework/Resources/include" -DNDEBUG -D_FILE_OFFSET_BITS=64 -I'/Library/Frameworks/R.framework/Versions/4.2/Resources/library/S4Vectors/include' -I'/Library/Frameworks/R.framework/Versions/4.2/Resources/library/IRanges/include' -I'/Library/Frameworks/R.framework/Versions/4.2/Resources/library/XVector/include' -I/usr/local/include  -g -fPIC  -Wall -g -O2  -c R_init_CNEr.c -o R_init_CNEr.o
clang -mmacosx-version-min=10.13 -I"/Library/Frameworks/R.framework/Resources/include" -DNDEBUG -D_FILE_OFFSET_BITS=64 -I'/Library/Frameworks/R.framework/Versions/4.2/Resources/library/S4Vectors/include' -I'/Library/Frameworks/R.framework/Versions/4.2/Resources/library/IRanges/include' -I'/Library/Frameworks/R.framework/Versions/4.2/Resources/library/XVector/include' -I/usr/local/include  -g -fPIC  -Wall -g -O2  -c utils.c -o utils.o
utils.c:49:7: warning: unused variable '_binFirstShift' [-Wunused-variable]
  int _binFirstShift = binFirstShift();
      ^
utils.c:50:7: warning: unused variable '_binNextShift' [-Wunused-variable]
  int _binNextShift = binNextShift();
      ^
2 warnings generated.
clang -mmacosx-version-min=10.13 -I"/Library/Frameworks/R.framework/Resources/include" -DNDEBUG -D_FILE_OFFSET_BITS=64 -I'/Library/Frameworks/R.framework/Versions/4.2/Resources/library/S4Vectors/include' -I'/Library/Frameworks/R.framework/Versions/4.2/Resources/library/IRanges/include' -I'/Library/Frameworks/R.framework/Versions/4.2/Resources/library/XVector/include' -I/usr/local/include  -g -fPIC  -Wall -g -O2  -c io.c -o io.o
io.c:94:26: warning: unused variable 'curAxt' [-Wunused-variable]
  struct axt *axt=NULL, *curAxt;
                         ^
1 warning generated.
clang -mmacosx-version-min=10.13 -I"/Library/Frameworks/R.framework/Resources/include" -DNDEBUG -D_FILE_OFFSET_BITS=64 -I'/Library/Frameworks/R.framework/Versions/4.2/Resources/library/S4Vectors/include' -I'/Library/Frameworks/R.framework/Versions/4.2/Resources/library/IRanges/include' -I'/Library/Frameworks/R.framework/Versions/4.2/Resources/library/XVector/include' -I/usr/local/include  -g -fPIC  -Wall -g -O2  -c ceScan.c -o ceScan.o
ceScan.c:615:8: warning: unused variable 'rest' [-Wunused-variable]
  char rest, path[PATH_LEN];
       ^
ceScan.c:613:10: warning: unused variable 'n' [-Wunused-variable]
  int i, n;
         ^
ceScan.c:674:17: warning: unused variable 'CNE' [-Wunused-variable]
  struct slCNE *CNE, *nextCNE, *el_CNE;
                ^
ceScan.c:673:23: warning: unused variable 'thresholds' [-Wunused-variable]
  struct slThreshold *thresholds, *nextThreshold, *el_threshold;
                      ^
ceScan.c:865:17: warning: unused variable 'CNE' [-Wunused-variable]
  struct slCNE *CNE;
                ^
ceScan.c:868:7: warning: unused variable 'nrCNE' [-Wunused-variable]
  int nrCNE[nrThresholds], i;
      ^
ceScan.c:868:28: warning: unused variable 'i' [-Wunused-variable]
  int nrCNE[nrThresholds], i;
                           ^
ceScan.c:898:7: warning: unused variable 'nrThresholds' [-Wunused-variable]
  int nrThresholds = GET_LENGTH(winSize);
      ^
8 warnings generated.
clang -mmacosx-version-min=10.13 -I"/Library/Frameworks/R.framework/Resources/include" -DNDEBUG -D_FILE_OFFSET_BITS=64 -I'/Library/Frameworks/R.framework/Versions/4.2/Resources/library/S4Vectors/include' -I'/Library/Frameworks/R.framework/Versions/4.2/Resources/library/IRanges/include' -I'/Library/Frameworks/R.framework/Versions/4.2/Resources/library/XVector/include' -I/usr/local/include  -g -fPIC  -Wall -g -O2  -c ucsc/axt.c -o ucsc/axt.o
clang -mmacosx-version-min=10.13 -I"/Library/Frameworks/R.framework/Resources/include" -DNDEBUG -D_FILE_OFFSET_BITS=64 -I'/Library/Frameworks/R.framework/Versions/4.2/Resources/library/S4Vectors/include' -I'/Library/Frameworks/R.framework/Versions/4.2/Resources/library/IRanges/include' -I'/Library/Frameworks/R.framework/Versions/4.2/Resources/library/XVector/include' -I/usr/local/include  -g -fPIC  -Wall -g -O2  -c ucsc/base64.c -o ucsc/base64.o
clang -mmacosx-version-min=10.13 -I"/Library/Frameworks/R.framework/Resources/include" -DNDEBUG -D_FILE_OFFSET_BITS=64 -I'/Library/Frameworks/R.framework/Versions/4.2/Resources/library/S4Vectors/include' -I'/Library/Frameworks/R.framework/Versions/4.2/Resources/library/IRanges/include' -I'/Library/Frameworks/R.framework/Versions/4.2/Resources/library/XVector/include' -I/usr/local/include  -g -fPIC  -Wall -g -O2  -c ucsc/binRange.c -o ucsc/binRange.o
clang -mmacosx-version-min=10.13 -I"/Library/Frameworks/R.framework/Resources/include" -DNDEBUG -D_FILE_OFFSET_BITS=64 -I'/Library/Frameworks/R.framework/Versions/4.2/Resources/library/S4Vectors/include' -I'/Library/Frameworks/R.framework/Versions/4.2/Resources/library/IRanges/include' -I'/Library/Frameworks/R.framework/Versions/4.2/Resources/library/XVector/include' -I/usr/local/include  -g -fPIC  -Wall -g -O2  -c ucsc/bits.c -o ucsc/bits.o
clang -mmacosx-version-min=10.13 -I"/Library/Frameworks/R.framework/Resources/include" -DNDEBUG -D_FILE_OFFSET_BITS=64 -I'/Library/Frameworks/R.framework/Versions/4.2/Resources/library/S4Vectors/include' -I'/Library/Frameworks/R.framework/Versions/4.2/Resources/library/IRanges/include' -I'/Library/Frameworks/R.framework/Versions/4.2/Resources/library/XVector/include' -I/usr/local/include  -g -fPIC  -Wall -g -O2  -c ucsc/chain.c -o ucsc/chain.o
clang -mmacosx-version-min=10.13 -I"/Library/Frameworks/R.framework/Resources/include" -DNDEBUG -D_FILE_OFFSET_BITS=64 -I'/Library/Frameworks/R.framework/Versions/4.2/Resources/library/S4Vectors/include' -I'/Library/Frameworks/R.framework/Versions/4.2/Resources/library/IRanges/include' -I'/Library/Frameworks/R.framework/Versions/4.2/Resources/library/XVector/include' -I/usr/local/include  -g -fPIC  -Wall -g -O2  -c ucsc/_cheapcgi.c -o ucsc/_cheapcgi.o
clang -mmacosx-version-min=10.13 -I"/Library/Frameworks/R.framework/Resources/include" -DNDEBUG -D_FILE_OFFSET_BITS=64 -I'/Library/Frameworks/R.framework/Versions/4.2/Resources/library/S4Vectors/include' -I'/Library/Frameworks/R.framework/Versions/4.2/Resources/library/IRanges/include' -I'/Library/Frameworks/R.framework/Versions/4.2/Resources/library/XVector/include' -I/usr/local/include  -g -fPIC  -Wall -g -O2  -c ucsc/cirTree.c -o ucsc/cirTree.o
ucsc/cirTree.c:472:16: warning: unused function 'cirTreeOverlaps' [-Wunused-function]
INLINE boolean cirTreeOverlaps(int qChrom, int qStart, int qEnd, 
               ^
1 warning generated.
clang -mmacosx-version-min=10.13 -I"/Library/Frameworks/R.framework/Resources/include" -DNDEBUG -D_FILE_OFFSET_BITS=64 -I'/Library/Frameworks/R.framework/Versions/4.2/Resources/library/S4Vectors/include' -I'/Library/Frameworks/R.framework/Versions/4.2/Resources/library/IRanges/include' -I'/Library/Frameworks/R.framework/Versions/4.2/Resources/library/XVector/include' -I/usr/local/include  -g -fPIC  -Wall -g -O2  -c ucsc/common.c -o ucsc/common.o
ucsc/common.c:1982:18: warning: equality comparison with extraneous parentheses [-Wparentheses-equality]
        if ((*in == '"'))
             ~~~~^~~~~~
ucsc/common.c:1982:18: note: remove extraneous parentheses around the comparison to silence this warning
        if ((*in == '"'))
            ~    ^     ~
ucsc/common.c:1982:18: note: use '=' to turn this equality comparison into an assignment
        if ((*in == '"'))
                 ^~
                 =
ucsc/common.c:2842:14: warning: array index 7 is past the end of the array (which contains 4 elements) [-Warray-bounds]
v.bytes[0] = u.bytes[7];
             ^       ~
ucsc/common.c:2840:22: note: array 'bytes' declared here
union {bits64 whole; UBYTE bytes[4];} u,v;
                     ^
ucsc/common.h:106:15: note: expanded from macro 'UBYTE'
#define UBYTE unsigned char   /* Wants to be unsigned 8 bits. */
              ^
ucsc/common.c:2843:14: warning: array index 6 is past the end of the array (which contains 4 elements) [-Warray-bounds]
v.bytes[1] = u.bytes[6];
             ^       ~
ucsc/common.c:2840:22: note: array 'bytes' declared here
union {bits64 whole; UBYTE bytes[4];} u,v;
                     ^
ucsc/common.h:106:15: note: expanded from macro 'UBYTE'
#define UBYTE unsigned char   /* Wants to be unsigned 8 bits. */
              ^
ucsc/common.c:2844:14: warning: array index 5 is past the end of the array (which contains 4 elements) [-Warray-bounds]
v.bytes[2] = u.bytes[5];
             ^       ~
ucsc/common.c:2840:22: note: array 'bytes' declared here
union {bits64 whole; UBYTE bytes[4];} u,v;
                     ^
ucsc/common.h:106:15: note: expanded from macro 'UBYTE'
#define UBYTE unsigned char   /* Wants to be unsigned 8 bits. */
              ^
ucsc/common.c:2845:14: warning: array index 4 is past the end of the array (which contains 4 elements) [-Warray-bounds]
v.bytes[3] = u.bytes[4];
             ^       ~
ucsc/common.c:2840:22: note: array 'bytes' declared here
union {bits64 whole; UBYTE bytes[4];} u,v;
                     ^
ucsc/common.h:106:15: note: expanded from macro 'UBYTE'
#define UBYTE unsigned char   /* Wants to be unsigned 8 bits. */
              ^
ucsc/common.c:2846:1: warning: array index 4 is past the end of the array (which contains 4 elements) [-Warray-bounds]
v.bytes[4] = u.bytes[3];
^       ~
ucsc/common.c:2840:22: note: array 'bytes' declared here
union {bits64 whole; UBYTE bytes[4];} u,v;
                     ^
ucsc/common.h:106:15: note: expanded from macro 'UBYTE'
#define UBYTE unsigned char   /* Wants to be unsigned 8 bits. */
              ^
ucsc/common.c:2847:1: warning: array index 5 is past the end of the array (which contains 4 elements) [-Warray-bounds]
v.bytes[5] = u.bytes[2];
^       ~
ucsc/common.c:2840:22: note: array 'bytes' declared here
union {bits64 whole; UBYTE bytes[4];} u,v;
                     ^
ucsc/common.h:106:15: note: expanded from macro 'UBYTE'
#define UBYTE unsigned char   /* Wants to be unsigned 8 bits. */
              ^
ucsc/common.c:2848:1: warning: array index 6 is past the end of the array (which contains 4 elements) [-Warray-bounds]
v.bytes[6] = u.bytes[1];
^       ~
ucsc/common.c:2840:22: note: array 'bytes' declared here
union {bits64 whole; UBYTE bytes[4];} u,v;
                     ^
ucsc/common.h:106:15: note: expanded from macro 'UBYTE'
#define UBYTE unsigned char   /* Wants to be unsigned 8 bits. */
              ^
ucsc/common.c:2849:1: warning: array index 7 is past the end of the array (which contains 4 elements) [-Warray-bounds]
v.bytes[7] = u.bytes[0];
^       ~
ucsc/common.c:2840:22: note: array 'bytes' declared here
union {bits64 whole; UBYTE bytes[4];} u,v;
                     ^
ucsc/common.h:106:15: note: expanded from macro 'UBYTE'
#define UBYTE unsigned char   /* Wants to be unsigned 8 bits. */
              ^
ucsc/common.c:2976:14: warning: array index 7 is past the end of the array (which contains 4 elements) [-Warray-bounds]
v.bytes[0] = u.bytes[7];
             ^       ~
ucsc/common.c:2974:22: note: array 'bytes' declared here
union {double whole; UBYTE bytes[4];} u,v;
                     ^
ucsc/common.h:106:15: note: expanded from macro 'UBYTE'
#define UBYTE unsigned char   /* Wants to be unsigned 8 bits. */
              ^
ucsc/common.c:2977:14: warning: array index 6 is past the end of the array (which contains 4 elements) [-Warray-bounds]
v.bytes[1] = u.bytes[6];
             ^       ~
ucsc/common.c:2974:22: note: array 'bytes' declared here
union {double whole; UBYTE bytes[4];} u,v;
                     ^
ucsc/common.h:106:15: note: expanded from macro 'UBYTE'
#define UBYTE unsigned char   /* Wants to be unsigned 8 bits. */
              ^
ucsc/common.c:2978:14: warning: array index 5 is past the end of the array (which contains 4 elements) [-Warray-bounds]
v.bytes[2] = u.bytes[5];
             ^       ~
ucsc/common.c:2974:22: note: array 'bytes' declared here
union {double whole; UBYTE bytes[4];} u,v;
                     ^
ucsc/common.h:106:15: note: expanded from macro 'UBYTE'
#define UBYTE unsigned char   /* Wants to be unsigned 8 bits. */
              ^
ucsc/common.c:2979:14: warning: array index 4 is past the end of the array (which contains 4 elements) [-Warray-bounds]
v.bytes[3] = u.bytes[4];
             ^       ~
ucsc/common.c:2974:22: note: array 'bytes' declared here
union {double whole; UBYTE bytes[4];} u,v;
                     ^
ucsc/common.h:106:15: note: expanded from macro 'UBYTE'
#define UBYTE unsigned char   /* Wants to be unsigned 8 bits. */
              ^
ucsc/common.c:2980:1: warning: array index 4 is past the end of the array (which contains 4 elements) [-Warray-bounds]
v.bytes[4] = u.bytes[3];
^       ~
ucsc/common.c:2974:22: note: array 'bytes' declared here
union {double whole; UBYTE bytes[4];} u,v;
                     ^
ucsc/common.h:106:15: note: expanded from macro 'UBYTE'
#define UBYTE unsigned char   /* Wants to be unsigned 8 bits. */
              ^
ucsc/common.c:2981:1: warning: array index 5 is past the end of the array (which contains 4 elements) [-Warray-bounds]
v.bytes[5] = u.bytes[2];
^       ~
ucsc/common.c:2974:22: note: array 'bytes' declared here
union {double whole; UBYTE bytes[4];} u,v;
                     ^
ucsc/common.h:106:15: note: expanded from macro 'UBYTE'
#define UBYTE unsigned char   /* Wants to be unsigned 8 bits. */
              ^
ucsc/common.c:2982:1: warning: array index 6 is past the end of the array (which contains 4 elements) [-Warray-bounds]
v.bytes[6] = u.bytes[1];
^       ~
ucsc/common.c:2974:22: note: array 'bytes' declared here
union {double whole; UBYTE bytes[4];} u,v;
                     ^
ucsc/common.h:106:15: note: expanded from macro 'UBYTE'
#define UBYTE unsigned char   /* Wants to be unsigned 8 bits. */
              ^
ucsc/common.c:2983:1: warning: array index 7 is past the end of the array (which contains 4 elements) [-Warray-bounds]
v.bytes[7] = u.bytes[0];
^       ~
ucsc/common.c:2974:22: note: array 'bytes' declared here
union {double whole; UBYTE bytes[4];} u,v;
                     ^
ucsc/common.h:106:15: note: expanded from macro 'UBYTE'
#define UBYTE unsigned char   /* Wants to be unsigned 8 bits. */
              ^
17 warnings generated.
clang -mmacosx-version-min=10.13 -I"/Library/Frameworks/R.framework/Resources/include" -DNDEBUG -D_FILE_OFFSET_BITS=64 -I'/Library/Frameworks/R.framework/Versions/4.2/Resources/library/S4Vectors/include' -I'/Library/Frameworks/R.framework/Versions/4.2/Resources/library/IRanges/include' -I'/Library/Frameworks/R.framework/Versions/4.2/Resources/library/XVector/include' -I/usr/local/include  -g -fPIC  -Wall -g -O2  -c ucsc/dlist.c -o ucsc/dlist.o
clang -mmacosx-version-min=10.13 -I"/Library/Frameworks/R.framework/Resources/include" -DNDEBUG -D_FILE_OFFSET_BITS=64 -I'/Library/Frameworks/R.framework/Versions/4.2/Resources/library/S4Vectors/include' -I'/Library/Frameworks/R.framework/Versions/4.2/Resources/library/IRanges/include' -I'/Library/Frameworks/R.framework/Versions/4.2/Resources/library/XVector/include' -I/usr/local/include  -g -fPIC  -Wall -g -O2  -c ucsc/dnaseq.c -o ucsc/dnaseq.o
clang -mmacosx-version-min=10.13 -I"/Library/Frameworks/R.framework/Resources/include" -DNDEBUG -D_FILE_OFFSET_BITS=64 -I'/Library/Frameworks/R.framework/Versions/4.2/Resources/library/S4Vectors/include' -I'/Library/Frameworks/R.framework/Versions/4.2/Resources/library/IRanges/include' -I'/Library/Frameworks/R.framework/Versions/4.2/Resources/library/XVector/include' -I/usr/local/include  -g -fPIC  -Wall -g -O2  -c ucsc/dnautil.c -o ucsc/dnautil.o
ucsc/dnautil.c:942:5: warning: variable 'pastPoly' set but not used [-Wunused-but-set-variable]
int pastPoly = 0;
    ^
1 warning generated.
clang -mmacosx-version-min=10.13 -I"/Library/Frameworks/R.framework/Resources/include" -DNDEBUG -D_FILE_OFFSET_BITS=64 -I'/Library/Frameworks/R.framework/Versions/4.2/Resources/library/S4Vectors/include' -I'/Library/Frameworks/R.framework/Versions/4.2/Resources/library/IRanges/include' -I'/Library/Frameworks/R.framework/Versions/4.2/Resources/library/XVector/include' -I/usr/local/include  -g -fPIC  -Wall -g -O2  -c ucsc/dystring.c -o ucsc/dystring.o
clang -mmacosx-version-min=10.13 -I"/Library/Frameworks/R.framework/Resources/include" -DNDEBUG -D_FILE_OFFSET_BITS=64 -I'/Library/Frameworks/R.framework/Versions/4.2/Resources/library/S4Vectors/include' -I'/Library/Frameworks/R.framework/Versions/4.2/Resources/library/IRanges/include' -I'/Library/Frameworks/R.framework/Versions/4.2/Resources/library/XVector/include' -I/usr/local/include  -g -fPIC  -Wall -g -O2  -c ucsc/errabort.c -o ucsc/errabort.o
ucsc/errabort.c:30:19: warning: unused variable 'rcsid' [-Wunused-const-variable]
static char const rcsid[] = "$Id: errabort.c,v 1.16 2010/01/12 18:16:27 markd Exp $";
                  ^
1 warning generated.
clang -mmacosx-version-min=10.13 -I"/Library/Frameworks/R.framework/Resources/include" -DNDEBUG -D_FILE_OFFSET_BITS=64 -I'/Library/Frameworks/R.framework/Versions/4.2/Resources/library/S4Vectors/include' -I'/Library/Frameworks/R.framework/Versions/4.2/Resources/library/IRanges/include' -I'/Library/Frameworks/R.framework/Versions/4.2/Resources/library/XVector/include' -I/usr/local/include  -g -fPIC  -Wall -g -O2  -c ucsc/hash.c -o ucsc/hash.o
clang -mmacosx-version-min=10.13 -I"/Library/Frameworks/R.framework/Resources/include" -DNDEBUG -D_FILE_OFFSET_BITS=64 -I'/Library/Frameworks/R.framework/Versions/4.2/Resources/library/S4Vectors/include' -I'/Library/Frameworks/R.framework/Versions/4.2/Resources/library/IRanges/include' -I'/Library/Frameworks/R.framework/Versions/4.2/Resources/library/XVector/include' -I/usr/local/include  -g -fPIC  -Wall -g -O2  -c ucsc/https.c -o ucsc/https.o
clang -mmacosx-version-min=10.13 -I"/Library/Frameworks/R.framework/Resources/include" -DNDEBUG -D_FILE_OFFSET_BITS=64 -I'/Library/Frameworks/R.framework/Versions/4.2/Resources/library/S4Vectors/include' -I'/Library/Frameworks/R.framework/Versions/4.2/Resources/library/IRanges/include' -I'/Library/Frameworks/R.framework/Versions/4.2/Resources/library/XVector/include' -I/usr/local/include  -g -fPIC  -Wall -g -O2  -c ucsc/intExp.c -o ucsc/intExp.o
clang -mmacosx-version-min=10.13 -I"/Library/Frameworks/R.framework/Resources/include" -DNDEBUG -D_FILE_OFFSET_BITS=64 -I'/Library/Frameworks/R.framework/Versions/4.2/Resources/library/S4Vectors/include' -I'/Library/Frameworks/R.framework/Versions/4.2/Resources/library/IRanges/include' -I'/Library/Frameworks/R.framework/Versions/4.2/Resources/library/XVector/include' -I/usr/local/include  -g -fPIC  -Wall -g -O2  -c ucsc/kxTok.c -o ucsc/kxTok.o
clang -mmacosx-version-min=10.13 -I"/Library/Frameworks/R.framework/Resources/include" -DNDEBUG -D_FILE_OFFSET_BITS=64 -I'/Library/Frameworks/R.framework/Versions/4.2/Resources/library/S4Vectors/include' -I'/Library/Frameworks/R.framework/Versions/4.2/Resources/library/IRanges/include' -I'/Library/Frameworks/R.framework/Versions/4.2/Resources/library/XVector/include' -I/usr/local/include  -g -fPIC  -Wall -g -O2  -c ucsc/linefile.c -o ucsc/linefile.o
clang -mmacosx-version-min=10.13 -I"/Library/Frameworks/R.framework/Resources/include" -DNDEBUG -D_FILE_OFFSET_BITS=64 -I'/Library/Frameworks/R.framework/Versions/4.2/Resources/library/S4Vectors/include' -I'/Library/Frameworks/R.framework/Versions/4.2/Resources/library/IRanges/include' -I'/Library/Frameworks/R.framework/Versions/4.2/Resources/library/XVector/include' -I/usr/local/include  -g -fPIC  -Wall -g -O2  -c ucsc/localmem.c -o ucsc/localmem.o
clang -mmacosx-version-min=10.13 -I"/Library/Frameworks/R.framework/Resources/include" -DNDEBUG -D_FILE_OFFSET_BITS=64 -I'/Library/Frameworks/R.framework/Versions/4.2/Resources/library/S4Vectors/include' -I'/Library/Frameworks/R.framework/Versions/4.2/Resources/library/IRanges/include' -I'/Library/Frameworks/R.framework/Versions/4.2/Resources/library/XVector/include' -I/usr/local/include  -g -fPIC  -Wall -g -O2  -c ucsc/memalloc.c -o ucsc/memalloc.o
clang -mmacosx-version-min=10.13 -I"/Library/Frameworks/R.framework/Resources/include" -DNDEBUG -D_FILE_OFFSET_BITS=64 -I'/Library/Frameworks/R.framework/Versions/4.2/Resources/library/S4Vectors/include' -I'/Library/Frameworks/R.framework/Versions/4.2/Resources/library/IRanges/include' -I'/Library/Frameworks/R.framework/Versions/4.2/Resources/library/XVector/include' -I/usr/local/include  -g -fPIC  -Wall -g -O2  -c ucsc/obscure.c -o ucsc/obscure.o
clang -mmacosx-version-min=10.13 -I"/Library/Frameworks/R.framework/Resources/include" -DNDEBUG -D_FILE_OFFSET_BITS=64 -I'/Library/Frameworks/R.framework/Versions/4.2/Resources/library/S4Vectors/include' -I'/Library/Frameworks/R.framework/Versions/4.2/Resources/library/IRanges/include' -I'/Library/Frameworks/R.framework/Versions/4.2/Resources/library/XVector/include' -I/usr/local/include  -g -fPIC  -Wall -g -O2  -c ucsc/options.c -o ucsc/options.o
ucsc/options.c:49:11: warning: variable 'discardMe' set but not used [-Wunused-but-set-variable]
long long discardMe = 0;
          ^
1 warning generated.
clang -mmacosx-version-min=10.13 -I"/Library/Frameworks/R.framework/Resources/include" -DNDEBUG -D_FILE_OFFSET_BITS=64 -I'/Library/Frameworks/R.framework/Versions/4.2/Resources/library/S4Vectors/include' -I'/Library/Frameworks/R.framework/Versions/4.2/Resources/library/IRanges/include' -I'/Library/Frameworks/R.framework/Versions/4.2/Resources/library/XVector/include' -I/usr/local/include  -g -fPIC  -Wall -g -O2  -c ucsc/pipeline.c -o ucsc/pipeline.o
clang -mmacosx-version-min=10.13 -I"/Library/Frameworks/R.framework/Resources/include" -DNDEBUG -D_FILE_OFFSET_BITS=64 -I'/Library/Frameworks/R.framework/Versions/4.2/Resources/library/S4Vectors/include' -I'/Library/Frameworks/R.framework/Versions/4.2/Resources/library/IRanges/include' -I'/Library/Frameworks/R.framework/Versions/4.2/Resources/library/XVector/include' -I/usr/local/include  -g -fPIC  -Wall -g -O2  -c ucsc/_portimpl.c -o ucsc/_portimpl.o
clang -mmacosx-version-min=10.13 -I"/Library/Frameworks/R.framework/Resources/include" -DNDEBUG -D_FILE_OFFSET_BITS=64 -I'/Library/Frameworks/R.framework/Versions/4.2/Resources/library/S4Vectors/include' -I'/Library/Frameworks/R.framework/Versions/4.2/Resources/library/IRanges/include' -I'/Library/Frameworks/R.framework/Versions/4.2/Resources/library/XVector/include' -I/usr/local/include  -g -fPIC  -Wall -g -O2  -c ucsc/sqlList.c -o ucsc/sqlList.o
clang -mmacosx-version-min=10.13 -I"/Library/Frameworks/R.framework/Resources/include" -DNDEBUG -D_FILE_OFFSET_BITS=64 -I'/Library/Frameworks/R.framework/Versions/4.2/Resources/library/S4Vectors/include' -I'/Library/Frameworks/R.framework/Versions/4.2/Resources/library/IRanges/include' -I'/Library/Frameworks/R.framework/Versions/4.2/Resources/library/XVector/include' -I/usr/local/include  -g -fPIC  -Wall -g -O2  -c ucsc/sqlNum.c -o ucsc/sqlNum.o
clang -mmacosx-version-min=10.13 -I"/Library/Frameworks/R.framework/Resources/include" -DNDEBUG -D_FILE_OFFSET_BITS=64 -I'/Library/Frameworks/R.framework/Versions/4.2/Resources/library/S4Vectors/include' -I'/Library/Frameworks/R.framework/Versions/4.2/Resources/library/IRanges/include' -I'/Library/Frameworks/R.framework/Versions/4.2/Resources/library/XVector/include' -I/usr/local/include  -g -fPIC  -Wall -g -O2  -c ucsc/verbose.c -o ucsc/verbose.o
clang -mmacosx-version-min=10.13 -I"/Library/Frameworks/R.framework/Resources/include" -DNDEBUG -D_FILE_OFFSET_BITS=64 -I'/Library/Frameworks/R.framework/Versions/4.2/Resources/library/S4Vectors/include' -I'/Library/Frameworks/R.framework/Versions/4.2/Resources/library/IRanges/include' -I'/Library/Frameworks/R.framework/Versions/4.2/Resources/library/XVector/include' -I/usr/local/include  -g -fPIC  -Wall -g -O2  -c ucsc/os.c -o ucsc/os.o
clang -mmacosx-version-min=10.13 -I"/Library/Frameworks/R.framework/Resources/include" -DNDEBUG -D_FILE_OFFSET_BITS=64 -I'/Library/Frameworks/R.framework/Versions/4.2/Resources/library/S4Vectors/include' -I'/Library/Frameworks/R.framework/Versions/4.2/Resources/library/IRanges/include' -I'/Library/Frameworks/R.framework/Versions/4.2/Resources/library/XVector/include' -I/usr/local/include  -g -fPIC  -Wall -g -O2  -c ucsc/wildcmp.c -o ucsc/wildcmp.o
clang -mmacosx-version-min=10.13 -dynamiclib -Wl,-headerpad_max_install_names -undefined dynamic_lookup -single_module -multiply_defined suppress -L/Library/Frameworks/R.framework/Resources/lib -L/usr/local/lib -o CNEr.so S4Vectors_stubs.o IRanges_stubs.o XVector_stubs.o R_init_CNEr.o utils.o io.o ceScan.o ucsc/axt.o ucsc/base64.o ucsc/binRange.o ucsc/bits.o ucsc/chain.o ucsc/_cheapcgi.o ucsc/cirTree.o ucsc/common.o ucsc/dlist.o ucsc/dnaseq.o ucsc/dnautil.o ucsc/dystring.o ucsc/errabort.o ucsc/hash.o ucsc/https.o ucsc/intExp.o ucsc/kxTok.o ucsc/linefile.o ucsc/localmem.o ucsc/memalloc.o ucsc/obscure.o ucsc/options.o ucsc/pipeline.o ucsc/_portimpl.o ucsc/sqlList.o ucsc/sqlNum.o ucsc/verbose.o ucsc/os.o ucsc/wildcmp.o -lz -F/Library/Frameworks/R.framework/.. -framework R -Wl,-framework -Wl,CoreFoundation
installing to /Library/Frameworks/R.framework/Versions/4.2/Resources/library/00LOCK-CNEr/00new/CNEr/libs
** R
** data
** inst
** byte-compile and prepare package for lazy loading
** help
*** installing help indices
** building package indices
** installing vignettes
** testing if installed package can be loaded from temporary location
** checking absolute paths in shared objects and dynamic libraries
** testing if installed package can be loaded from final location
** testing if installed package keeps a record of temporary installation path
* DONE (CNEr)

Tests output

CNEr.Rcheck/tests/testthat.Rout


R version 4.2.1 Patched (2022-07-09 r82577) -- "Funny-Looking Kid"
Copyright (C) 2022 The R Foundation for Statistical Computing
Platform: x86_64-apple-darwin17.0 (64-bit)

R is free software and comes with ABSOLUTELY NO WARRANTY.
You are welcome to redistribute it under certain conditions.
Type 'license()' or 'licence()' for distribution details.

R is a collaborative project with many contributors.
Type 'contributors()' for more information and
'citation()' on how to cite R or R packages in publications.

Type 'demo()' for some demos, 'help()' for on-line help, or
'help.start()' for an HTML browser interface to help.
Type 'q()' to quit R.

> library(testthat)
> library(CNEr)

> 
> test_check("CNEr")
The number of axt files 1
The number of axt alignments is 50
The number of axt files 1
The number of axt alignments is 352
The number of axt files 1
The number of axt alignments is 352
The number of axt files 1
The number of axt alignments is 352
The number of axt files 1
The number of axt alignments is 50
The number of axt files 1
The number of axt alignments is 50
The number of axt files 1
The number of axt alignments is 50
The number of axt files 1
The number of axt alignments is 50
The number of axt files 1
The number of axt alignments is 352
[ FAIL 0 | WARN 0 | SKIP 1 | PASS 86 ]

══ Skipped tests ═══════════════════════════════════════════════════════════════
• empty test (1)

[ FAIL 0 | WARN 0 | SKIP 1 | PASS 86 ]
> 
> proc.time()
   user  system elapsed 
 19.736   0.938  20.686 

Example timings

CNEr.Rcheck/CNEr-Ex.timings

nameusersystemelapsed
AssemblyStats0.0140.0260.073
Axt-class0.6970.0360.734
Axt-util0.0740.0090.084
CNE-class0.1790.0170.196
CNEDanRer10Hg380.0100.0010.011
CNEDensity0.6760.0160.695
GRangePairs-class0.5520.0130.569
addAncestorGO000
axisTrack0.0030.0020.006
axtChain000
axtInfo0.0010.0010.001
binner0.0020.0000.002
blatCNE0.0010.0010.001
ceScan-methods1.8980.1162.009
chainMergeSort0.0010.0000.001
chainNetSyntenic0.0000.0000.001
chainPreNet0.0000.0000.001
cneFinalListDanRer10Hg380.0260.0010.026
cneMerge1.2120.0101.223
fetchChromSizes000
fixCoordinates0.4350.0100.445
grangesPairsForDotplot0.0010.0010.002
last000
lastz0.0000.0010.000
lavToPsl000
makeAncoraFiles0.0430.0020.044
makeAxtTracks0.2920.0320.325
makeCNEDensity0.0010.0000.000
makeGRBs246.472 3.880250.920
matchDistribution0.2810.0060.288
netToAxt000
orgKEGGIds2EntrezIDs0.0000.0000.001
plotCNEDistribution0.4460.0140.461
plotCNEWidth5.2540.3395.602
psubAxt0.3980.0150.413
read.rmMask.GRanges0.0250.0020.027
read.rmskFasta0.0300.0020.032
readAncora0.0640.0020.065
readAncoraIntoSQLite0.8380.0230.864
readAxt0.0600.0050.065
readBed0.0800.0110.086
readCNERangesFromSQLite0.0720.0080.080
reverseCigar0.0010.0000.002
saveCNEToSQLite0.1030.0080.113
scoringMatrix0.0010.0000.000
subAxt-methods0.9620.0310.995
syntenicDotplot1.3340.3221.588
writeAxt0.0700.0080.077