Back to Multiple platform build/check report for BioC 3.15
AB[C]DEFGHIJKLMNOPQRSTUVWXYZ

This page was generated on 2022-01-15 11:07:10 -0500 (Sat, 15 Jan 2022).

HostnameOSArch (*)R versionInstalled pkgs
nebbiolo1Linux (Ubuntu 20.04.4 LTS)x86_64R Under development (unstable) (2022-01-05 r81451) -- "Unsuffered Consequences" 4160
riesling1Windows Server 2019 Standardx64R Under development (unstable) (2021-11-21 r81221) -- "Unsuffered Consequences" 4055
palomino3Windows Server 2022 Datacenterx64R Under development (unstable) (2021-12-21 r81400 ucrt) -- "Unsuffered Consequences" 3997
merida1macOS 10.14.6 Mojavex86_64R Under development (unstable) (2022-01-05 r81451) -- "Unsuffered Consequences" 4114
Click on any hostname to see more info about the system (e.g. compilers)      (*) as reported by 'uname -p', except on Windows and Mac OS X

CHECK results for CAFE on riesling1


To the developers/maintainers of the CAFE package:
- Please allow up to 24 hours (and sometimes 48 hours) for your latest push to git@git.bioconductor.org:packages/CAFE.git to
reflect on this report. See How and When does the builder pull? When will my changes propagate? here for more information.
- Make sure to use the following settings in order to reproduce any error or warning you see on this page.

raw results

Package 231/2074HostnameOS / ArchINSTALLBUILDCHECKBUILD BIN
CAFE 1.31.0  (landing page)
Sander Bollen
Snapshot Date: 2022-01-14 13:55:18 -0500 (Fri, 14 Jan 2022)
git_url: https://git.bioconductor.org/packages/CAFE
git_branch: master
git_last_commit: 24b7cec
git_last_commit_date: 2021-10-26 12:12:15 -0500 (Tue, 26 Oct 2021)
nebbiolo1Linux (Ubuntu 20.04.4 LTS) / x86_64  OK    OK    WARNINGS  UNNEEDED, same version is already published
riesling1Windows Server 2019 Standard / x64  OK    OK    WARNINGS    OK  
palomino3Windows Server 2022 Datacenter / x64  OK    OK    WARNINGS    OK  NO, package depends on 'biovizBase' which is not available
merida1macOS 10.14.6 Mojave / x86_64  OK    OK    WARNINGS    OK  UNNEEDED, same version is already published

Summary

Package: CAFE
Version: 1.31.0
Command: D:\biocbuild\bbs-3.15-bioc\R\bin\R.exe CMD check --no-multiarch --install=check:CAFE.install-out.txt --library=D:\biocbuild\bbs-3.15-bioc\R\library --no-vignettes --timings CAFE_1.31.0.tar.gz
StartedAt: 2022-01-14 18:29:21 -0500 (Fri, 14 Jan 2022)
EndedAt: 2022-01-14 18:33:54 -0500 (Fri, 14 Jan 2022)
EllapsedTime: 272.9 seconds
RetCode: 0
Status:   WARNINGS  
CheckDir: CAFE.Rcheck
Warnings: 1

Command output

##############################################################################
##############################################################################
###
### Running command:
###
###   D:\biocbuild\bbs-3.15-bioc\R\bin\R.exe CMD check --no-multiarch --install=check:CAFE.install-out.txt --library=D:\biocbuild\bbs-3.15-bioc\R\library --no-vignettes --timings CAFE_1.31.0.tar.gz
###
##############################################################################
##############################################################################


* using log directory 'D:/biocbuild/bbs-3.15-bioc/meat/CAFE.Rcheck'
* using R Under development (unstable) (2021-11-21 r81221)
* using platform: x86_64-w64-mingw32 (64-bit)
* using session charset: ISO8859-1
* using option '--no-vignettes'
* checking for file 'CAFE/DESCRIPTION' ... OK
* checking extension type ... Package
* this is package 'CAFE' version '1.31.0'
* checking package namespace information ... OK
* checking package dependencies ... OK
* checking if this is a source package ... OK
* checking if there is a namespace ... OK
* checking for hidden files and directories ... OK
* checking for portable file names ... OK
* checking whether package 'CAFE' can be installed ... OK
* checking installed package size ... OK
* checking package directory ... OK
* checking 'build' directory ... OK
* checking DESCRIPTION meta-information ... NOTE
Malformed Description field: should contain one or more complete sentences.
* checking top-level files ... OK
* checking for left-over files ... OK
* checking index information ... OK
* checking package subdirectories ... OK
* checking R files for non-ASCII characters ... OK
* checking R files for syntax errors ... OK
* checking whether the package can be loaded ... OK
* checking whether the package can be loaded with stated dependencies ... OK
* checking whether the package can be unloaded cleanly ... OK
* checking whether the namespace can be loaded with stated dependencies ... OK
* checking whether the namespace can be unloaded cleanly ... OK
* checking dependencies in R code ... WARNING
'::' or ':::' import not declared from: 'BiocManager'
'loadNamespace' or 'requireNamespace' call not declared from: 'BiocManager'
* checking S3 generic/method consistency ... OK
* checking replacement functions ... OK
* checking foreign function calls ... OK
* checking R code for possible problems ... NOTE
Armchisqr: no visible global function definition for 'chisq.test'
ArmfisherExact: no visible global function definition for 'fisher.test'
ProcessCels: no visible global function definition for
  'install.packages'
ProcessCels: no visible global function definition for 'download.file'
ProcessCels: no visible global function definition for 'read.table'
ProcessCels: no visible global function definition for 'txtProgressBar'
ProcessCels: no visible global function definition for
  'setTxtProgressBar'
ProcessCels: no visible global function definition for 'na.omit'
allBandsOnChrom: no visible global function definition for
  'fisher.test'
allBandsOnChromChi: no visible global function definition for
  'chisq.test'
armStats: no visible global function definition for 'p.adjust'
bandStats: no visible global function definition for 'p.adjust'
chisqr: no visible global function definition for 'chisq.test'
chromosomeStats: no visible global function definition for 'p.adjust'
discontPlot: no visible global function definition for 'png'
discontPlot: no visible global function definition for 'dev.off'
discontPlot: no visible global function definition for 'data'
facetPlot: no visible global function definition for 'png'
facetPlot: no visible global function definition for 'dev.off'
facetPlot: no visible global function definition for 'na.omit'
fisher.method: no visible global function definition for 'pchisq'
fisherExact: no visible global function definition for 'fisher.test'
makelevels: no visible global function definition for 'na.omit'
rawPlot: no visible global function definition for 'png'
rawPlot: no visible global function definition for 'dev.off'
rawPlot: no visible global function definition for 'data'
slidPlot: no visible global function definition for 'png'
slidPlot: no visible global function definition for 'dev.off'
slidPlot: no visible global function definition for 'data'
Undefined global functions or variables:
  chisq.test data dev.off download.file fisher.test install.packages
  na.omit p.adjust pchisq png read.table setTxtProgressBar
  txtProgressBar
Consider adding
  importFrom("grDevices", "dev.off", "png")
  importFrom("stats", "chisq.test", "fisher.test", "na.omit", "p.adjust",
             "pchisq")
  importFrom("utils", "data", "download.file", "install.packages",
             "read.table", "setTxtProgressBar", "txtProgressBar")
to your NAMESPACE file.
* checking Rd files ... OK
* checking Rd metadata ... OK
* checking Rd cross-references ... OK
* checking for missing documentation entries ... OK
* checking for code/documentation mismatches ... OK
* checking Rd \usage sections ... OK
* checking Rd contents ... OK
* checking for unstated dependencies in examples ... OK
* checking contents of 'data' directory ... OK
* checking data for non-ASCII characters ... OK
* checking data for ASCII and uncompressed saves ... OK
* checking files in 'vignettes' ... OK
* checking examples ... OK
* checking for unstated dependencies in 'tests' ... OK
* checking tests ...
  Running 'runTests.R'
 OK
* checking for unstated dependencies in vignettes ... OK
* checking package vignettes in 'inst/doc' ... OK
* checking running R code from vignettes ... SKIPPED
* checking re-building of vignette outputs ... SKIPPED
* checking PDF version of manual ... OK
* DONE

Status: 1 WARNING, 2 NOTEs
See
  'D:/biocbuild/bbs-3.15-bioc/meat/CAFE.Rcheck/00check.log'
for details.



Installation output

CAFE.Rcheck/00install.out

##############################################################################
##############################################################################
###
### Running command:
###
###   D:\biocbuild\bbs-3.15-bioc\R\bin\R.exe CMD INSTALL CAFE
###
##############################################################################
##############################################################################


* installing to library 'D:/biocbuild/bbs-3.15-bioc/R/library'
* installing *source* package 'CAFE' ...
** using staged installation
** R
** data
** inst
** byte-compile and prepare package for lazy loading
** help
*** installing help indices
  converting help for package 'CAFE'
    finding HTML links ... done
    CAFE-package                            html  
    CAFE                                    html  
    ProcessCels                             html  
    armStats                                html  
    bandStats                               html  
    chromosomeStats                         html  
    cliSubset                               html  
    discontPlot                             html  
    discontSmooth                           html  
    facetPlot                               html  
    fisher.method                           html  
    guiSubset                               html  
    rawPlot                                 html  
    slidPlot                                html  
    slidSmooth                              html  
** building package indices
** installing vignettes
** testing if installed package can be loaded from temporary location
** testing if installed package can be loaded from final location
** testing if installed package keeps a record of temporary installation path
* DONE (CAFE)
Making 'packages.html' ... done

Tests output

CAFE.Rcheck/tests/runTests.Rout


R Under development (unstable) (2021-11-21 r81221) -- "Unsuffered Consequences"
Copyright (C) 2021 The R Foundation for Statistical Computing
Platform: x86_64-w64-mingw32/x64 (64-bit)

R is free software and comes with ABSOLUTELY NO WARRANTY.
You are welcome to redistribute it under certain conditions.
Type 'license()' or 'licence()' for distribution details.

R is a collaborative project with many contributors.
Type 'contributors()' for more information and
'citation()' on how to cite R or R packages in publications.

Type 'demo()' for some demos, 'help()' for on-line help, or
'help.start()' for an HTML browser interface to help.
Type 'q()' to quit R.

> #BiocGenerics:::testPackage("CAFE")
> 
> proc.time()
   user  system elapsed 
   0.17    0.09    0.20 

Example timings

CAFE.Rcheck/CAFE-Ex.timings

nameusersystemelapsed
CAFE-package000
CAFE0.390.000.39
ProcessCels000
armStats1.560.061.63
bandStats0.920.010.94
chromosomeStats0.430.020.43
cliSubset000
discontPlot0.840.090.94
discontSmooth000
facetPlot3.360.473.86
fisher.method000
guiSubset000
rawPlot0.930.050.96
slidPlot0.860.060.93
slidSmooth000