Back to Multiple platform build/check report for BioC 3.17:   simplified   long
A[B]CDEFGHIJKLMNOPQRSTUVWXYZ

This page was generated on 2023-02-07 11:05:05 -0500 (Tue, 07 Feb 2023).

HostnameOSArch (*)R versionInstalled pkgs
nebbiolo1Linux (Ubuntu 22.04.1 LTS)x86_64R Under development (unstable) (2023-01-10 r83596) -- "Unsuffered Consequences" 4483
palomino3Windows Server 2022 Datacenterx64R Under development (unstable) (2023-01-10 r83596 ucrt) -- "Unsuffered Consequences" 4249
merida1macOS 10.14.6 Mojavex86_64R Under development (unstable) (2023-01-10 r83596) -- "Unsuffered Consequences" 4272
Click on any hostname to see more info about the system (e.g. compilers)      (*) as reported by 'uname -p', except on Windows and Mac OS X

BUILD results for BiocOncoTK on nebbiolo1


To the developers/maintainers of the BiocOncoTK package:
- Please allow up to 24 hours (and sometimes 48 hours) for your latest push to git@git.bioconductor.org:packages/BiocOncoTK.git to
reflect on this report. See How and When does the builder pull? When will my changes propagate? for more information.
- Make sure to use the following settings in order to reproduce any error or warning you see on this page.

raw results

Package 166/2164HostnameOS / ArchINSTALLBUILDCHECKBUILD BIN
BiocOncoTK 1.19.1  (landing page)
VJ Carey
Snapshot Date: 2023-02-06 14:00:21 -0500 (Mon, 06 Feb 2023)
git_url: https://git.bioconductor.org/packages/BiocOncoTK
git_branch: master
git_last_commit: 438fb9d
git_last_commit_date: 2023-02-05 08:42:51 -0500 (Sun, 05 Feb 2023)
nebbiolo1Linux (Ubuntu 22.04.1 LTS) / x86_64  OK    ERROR  skipped
palomino3Windows Server 2022 Datacenter / x64  OK    ERROR  skippedskipped
merida1macOS 10.14.6 Mojave / x86_64  OK    ERROR  skippedskipped

Summary

Package: BiocOncoTK
Version: 1.19.1
Command: /home/biocbuild/bbs-3.17-bioc/R/bin/R CMD build --keep-empty-dirs --no-resave-data BiocOncoTK
StartedAt: 2023-02-06 15:58:02 -0500 (Mon, 06 Feb 2023)
EndedAt: 2023-02-06 15:59:40 -0500 (Mon, 06 Feb 2023)
EllapsedTime: 98.2 seconds
RetCode: 1
Status:   ERROR  
PackageFile: None
PackageFileSize: NA

Command output

##############################################################################
##############################################################################
###
### Running command:
###
###   /home/biocbuild/bbs-3.17-bioc/R/bin/R CMD build --keep-empty-dirs --no-resave-data BiocOncoTK
###
##############################################################################
##############################################################################


* checking for file ‘BiocOncoTK/DESCRIPTION’ ... OK
* preparing ‘BiocOncoTK’:
* checking DESCRIPTION meta-information ... OK
* installing the package to build vignettes
* creating vignettes ... ERROR
--- re-building ‘BiocOncoTK.Rmd’ using rmarkdown
Quitting from lines 690-695 (BiocOncoTK.Rmd) 
Error: processing vignette 'BiocOncoTK.Rmd' failed with diagnostics:
'dimnames' applied to non-array
--- failed re-building ‘BiocOncoTK.Rmd’

--- re-building ‘curatedMSIData.Rmd’ using rmarkdown
--- finished re-building ‘curatedMSIData.Rmd’

--- re-building ‘maptcga.Rmd’ using rmarkdown
--- finished re-building ‘maptcga.Rmd’

SUMMARY: processing the following file failed:
  ‘BiocOncoTK.Rmd’

Error: Vignette re-building failed.
Execution halted