Back to Multiple platform build/check report for BioC 3.17
A[B]CDEFGHIJKLMNOPQRSTUVWXYZ

This page was generated on 2022-12-05 11:05:26 -0500 (Mon, 05 Dec 2022).

HostnameOSArch (*)R versionInstalled pkgs
nebbiolo1Linux (Ubuntu 22.04.1 LTS)x86_64R Under development (unstable) (2022-11-30 r83393) -- "Unsuffered Consequences" 4277
palomino3Windows Server 2022 Datacenterx64R Under development (unstable) (2022-11-30 r83393 ucrt) -- "Unsuffered Consequences" 4193
merida1macOS 10.14.6 Mojavex86_64R Under development (unstable) (2022-11-30 r83393) -- "Unsuffered Consequences" 4236
Click on any hostname to see more info about the system (e.g. compilers)      (*) as reported by 'uname -p', except on Windows and Mac OS X

BUILD results for BiSeq on nebbiolo1


To the developers/maintainers of the BiSeq package:
- Please allow up to 24 hours (and sometimes 48 hours) for your latest push to git@git.bioconductor.org:packages/BiSeq.git to
reflect on this report. See How and When does the builder pull? When will my changes propagate? for more information.
- Make sure to use the following settings in order to reproduce any error or warning you see on this page.

raw results

Package 205/2155HostnameOS / ArchINSTALLBUILDCHECKBUILD BIN
BiSeq 1.39.0  (landing page)
Katja Hebestreit
Snapshot Date: 2022-12-04 14:00:12 -0500 (Sun, 04 Dec 2022)
git_url: https://git.bioconductor.org/packages/BiSeq
git_branch: master
git_last_commit: a5c3cc0
git_last_commit_date: 2022-11-01 11:08:12 -0500 (Tue, 01 Nov 2022)
nebbiolo1Linux (Ubuntu 22.04.1 LTS) / x86_64  OK    ERROR  skipped
palomino3Windows Server 2022 Datacenter / x64  OK    ERROR  skippedskipped
merida1macOS 10.14.6 Mojave / x86_64  OK    ERROR  skippedskipped

Summary

Package: BiSeq
Version: 1.39.0
Command: /home/biocbuild/bbs-3.17-bioc/R/bin/R CMD build --keep-empty-dirs --no-resave-data BiSeq
StartedAt: 2022-12-04 15:57:21 -0500 (Sun, 04 Dec 2022)
EndedAt: 2022-12-04 15:59:01 -0500 (Sun, 04 Dec 2022)
EllapsedTime: 100.1 seconds
RetCode: 1
Status:   ERROR  
PackageFile: None
PackageFileSize: NA

Command output

##############################################################################
##############################################################################
###
### Running command:
###
###   /home/biocbuild/bbs-3.17-bioc/R/bin/R CMD build --keep-empty-dirs --no-resave-data BiSeq
###
##############################################################################
##############################################################################


* checking for file ‘BiSeq/DESCRIPTION’ ... OK
* preparing ‘BiSeq’:
* checking DESCRIPTION meta-information ... OK
* installing the package to build vignettes
* creating vignettes ... ERROR
--- re-building ‘BiSeq.Rnw’ using Sweave
Loading required package: S4Vectors
Loading required package: stats4
Loading required package: BiocGenerics

Attaching package: ‘BiocGenerics’

The following objects are masked from ‘package:stats’:

    IQR, mad, sd, var, xtabs

The following objects are masked from ‘package:base’:

    Filter, Find, Map, Position, Reduce,
    anyDuplicated, aperm, append, as.data.frame,
    basename, cbind, colnames, dirname, do.call,
    duplicated, eval, evalq, get, grep, grepl,
    intersect, is.unsorted, lapply, mapply, match,
    mget, order, paste, pmax, pmax.int, pmin,
    pmin.int, rank, rbind, rownames, sapply, setdiff,
    sort, table, tapply, union, unique, unsplit,
    which.max, which.min


Attaching package: ‘S4Vectors’

The following objects are masked from ‘package:base’:

    I, expand.grid, unname

Loading required package: IRanges
Loading required package: GenomicRanges
Loading required package: GenomeInfoDb
Loading required package: SummarizedExperiment
Loading required package: MatrixGenerics
Loading required package: matrixStats

Attaching package: ‘MatrixGenerics’

The following objects are masked from ‘package:matrixStats’:

    colAlls, colAnyNAs, colAnys, colAvgsPerRowSet,
    colCollapse, colCounts, colCummaxs, colCummins,
    colCumprods, colCumsums, colDiffs, colIQRDiffs,
    colIQRs, colLogSumExps, colMadDiffs, colMads,
    colMaxs, colMeans2, colMedians, colMins,
    colOrderStats, colProds, colQuantiles, colRanges,
    colRanks, colSdDiffs, colSds, colSums2,
    colTabulates, colVarDiffs, colVars,
    colWeightedMads, colWeightedMeans,
    colWeightedMedians, colWeightedSds,
    colWeightedVars, rowAlls, rowAnyNAs, rowAnys,
    rowAvgsPerColSet, rowCollapse, rowCounts,
    rowCummaxs, rowCummins, rowCumprods, rowCumsums,
    rowDiffs, rowIQRDiffs, rowIQRs, rowLogSumExps,
    rowMadDiffs, rowMads, rowMaxs, rowMeans2,
    rowMedians, rowMins, rowOrderStats, rowProds,
    rowQuantiles, rowRanges, rowRanks, rowSdDiffs,
    rowSds, rowSums2, rowTabulates, rowVarDiffs,
    rowVars, rowWeightedMads, rowWeightedMeans,
    rowWeightedMedians, rowWeightedSds,
    rowWeightedVars

Loading required package: Biobase
Welcome to Bioconductor

    Vignettes contain introductory material; view
    with 'browseVignettes()'. To cite Bioconductor,
    see 'citation("Biobase")', and for packages
    'citation("pkgname")'.


Attaching package: ‘Biobase’

The following object is masked from ‘package:MatrixGenerics’:

    rowMedians

The following objects are masked from ‘package:matrixStats’:

    anyMissing, rowMedians

Loading required package: Formula

Error: processing vignette 'BiSeq.Rnw' failed with diagnostics:
 chunk 37 
Error in is.numeric(bandwidth) && bandwidth > 0 : 
  'length = 1058' in coercion to 'logical(1)'

--- failed re-building ‘BiSeq.Rnw’

SUMMARY: processing the following file failed:
  ‘BiSeq.Rnw’

Error: Vignette re-building failed.
Execution halted