Back to Multiple platform build/check report for BioC 3.15
A[B]CDEFGHIJKLMNOPQRSTUVWXYZ

This page was generated on 2022-01-27 11:06:48 -0500 (Thu, 27 Jan 2022).

HostnameOSArch (*)R versionInstalled pkgs
nebbiolo1Linux (Ubuntu 20.04.4 LTS)x86_64R Under development (unstable) (2022-01-05 r81451) -- "Unsuffered Consequences" 4167
riesling1Windows Server 2019 Standardx64R Under development (unstable) (2021-11-21 r81221) -- "Unsuffered Consequences" 4062
palomino3Windows Server 2022 Datacenterx64R Under development (unstable) (2021-12-21 r81400 ucrt) -- "Unsuffered Consequences" 4004
merida1macOS 10.14.6 Mojavex86_64R Under development (unstable) (2022-01-05 r81451) -- "Unsuffered Consequences" 4121
Click on any hostname to see more info about the system (e.g. compilers)      (*) as reported by 'uname -p', except on Windows and Mac OS X

CHECK results for BBCAnalyzer on riesling1


To the developers/maintainers of the BBCAnalyzer package:
- Please allow up to 24 hours (and sometimes 48 hours) for your latest push to git@git.bioconductor.org:packages/BBCAnalyzer.git to
reflect on this report. See How and When does the builder pull? When will my changes propagate? here for more information.
- Make sure to use the following settings in order to reproduce any error or warning you see on this page.

raw results

Package 125/2077HostnameOS / ArchINSTALLBUILDCHECKBUILD BIN
BBCAnalyzer 1.25.0  (landing page)
Sarah Sandmann
Snapshot Date: 2022-01-26 13:55:18 -0500 (Wed, 26 Jan 2022)
git_url: https://git.bioconductor.org/packages/BBCAnalyzer
git_branch: master
git_last_commit: 97dce93
git_last_commit_date: 2021-10-26 12:22:06 -0500 (Tue, 26 Oct 2021)
nebbiolo1Linux (Ubuntu 20.04.4 LTS) / x86_64  OK    OK    OK  UNNEEDED, same version is already published
riesling1Windows Server 2019 Standard / x64  OK    OK    WARNINGS    NA  
palomino3Windows Server 2022 Datacenter / x64  OK    OK    WARNINGS    OK  NO, package depends on 'SummarizedExperiment' which is not available
merida1macOS 10.14.6 Mojave / x86_64  OK    OK    OK    OK  UNNEEDED, same version is already published

Summary

Package: BBCAnalyzer
Version: 1.25.0
Command: D:\biocbuild\bbs-3.15-bioc\R\bin\R.exe CMD check --no-multiarch --install=check:BBCAnalyzer.install-out.txt --library=D:\biocbuild\bbs-3.15-bioc\R\library --no-vignettes --timings BBCAnalyzer_1.25.0.tar.gz
StartedAt: 2022-01-26 18:18:54 -0500 (Wed, 26 Jan 2022)
EndedAt: 2022-01-26 18:22:55 -0500 (Wed, 26 Jan 2022)
EllapsedTime: 241.0 seconds
RetCode: 0
Status:   WARNINGS  
CheckDir: BBCAnalyzer.Rcheck
Warnings: 1

Command output

##############################################################################
##############################################################################
###
### Running command:
###
###   D:\biocbuild\bbs-3.15-bioc\R\bin\R.exe CMD check --no-multiarch --install=check:BBCAnalyzer.install-out.txt --library=D:\biocbuild\bbs-3.15-bioc\R\library --no-vignettes --timings BBCAnalyzer_1.25.0.tar.gz
###
##############################################################################
##############################################################################


* using log directory 'D:/biocbuild/bbs-3.15-bioc/meat/BBCAnalyzer.Rcheck'
* using R Under development (unstable) (2021-11-21 r81221)
* using platform: x86_64-w64-mingw32 (64-bit)
* using session charset: ISO8859-1
* using option '--no-vignettes'
* checking for file 'BBCAnalyzer/DESCRIPTION' ... OK
* checking extension type ... Package
* this is package 'BBCAnalyzer' version '1.25.0'
* checking package namespace information ... OK
* checking package dependencies ... OK
* checking if this is a source package ... OK
* checking if there is a namespace ... OK
* checking for hidden files and directories ... OK
* checking for portable file names ... OK
* checking whether package 'BBCAnalyzer' can be installed ... WARNING
Found the following significant warnings:
  Warning: replacing previous import 'grDevices::windows' by 'GenomicRanges::windows' when loading 'BBCAnalyzer'
See 'D:/biocbuild/bbs-3.15-bioc/meat/BBCAnalyzer.Rcheck/00install.out' for details.
* checking installed package size ... OK
* checking package directory ... OK
* checking 'build' directory ... OK
* checking DESCRIPTION meta-information ... OK
* checking top-level files ... OK
* checking for left-over files ... OK
* checking index information ... OK
* checking package subdirectories ... OK
* checking R files for non-ASCII characters ... OK
* checking R files for syntax errors ... OK
* checking whether the package can be loaded ... OK
* checking whether the package can be loaded with stated dependencies ... OK
* checking whether the package can be unloaded cleanly ... OK
* checking whether the namespace can be loaded with stated dependencies ... OK
* checking whether the namespace can be unloaded cleanly ... OK
* checking dependencies in R code ... OK
* checking S3 generic/method consistency ... OK
* checking replacement functions ... OK
* checking foreign function calls ... OK
* checking R code for possible problems ... NOTE
analyzeBases: no visible global function definition for 'read.table'
analyzeBasesPlotOnly: no visible global function definition for
  'read.table'
analyzeReads: no visible global function definition for 'path'
analyzeReads: no visible global function definition for 'write.table'
checkBamInput: no visible global function definition for 'path'
checkVcfInput: no visible global function definition for 'path'
frequencyAnalysis: no visible global function definition for
  'write.table'
frequencyAnalysisVcf: no visible global function definition for
  'read.table'
frequencyAnalysisVcf: no visible global function definition for 'path'
frequencyAnalysisVcf: no visible global function definition for
  'write.table'
plotCountsPerSampleRelativeVcf_plot: no visible global function
  definition for 'par'
plotCountsPerSampleRelativeVcf_plot: no visible global function
  definition for 'barplot'
plotCountsPerSampleRelativeVcf_plot: no visible global function
  definition for 'rect'
plotCountsPerSampleRelativeVcf_plot: no visible global function
  definition for 'lines'
plotCountsPerSampleRelativeVcf_plot: no visible global function
  definition for 'text'
plotCountsPerSampleRelative_plot: no visible global function definition
  for 'par'
plotCountsPerSampleRelative_plot: no visible global function definition
  for 'barplot'
plotCountsPerSampleRelative_plot: no visible global function definition
  for 'rect'
plotCountsPerSampleRelative_plot: no visible global function definition
  for 'lines'
plotCountsPerSampleRelative_plot: no visible global function definition
  for 'text'
plotCountsPerSampleVcf_plot: no visible global function definition for
  'par'
plotCountsPerSampleVcf_plot: no visible global function definition for
  'barplot'
plotCountsPerSampleVcf_plot: no visible global function definition for
  'rect'
plotCountsPerSampleVcf_plot: no visible global function definition for
  'lines'
plotCountsPerSampleVcf_plot: no visible global function definition for
  'text'
plotCountsPerSample_plot: no visible global function definition for
  'par'
plotCountsPerSample_plot: no visible global function definition for
  'barplot'
plotCountsPerSample_plot: no visible global function definition for
  'rect'
plotCountsPerSample_plot: no visible global function definition for
  'lines'
plotCountsPerSample_plot: no visible global function definition for
  'text'
plotCountsPerTargetRelativeVcf_plot: no visible global function
  definition for 'par'
plotCountsPerTargetRelativeVcf_plot: no visible global function
  definition for 'barplot'
plotCountsPerTargetRelativeVcf_plot: no visible global function
  definition for 'rect'
plotCountsPerTargetRelativeVcf_plot: no visible global function
  definition for 'lines'
plotCountsPerTargetRelativeVcf_plot: no visible global function
  definition for 'text'
plotCountsPerTargetRelative_plot: no visible global function definition
  for 'par'
plotCountsPerTargetRelative_plot: no visible global function definition
  for 'barplot'
plotCountsPerTargetRelative_plot: no visible global function definition
  for 'rect'
plotCountsPerTargetRelative_plot: no visible global function definition
  for 'lines'
plotCountsPerTargetRelative_plot: no visible global function definition
  for 'text'
plotCountsPerTargetVcf_plot: no visible global function definition for
  'par'
plotCountsPerTargetVcf_plot: no visible global function definition for
  'barplot'
plotCountsPerTargetVcf_plot: no visible global function definition for
  'rect'
plotCountsPerTargetVcf_plot: no visible global function definition for
  'lines'
plotCountsPerTargetVcf_plot: no visible global function definition for
  'text'
plotCountsPerTarget_plot: no visible global function definition for
  'par'
plotCountsPerTarget_plot: no visible global function definition for
  'barplot'
plotCountsPerTarget_plot: no visible global function definition for
  'rect'
plotCountsPerTarget_plot: no visible global function definition for
  'lines'
plotCountsPerTarget_plot: no visible global function definition for
  'text'
processVcfFile: no visible global function definition for 'read.table'
reportVariants: no visible global function definition for 'write.table'
reportVariantsVcf: no visible global function definition for
  'write.table'
Undefined global functions or variables:
  barplot lines par path read.table rect text write.table
Consider adding
  importFrom("graphics", "barplot", "lines", "par", "rect", "text")
  importFrom("utils", "read.table", "write.table")
to your NAMESPACE file.
* checking Rd files ... OK
* checking Rd metadata ... OK
* checking Rd cross-references ... OK
* checking for missing documentation entries ... OK
* checking for code/documentation mismatches ... OK
* checking Rd \usage sections ... OK
* checking Rd contents ... OK
* checking for unstated dependencies in examples ... OK
* checking files in 'vignettes' ... OK
* checking examples ... OK
Examples with CPU (user + system) or elapsed time > 5s
                      user system elapsed
analyzeBasesPlotOnly 25.47   0.61   26.09
* checking for unstated dependencies in vignettes ... OK
* checking package vignettes in 'inst/doc' ... OK
* checking running R code from vignettes ... SKIPPED
* checking re-building of vignette outputs ... SKIPPED
* checking PDF version of manual ... OK
* DONE

Status: 1 WARNING, 1 NOTE
See
  'D:/biocbuild/bbs-3.15-bioc/meat/BBCAnalyzer.Rcheck/00check.log'
for details.



Installation output

BBCAnalyzer.Rcheck/00install.out

##############################################################################
##############################################################################
###
### Running command:
###
###   D:\biocbuild\bbs-3.15-bioc\R\bin\R.exe CMD INSTALL BBCAnalyzer
###
##############################################################################
##############################################################################


* installing to library 'D:/biocbuild/bbs-3.15-bioc/R/library'
* installing *source* package 'BBCAnalyzer' ...
** using staged installation
** R
** inst
** byte-compile and prepare package for lazy loading
Warning: replacing previous import 'grDevices::windows' by 'GenomicRanges::windows' when loading 'BBCAnalyzer'
** help
*** installing help indices
  converting help for package 'BBCAnalyzer'
    finding HTML links ... done
    BBCAnalyzer-package                     html  
    analyzeBases                            html  
    analyzeBasesPlotOnly                    html  
** building package indices
** installing vignettes
** testing if installed package can be loaded from temporary location
Warning: replacing previous import 'grDevices::windows' by 'GenomicRanges::windows' when loading 'BBCAnalyzer'
** testing if installed package can be loaded from final location
Warning: replacing previous import 'grDevices::windows' by 'GenomicRanges::windows' when loading 'BBCAnalyzer'
** testing if installed package keeps a record of temporary installation path
* DONE (BBCAnalyzer)
Making 'packages.html' ...Warning in packageDescription(i, lib.loc = lib, fields = "Title", encoding = "UTF-8") :
  DESCRIPTION file of package 'celda' is missing or broken
Warning in packageDescription(i, lib.loc = lib, fields = "Title", encoding = "UTF-8") :
  DESCRIPTION file of package 'ODER' is missing or broken
 done

Tests output


Example timings

BBCAnalyzer.Rcheck/BBCAnalyzer-Ex.timings

nameusersystemelapsed
BBCAnalyzer-package0.190.050.24
analyzeBases0.200.030.23
analyzeBasesPlotOnly25.47 0.6126.09