Back to Multiple platform build/check report for BioC 3.9 |
|
This page was generated on 2019-04-09 12:35:21 -0400 (Tue, 09 Apr 2019).
Package 115/1703 | Hostname | OS / Arch | INSTALL | BUILD | CHECK | BUILD BIN | ||||||
bcSeq 1.5.1 Jiaxing Lin
| malbec2 | Linux (Ubuntu 18.04.2 LTS) / x86_64 | OK | ERROR | skipped | |||||||
tokay2 | Windows Server 2012 R2 Standard / x64 | OK | [ ERROR ] | skipped | skipped | |||||||
celaya2 | OS X 10.11.6 El Capitan / x86_64 | OK | ERROR | skipped | skipped | |||||||
merida2 | OS X 10.11.6 El Capitan / x86_64 | OK | OK | OK | OK |
Package: bcSeq |
Version: 1.5.1 |
Command: chmod a+r bcSeq -R && C:\Users\biocbuild\bbs-3.9-bioc\R\bin\R.exe CMD build --keep-empty-dirs --no-resave-data bcSeq |
StartedAt: 2019-04-09 00:09:37 -0400 (Tue, 09 Apr 2019) |
EndedAt: 2019-04-09 00:10:39 -0400 (Tue, 09 Apr 2019) |
EllapsedTime: 62.4 seconds |
RetCode: 1 |
Status: ERROR |
PackageFile: None |
PackageFileSize: NA |
############################################################################## ############################################################################## ### ### Running command: ### ### chmod a+r bcSeq -R && C:\Users\biocbuild\bbs-3.9-bioc\R\bin\R.exe CMD build --keep-empty-dirs --no-resave-data bcSeq ### ############################################################################## ############################################################################## * checking for file 'bcSeq/DESCRIPTION' ... OK * preparing 'bcSeq': * checking DESCRIPTION meta-information ... OK * cleaning src * installing the package to build vignettes * creating vignettes ... ERROR --- re-building 'bcSeq.Rnw' using knitr