Back to Multiple platform build/check report for BioC 3.18:   simplified   long
ABCDEFGHIJKLMNO[P]QRSTUVWXYZ

This page was generated on 2023-12-07 11:38:05 -0500 (Thu, 07 Dec 2023).

HostnameOSArch (*)R versionInstalled pkgs
nebbiolo2Linux (Ubuntu 22.04.2 LTS)x86_644.3.2 Patched (2023-11-13 r85521) -- "Eye Holes" 4688
palomino4Windows Server 2022 Datacenterx644.3.2 (2023-10-31 ucrt) -- "Eye Holes" 4439
lconwaymacOS 12.7.1 Montereyx86_644.3.2 Patched (2023-11-01 r85457) -- "Eye Holes" 4458
Click on any hostname to see more info about the system (e.g. compilers)      (*) as reported by 'uname -p', except on Windows and Mac OS X

Package 1608/2266HostnameOS / ArchINSTALLBUILDCHECKBUILD BIN
psichomics 1.28.0  (landing page)
Nuno Saraiva-Agostinho
Snapshot Date: 2023-12-06 14:05:06 -0500 (Wed, 06 Dec 2023)
git_url: https://git.bioconductor.org/packages/psichomics
git_branch: RELEASE_3_18
git_last_commit: 4010198
git_last_commit_date: 2023-10-24 10:53:32 -0500 (Tue, 24 Oct 2023)
nebbiolo2Linux (Ubuntu 22.04.2 LTS) / x86_64  OK    OK    WARNINGS  UNNEEDED, same version is already published
palomino4Windows Server 2022 Datacenter / x64  OK    OK    WARNINGS    OK  UNNEEDED, same version is already published
lconwaymacOS 12.7.1 Monterey / x86_64  OK    OK    WARNINGS    OK  UNNEEDED, same version is already published
kjohnson1macOS 13.6.1 Ventura / arm64see weekly results here

CHECK results for psichomics on lconway


To the developers/maintainers of the psichomics package:
- Allow up to 24 hours (and sometimes 48 hours) for your latest push to git@git.bioconductor.org:packages/psichomics.git to reflect on this report. See Troubleshooting Build Report for more information.
- Use the following Renviron settings to reproduce errors and warnings.
- If 'R CMD check' started to fail recently on the Linux builder(s) over a missing dependency, add the missing dependency to 'Suggests:' in your DESCRIPTION file. See Renviron.bioc for more information.

raw results


Summary

Package: psichomics
Version: 1.28.0
Command: /Library/Frameworks/R.framework/Resources/bin/R CMD check --install=check:psichomics.install-out.txt --library=/Library/Frameworks/R.framework/Resources/library --no-vignettes --timings psichomics_1.28.0.tar.gz
StartedAt: 2023-12-06 22:18:55 -0500 (Wed, 06 Dec 2023)
EndedAt: 2023-12-06 22:27:59 -0500 (Wed, 06 Dec 2023)
EllapsedTime: 543.6 seconds
RetCode: 0
Status:   WARNINGS  
CheckDir: psichomics.Rcheck
Warnings: 1

Command output

##############################################################################
##############################################################################
###
### Running command:
###
###   /Library/Frameworks/R.framework/Resources/bin/R CMD check --install=check:psichomics.install-out.txt --library=/Library/Frameworks/R.framework/Resources/library --no-vignettes --timings psichomics_1.28.0.tar.gz
###
##############################################################################
##############################################################################


* using log directory ‘/Users/biocbuild/bbs-3.18-bioc/meat/psichomics.Rcheck’
* using R version 4.3.2 Patched (2023-11-01 r85457)
* using platform: x86_64-apple-darwin20 (64-bit)
* R was compiled by
    Apple clang version 14.0.3 (clang-1403.0.22.14.1)
    GNU Fortran (GCC) 12.2.0
* running under: macOS Monterey 12.7.1
* using session charset: UTF-8
* using option ‘--no-vignettes’
* checking for file ‘psichomics/DESCRIPTION’ ... OK
* this is package ‘psichomics’ version ‘1.28.0’
* package encoding: UTF-8
* checking package namespace information ... OK
* checking package dependencies ... OK
* checking if this is a source package ... OK
* checking if there is a namespace ... OK
* checking for hidden files and directories ... NOTE
Found the following hidden files and directories:
  .devcontainer
These were most likely included in error. See section ‘Package
structure’ in the ‘Writing R Extensions’ manual.
* checking for portable file names ... OK
* checking for sufficient/correct file permissions ... OK
* checking whether package ‘psichomics’ can be installed ... OK
* used C++ compiler: ‘Apple clang version 14.0.0 (clang-1400.0.29.202)’
* used SDK: ‘MacOSX11.3.sdk’
* checking installed package size ... OK
* checking package directory ... OK
* checking ‘build’ directory ... OK
* checking DESCRIPTION meta-information ... OK
* checking top-level files ... OK
* checking for left-over files ... OK
* checking index information ... OK
* checking package subdirectories ... OK
* checking R files for non-ASCII characters ... OK
* checking R files for syntax errors ... OK
* checking whether the package can be loaded ... OK
* checking whether the package can be loaded with stated dependencies ... OK
* checking whether the package can be unloaded cleanly ... OK
* checking whether the namespace can be loaded with stated dependencies ... OK
* checking whether the namespace can be unloaded cleanly ... OK
* checking startup messages can be suppressed ... OK
* checking dependencies in R code ... OK
* checking S3 generic/method consistency ... WARNING
survfit:
  function(formula, ...)
survfit.survTerms:
  function(survTerms, ...)
See section ‘Generic functions and methods’ in the ‘Writing R
Extensions’ manual.
* checking replacement functions ... OK
* checking foreign function calls ... OK
* checking R code for possible problems ... OK
* checking Rd files ... OK
* checking Rd metadata ... OK
* checking Rd cross-references ... OK
* checking for missing documentation entries ... OK
* checking for code/documentation mismatches ... OK
* checking Rd \usage sections ... OK
* checking Rd contents ... OK
* checking for unstated dependencies in examples ... OK
* checking line endings in C/C++/Fortran sources/headers ... OK
* checking compiled code ... NOTE
Note: information on .o files is not available
* checking files in ‘vignettes’ ... OK
* checking examples ... OK
Examples with CPU (user + system) or elapsed time > 5s
                          user system elapsed
convertGeneIdentifiers  16.736  1.257  19.239
listSplicingAnnotations 14.546  1.200  16.348
queryPubMed              0.030  0.007   6.677
* checking for unstated dependencies in ‘tests’ ... OK
* checking tests ...
  Running ‘spelling.R’
  Running ‘testthat.R’
 OK
* checking for unstated dependencies in vignettes ... OK
* checking package vignettes in ‘inst/doc’ ... OK
* checking running R code from vignettes ... SKIPPED
* checking re-building of vignette outputs ... SKIPPED
* checking PDF version of manual ... OK
* DONE

Status: 1 WARNING, 2 NOTEs
See
  ‘/Users/biocbuild/bbs-3.18-bioc/meat/psichomics.Rcheck/00check.log’
for details.



Installation output

psichomics.Rcheck/00install.out

##############################################################################
##############################################################################
###
### Running command:
###
###   /Library/Frameworks/R.framework/Resources/bin/R CMD INSTALL psichomics
###
##############################################################################
##############################################################################


* installing to library ‘/Library/Frameworks/R.framework/Versions/4.3-x86_64/Resources/library’
* installing *source* package ‘psichomics’ ...
** using staged installation
** libs
using C++ compiler: ‘Apple clang version 14.0.0 (clang-1400.0.29.202)’
using SDK: ‘MacOSX11.3.sdk’
clang++ -arch x86_64 -std=gnu++17 -I"/Library/Frameworks/R.framework/Resources/include" -DNDEBUG  -I'/Library/Frameworks/R.framework/Versions/4.3-x86_64/Resources/library/Rcpp/include' -I/opt/R/x86_64/include    -fPIC  -falign-functions=64 -Wall -g -O2  -c RcppExports.cpp -o RcppExports.o
clang++ -arch x86_64 -std=gnu++17 -I"/Library/Frameworks/R.framework/Resources/include" -DNDEBUG  -I'/Library/Frameworks/R.framework/Versions/4.3-x86_64/Resources/library/Rcpp/include' -I/opt/R/x86_64/include    -fPIC  -falign-functions=64 -Wall -g -O2  -c progressBar.cpp -o progressBar.o
clang++ -arch x86_64 -std=gnu++17 -I"/Library/Frameworks/R.framework/Resources/include" -DNDEBUG  -I'/Library/Frameworks/R.framework/Versions/4.3-x86_64/Resources/library/Rcpp/include' -I/opt/R/x86_64/include    -fPIC  -falign-functions=64 -Wall -g -O2  -c psiFastCalc.cpp -o psiFastCalc.o
clang++ -arch x86_64 -std=gnu++17 -I"/Library/Frameworks/R.framework/Resources/include" -DNDEBUG  -I'/Library/Frameworks/R.framework/Versions/4.3-x86_64/Resources/library/Rcpp/include' -I/opt/R/x86_64/include    -fPIC  -falign-functions=64 -Wall -g -O2  -c vastToolsParser.cpp -o vastToolsParser.o
clang++ -arch x86_64 -std=gnu++17 -dynamiclib -Wl,-headerpad_max_install_names -undefined dynamic_lookup -L/Library/Frameworks/R.framework/Resources/lib -L/opt/R/x86_64/lib -o psichomics.so RcppExports.o progressBar.o psiFastCalc.o vastToolsParser.o -F/Library/Frameworks/R.framework/.. -framework R -Wl,-framework -Wl,CoreFoundation
installing to /Library/Frameworks/R.framework/Versions/4.3-x86_64/Resources/library/00LOCK-psichomics/00new/psichomics/libs
** R
** inst
** byte-compile and prepare package for lazy loading
Creating a generic function for ‘colSums’ from package ‘base’ in package ‘psichomics’
** help
*** installing help indices
*** copying figures
** building package indices
** installing vignettes
** testing if installed package can be loaded from temporary location
** checking absolute paths in shared objects and dynamic libraries
** testing if installed package can be loaded from final location
** testing if installed package keeps a record of temporary installation path
* DONE (psichomics)

Tests output

psichomics.Rcheck/tests/spelling.Rout


R version 4.3.2 Patched (2023-11-01 r85457) -- "Eye Holes"
Copyright (C) 2023 The R Foundation for Statistical Computing
Platform: x86_64-apple-darwin20 (64-bit)

R is free software and comes with ABSOLUTELY NO WARRANTY.
You are welcome to redistribute it under certain conditions.
Type 'license()' or 'licence()' for distribution details.

R is a collaborative project with many contributors.
Type 'contributors()' for more information and
'citation()' on how to cite R or R packages in publications.

Type 'demo()' for some demos, 'help()' for on-line help, or
'help.start()' for an HTML browser interface to help.
Type 'q()' to quit R.

> if(requireNamespace('spelling', quietly = TRUE))
+   spelling::spell_check_test(vignettes = TRUE, error = FALSE,
+                              skip_on_cran = TRUE)
NULL
> 
> proc.time()
   user  system elapsed 
  0.233   0.093   0.312 

psichomics.Rcheck/tests/testthat.Rout


R version 4.3.2 Patched (2023-11-01 r85457) -- "Eye Holes"
Copyright (C) 2023 The R Foundation for Statistical Computing
Platform: x86_64-apple-darwin20 (64-bit)

R is free software and comes with ABSOLUTELY NO WARRANTY.
You are welcome to redistribute it under certain conditions.
Type 'license()' or 'licence()' for distribution details.

R is a collaborative project with many contributors.
Type 'contributors()' for more information and
'citation()' on how to cite R or R packages in publications.

Type 'demo()' for some demos, 'help()' for on-line help, or
'help.start()' for an HTML browser interface to help.
Type 'q()' to quit R.

> library(testthat)
> library(psichomics)
Loading required package: shiny
Loading required package: shinyBS
Setting options('download.file.method.GEOquery'='auto')
Setting options('GEOquery.inmemory.gpl'=FALSE)

psichomics 1.28.0: start the visual interface by running psichomics()
Full documentation and tutorials at https://nuno-agostinho.github.io/psichomics
> 
> test_check("psichomics")
  |                                        |   0% 
  |========                                |  20% 
  |================                        |  40% 
  |========================                |  60% 
  |================================        |  80% 
  |========================================| 100% 
  |                                        |   0% 
  |========                                |  20% 
  |================                        |  40% 
  |========================                |  60% 
  |================================        |  80% 
  |========================================| 100% 
  |                                        |   0% 
  |========                                |  20% 
  |================                        |  40% 
  |========================                |  60% 
  |================================        |  80% 
  |========================================| 100% 
  |                                        |   0% 
  |========                                |  20% 
  |================                        |  40% 
  |========================                |  60% 
  |================================        |  80% 
  |========================================| 100% 





























Retrieving rMATS annotation...

Parsing rMATS annotation...

Retrieving rMATS annotation...

Parsing rMATS annotation...

Retrieving MISO annotation...

Parsing MISO annotation...
  |                                        |   0% 
  |========                                |  20% 
  |================                        |  40% 
  |========================                |  60% 
  |================================        |  80% 
  |========================================| 100% 
  |                                        |   0% 
  |========                                |  20% 
  |================                        |  40% 
  |========================                |  60% 
  |================================        |  80% 
  |========================================| 100% 
  |                                        |   0% 
  |========                                |  20% 
  |================                        |  40% 
  |========================                |  60% 
  |================================        |  80% 
  |========================================| 100% 
  |                                        |   0% 
  |========                                |  20% 
  |================                        |  40% 
  |========================                |  60% 
  |================================        |  80% 
  |========================================| 100% 
  |                                        |   0% 
  |========                                |  20% 
  |================                        |  40% 
  |========================                |  60% 
  |================================        |  80% 
  |========================================| 100% 
  |                                        |   0% 
  |========                                |  20% 
  |================                        |  40% 
  |========================                |  60% 
  |================================        |  80% 
  |========================================| 100% 
  |                                        |   0% 
  |========                                |  20% 
  |================                        |  40% 
  |========================                |  60% 
  |================================        |  80% 
  |========================================| 100% 
  |                                        |   0% 
  |========                                |  20% 
  |================                        |  40% 
  |========================                |  60% 
  |================================        |  80% 
  |========================================| 100% 

Retrieving SUPPA annotation...

Parsing SUPPA annotation...

Retrieving VAST-TOOLS annotation...

Parsing VAST-TOOLS annotation...

ALT3

ALT5

COMBI

EXSK

IR

MERGE3m

MIC

MULTI
[ FAIL 0 | WARN 1 | SKIP 4 | PASS 1418 ]

══ Skipped tests (4) ═══════════════════════════════════════════════════════════
• Couldn't resolve host name (1): 'testGeneInfo.R:99:5'
• On Bioconductor (2): 'testDiscardLowCoveragePSIs.R:61:5',
  'testGeneInfo.R:50:5'
• On CRAN (1): 'testSRAloading.R:4:5'

[ FAIL 0 | WARN 1 | SKIP 4 | PASS 1418 ]
> 
> proc.time()
   user  system elapsed 
 28.087   1.849  32.818 

Example timings

psichomics.Rcheck/psichomics-Ex.timings

nameusersystemelapsed
addObjectAttrs0.0010.0010.002
assignValuePerSubject0.0160.0090.026
blendColours0.0010.0010.001
calculateLoadingsContribution0.0110.0030.014
convertGeneIdentifiers16.736 1.25719.239
correlateGEandAS0.0220.0060.030
createGroupByAttribute0.0010.0000.002
createJunctionsTemplate0.0020.0000.003
customRowMeans0.0000.0010.002
diffAnalyses0.0890.0090.099
downloadFiles0.0000.0000.001
ensemblToUniprot0.0220.0021.231
filterGeneExpr0.0080.0030.011
filterGroups0.0010.0010.002
filterPSI0.0130.0040.018
getAttributesTime0.0030.0000.003
getDownloadsFolder0.0010.0010.000
getFirebrowseDateFormat0.0000.0000.001
getGeneList0.0040.0010.005
getGtexDataTypes0.0300.0030.531
getGtexTissues0.0000.0010.001
getNumerics0.0020.0010.003
getSampleFromSubject0.0010.0010.002
getSplicingEventFromGenes0.0040.0010.006
getSplicingEventTypes000
getSubjectFromSample0.0000.0010.000
getTCGAdataTypes0.0280.0040.202
getValidEvents0.0040.0010.005
groupPerElem0.0000.0000.001
hchart.survfit0.2780.1820.504
isFirebrowseUp0.0060.0010.012
labelBasedOnCutoff0.0010.0010.001
leveneTest0.0080.0010.009
listAllAnnotations2.9600.3163.502
listSplicingAnnotations14.546 1.20016.348
loadAnnotation3.8040.2984.240
loadGtexData000
loadLocalFiles000
loadSRAproject000
loadTCGAdata0.0090.0020.028
missingDataModal0.0000.0000.001
normaliseGeneExpression0.0290.0030.033
optimalSurvivalCutoff0.1300.0030.134
parseCategoricalGroups0.0010.0000.002
parseFirebrowseMetadata0.0400.0060.098
parseMatsEvent0.0060.0010.007
parseMatsGeneric0.0230.0030.027
parseMisoAnnotation0.1560.0210.186
parseMisoEvent0.0030.0010.003
parseMisoEventID0.0060.0030.009
parseMisoGeneric0.0350.0050.040
parseMisoId0.0010.0000.001
parseSplicingEvent0.0060.0020.009
parseSuppaEvent0.0040.0010.005
parseSuppaGeneric0.0240.0020.028
parseTcgaSampleInfo0.0050.0020.007
parseUrlsFromFirebrowseResponse0.0260.0020.091
parseVastToolsEvent0.0060.0010.007
parseVastToolsSE0.0230.0030.026
performICA0.0070.0050.012
performPCA0.0020.0000.003
plot.GEandAScorrelation0.5720.0210.600
plotDistribution0.7480.0990.857
plotGeneExprPerSample0.0860.0470.134
plotGroupIndependence0.1480.0030.153
plotICA0.1170.0120.133
plotLibrarySize0.2170.0470.266
plotPCA0.2350.1710.410
plotPCAvariance0.0810.0510.136
plotProtein0.6390.0991.991
plotRowStats0.5010.0120.518
plotSingleICA0.2310.1430.378
plotSplicingEvent0.0560.0020.059
plotSurvivalCurves0.0980.0480.147
plotSurvivalPvaluesByCutoff0.4810.0590.546
plotTranscripts0.0200.0021.364
prepareAnnotationFromEvents0.2610.0100.272
prepareFirebrowseArchives000
prepareJunctionQuantSTAR0.0000.0010.000
prepareSRAmetadata000
processSurvTerms0.0120.0010.013
psichomics000
quantifySplicing0.0150.0050.021
queryEnsembl0.0310.0030.997
queryEnsemblByGene0.1090.0193.518
queryFirebrowseData0.0370.0020.146
queryPubMed0.0300.0076.677
queryUniprot0.0560.0010.624
readFile0.0010.0010.003
renameDuplicated0.0000.0010.001
renderBoxplot0.0880.0480.140
survdiffTerms0.0070.0010.009
survfit.survTerms0.0310.0010.033
testGroupIndependence0.0030.0000.003
testSurvival0.0260.0010.028
textSuggestions0.0010.0000.001
trimWhitespace0.0010.0000.001