Back to Multiple platform build/check report for BioC 3.18:   simplified   long
AB[C]DEFGHIJKLMNOPQRSTUVWXYZ

This page was generated on 2023-11-29 11:37:31 -0500 (Wed, 29 Nov 2023).

HostnameOSArch (*)R versionInstalled pkgs
nebbiolo2Linux (Ubuntu 22.04.2 LTS)x86_644.3.2 Patched (2023-11-13 r85521) -- "Eye Holes" 4685
palomino4Windows Server 2022 Datacenterx644.3.2 (2023-10-31 ucrt) -- "Eye Holes" 4420
lconwaymacOS 12.7.1 Montereyx86_644.3.2 Patched (2023-11-01 r85457) -- "Eye Holes" 4439
Click on any hostname to see more info about the system (e.g. compilers)      (*) as reported by 'uname -p', except on Windows and Mac OS X

Package 291/2266HostnameOS / ArchINSTALLBUILDCHECKBUILD BIN
CellaRepertorium 1.12.0  (landing page)
Andrew McDavid
Snapshot Date: 2023-11-28 14:05:06 -0500 (Tue, 28 Nov 2023)
git_url: https://git.bioconductor.org/packages/CellaRepertorium
git_branch: RELEASE_3_18
git_last_commit: eccffbf
git_last_commit_date: 2023-10-24 11:27:39 -0500 (Tue, 24 Oct 2023)
nebbiolo2Linux (Ubuntu 22.04.2 LTS) / x86_64  OK    OK    WARNINGS  UNNEEDED, same version is already published
palomino4Windows Server 2022 Datacenter / x64  OK    OK    OK    OK  UNNEEDED, same version is already published
lconwaymacOS 12.7.1 Monterey / x86_64  OK    OK    WARNINGS    OK  UNNEEDED, same version is already published
kjohnson1macOS 13.6.1 Ventura / arm64see weekly results here

CHECK results for CellaRepertorium on lconway


To the developers/maintainers of the CellaRepertorium package:
- Allow up to 24 hours (and sometimes 48 hours) for your latest push to git@git.bioconductor.org:packages/CellaRepertorium.git to reflect on this report. See Troubleshooting Build Report for more information.
- Use the following Renviron settings to reproduce errors and warnings.
- If 'R CMD check' started to fail recently on the Linux builder(s) over a missing dependency, add the missing dependency to 'Suggests:' in your DESCRIPTION file. See Renviron.bioc for more information.

raw results


Summary

Package: CellaRepertorium
Version: 1.12.0
Command: /Library/Frameworks/R.framework/Resources/bin/R CMD check --install=check:CellaRepertorium.install-out.txt --library=/Library/Frameworks/R.framework/Resources/library --no-vignettes --timings CellaRepertorium_1.12.0.tar.gz
StartedAt: 2023-11-28 19:28:04 -0500 (Tue, 28 Nov 2023)
EndedAt: 2023-11-28 19:30:41 -0500 (Tue, 28 Nov 2023)
EllapsedTime: 157.4 seconds
RetCode: 0
Status:   WARNINGS  
CheckDir: CellaRepertorium.Rcheck
Warnings: 1

Command output

##############################################################################
##############################################################################
###
### Running command:
###
###   /Library/Frameworks/R.framework/Resources/bin/R CMD check --install=check:CellaRepertorium.install-out.txt --library=/Library/Frameworks/R.framework/Resources/library --no-vignettes --timings CellaRepertorium_1.12.0.tar.gz
###
##############################################################################
##############################################################################


* using log directory ‘/Users/biocbuild/bbs-3.18-bioc/meat/CellaRepertorium.Rcheck’
* using R version 4.3.2 Patched (2023-11-01 r85457)
* using platform: x86_64-apple-darwin20 (64-bit)
* R was compiled by
    Apple clang version 14.0.3 (clang-1403.0.22.14.1)
    GNU Fortran (GCC) 12.2.0
* running under: macOS Monterey 12.7.1
* using session charset: UTF-8
* using option ‘--no-vignettes’
* checking for file ‘CellaRepertorium/DESCRIPTION’ ... OK
* checking extension type ... Package
* this is package ‘CellaRepertorium’ version ‘1.12.0’
* package encoding: UTF-8
* checking package namespace information ... OK
* checking package dependencies ... OK
* checking if this is a source package ... OK
* checking if there is a namespace ... OK
* checking for hidden files and directories ... OK
* checking for portable file names ... OK
* checking for sufficient/correct file permissions ... OK
* checking whether package ‘CellaRepertorium’ can be installed ... OK
* used C++ compiler: ‘Apple clang version 14.0.0 (clang-1400.0.29.202)’
* used SDK: ‘MacOSX11.3.sdk’
* checking installed package size ... OK
* checking package directory ... OK
* checking ‘build’ directory ... OK
* checking DESCRIPTION meta-information ... OK
* checking top-level files ... OK
* checking for left-over files ... OK
* checking index information ... OK
* checking package subdirectories ... OK
* checking R files for non-ASCII characters ... OK
* checking R files for syntax errors ... OK
* checking whether the package can be loaded ... OK
* checking whether the package can be loaded with stated dependencies ... OK
* checking whether the package can be unloaded cleanly ... OK
* checking whether the namespace can be loaded with stated dependencies ... OK
* checking whether the namespace can be unloaded cleanly ... OK
* checking dependencies in R code ... OK
* checking S3 generic/method consistency ... OK
* checking replacement functions ... OK
* checking foreign function calls ... OK
* checking R code for possible problems ... NOTE
cross_tab_tbl: no visible binding for global variable ‘.’
cross_tab_tbl: no visible binding for global variable ‘x_key__’
fancy_name_contigs: no visible binding for global variable ‘.’
pairing_tables: no visible binding for global variable ‘.’
plot_cluster_factors: no visible binding for global variable ‘chain’
Undefined global functions or variables:
  . chain x_key__
* checking Rd files ... OK
* checking Rd metadata ... OK
* checking Rd cross-references ... OK
* checking for missing documentation entries ... OK
* checking for code/documentation mismatches ... OK
* checking Rd \usage sections ... OK
* checking Rd contents ... OK
* checking for unstated dependencies in examples ... OK
* checking contents of ‘data’ directory ... OK
* checking data for non-ASCII characters ... OK
* checking data for ASCII and uncompressed saves ... OK
* checking line endings in C/C++/Fortran sources/headers ... OK
* checking compiled code ... WARNING
Note: information on .o files is not available
File ‘/Library/Frameworks/R.framework/Versions/4.3-x86_64/Resources/library/CellaRepertorium/libs/CellaRepertorium.so’:
  Found ‘_sprintf’, possibly from ‘sprintf’ (C)

Compiled code should not call entry points which might terminate R nor
write to stdout/stderr instead of to the console, nor use Fortran I/O
nor system RNGs nor [v]sprintf. The detected symbols are linked into
the code but might come from libraries and not actually be called.

See ‘Writing portable packages’ in the ‘Writing R Extensions’ manual.
* checking files in ‘vignettes’ ... OK
* checking examples ... OK
* checking for unstated dependencies in ‘tests’ ... OK
* checking tests ...
  Running ‘testthat.R’
 OK
* checking for unstated dependencies in vignettes ... OK
* checking package vignettes in ‘inst/doc’ ... OK
* checking running R code from vignettes ... SKIPPED
* checking re-building of vignette outputs ... SKIPPED
* checking PDF version of manual ... OK
* DONE

Status: 1 WARNING, 1 NOTE
See
  ‘/Users/biocbuild/bbs-3.18-bioc/meat/CellaRepertorium.Rcheck/00check.log’
for details.



Installation output

CellaRepertorium.Rcheck/00install.out

##############################################################################
##############################################################################
###
### Running command:
###
###   /Library/Frameworks/R.framework/Resources/bin/R CMD INSTALL CellaRepertorium
###
##############################################################################
##############################################################################


* installing to library ‘/Library/Frameworks/R.framework/Versions/4.3-x86_64/Resources/library’
* installing *source* package ‘CellaRepertorium’ ...
** using staged installation
** libs
using C++ compiler: ‘Apple clang version 14.0.0 (clang-1400.0.29.202)’
using SDK: ‘MacOSX11.3.sdk’
clang++ -arch x86_64 -std=gnu++17 -I"/Library/Frameworks/R.framework/Resources/include" -DNDEBUG  -I'/Library/Frameworks/R.framework/Versions/4.3-x86_64/Resources/library/Rcpp/include' -I/opt/R/x86_64/include    -fPIC  -falign-functions=64 -Wall -g -O2  -c RcppExports.cpp -o RcppExports.o
clang++ -arch x86_64 -std=gnu++17 -I"/Library/Frameworks/R.framework/Resources/include" -DNDEBUG  -I'/Library/Frameworks/R.framework/Versions/4.3-x86_64/Resources/library/Rcpp/include' -I/opt/R/x86_64/include    -fPIC  -falign-functions=64 -Wall -g -O2  -c cdhit-bombs.cpp -o cdhit-bombs.o
clang++ -arch x86_64 -std=gnu++17 -I"/Library/Frameworks/R.framework/Resources/include" -DNDEBUG  -I'/Library/Frameworks/R.framework/Versions/4.3-x86_64/Resources/library/Rcpp/include' -I/opt/R/x86_64/include    -fPIC  -falign-functions=64 -Wall -g -O2  -c cdhit-common.cpp -o cdhit-common.o
cdhit-common.cpp:545:6: warning: variable 'max_diag' set but not used [-Wunused-but-set-variable]
        int max_diag = 0;
            ^
cdhit-common.cpp:669:6: warning: variable 'max_diag' set but not used [-Wunused-but-set-variable]
        int max_diag = 0;
            ^
cdhit-common.cpp:2379:9: warning: variable 'mem' set but not used [-Wunused-but-set-variable]
        size_t mem, mega = 1000000;
               ^
cdhit-common.cpp:2993:9: warning: variable 'total_letters' set but not used [-Wunused-but-set-variable]
        size_t total_letters = total_letter;
               ^
4 warnings generated.
clang++ -arch x86_64 -std=gnu++17 -I"/Library/Frameworks/R.framework/Resources/include" -DNDEBUG  -I'/Library/Frameworks/R.framework/Versions/4.3-x86_64/Resources/library/Rcpp/include' -I/opt/R/x86_64/include    -fPIC  -falign-functions=64 -Wall -g -O2  -c cdhit-est.cpp -o cdhit-est.o
clang++ -arch x86_64 -std=gnu++17 -I"/Library/Frameworks/R.framework/Resources/include" -DNDEBUG  -I'/Library/Frameworks/R.framework/Versions/4.3-x86_64/Resources/library/Rcpp/include' -I/opt/R/x86_64/include    -fPIC  -falign-functions=64 -Wall -g -O2  -c cdhit.cpp -o cdhit.o
clang++ -arch x86_64 -std=gnu++17 -I"/Library/Frameworks/R.framework/Resources/include" -DNDEBUG  -I'/Library/Frameworks/R.framework/Versions/4.3-x86_64/Resources/library/Rcpp/include' -I/opt/R/x86_64/include    -fPIC  -falign-functions=64 -Wall -g -O2  -c progress.cpp -o progress.o
clang++ -arch x86_64 -std=gnu++17 -dynamiclib -Wl,-headerpad_max_install_names -undefined dynamic_lookup -L/Library/Frameworks/R.framework/Resources/lib -L/opt/R/x86_64/lib -o CellaRepertorium.so RcppExports.o cdhit-bombs.o cdhit-common.o cdhit-est.o cdhit.o progress.o -F/Library/Frameworks/R.framework/.. -framework R -Wl,-framework -Wl,CoreFoundation
installing to /Library/Frameworks/R.framework/Versions/4.3-x86_64/Resources/library/00LOCK-CellaRepertorium/00new/CellaRepertorium/libs
** R
** data
** inst
** byte-compile and prepare package for lazy loading
** help
*** installing help indices
*** copying figures
** building package indices
** installing vignettes
** testing if installed package can be loaded from temporary location
** checking absolute paths in shared objects and dynamic libraries
** testing if installed package can be loaded from final location
** testing if installed package keeps a record of temporary installation path
* DONE (CellaRepertorium)

Tests output

CellaRepertorium.Rcheck/tests/testthat.Rout


R version 4.3.2 Patched (2023-11-01 r85457) -- "Eye Holes"
Copyright (C) 2023 The R Foundation for Statistical Computing
Platform: x86_64-apple-darwin20 (64-bit)

R is free software and comes with ABSOLUTELY NO WARRANTY.
You are welcome to redistribute it under certain conditions.
Type 'license()' or 'licence()' for distribution details.

R is a collaborative project with many contributors.
Type 'contributors()' for more information and
'citation()' on how to cite R or R packages in publications.

Type 'demo()' for some demos, 'help()' for on-line help, or
'help.start()' for an HTML browser interface to help.
Type 'q()' to quit R.

> library(testthat)
> library(CellaRepertorium)
> 
> test_check("CellaRepertorium")
[ FAIL 0 | WARN 4 | SKIP 0 | PASS 81 ]

[ FAIL 0 | WARN 4 | SKIP 0 | PASS 81 ]
> 
> proc.time()
   user  system elapsed 
 22.848   0.912  23.886 

Example timings

CellaRepertorium.Rcheck/CellaRepertorium-Ex.timings

nameusersystemelapsed
ContigCellDB-fun0.1780.0090.188
canonicalize_cell0.3120.0130.325
canonicalize_cluster3.2620.0793.366
cash-ContigCellDB-method0.1440.0120.156
ccdb_join0.0480.0030.051
cdhit0.1890.0520.245
cdhit_ccdb0.1460.0210.168
cland3.4920.1133.638
cluster_filterset0.0000.0000.001
cluster_germline0.0930.0070.101
cluster_logistic_test3.5910.2613.893
cluster_permute_test0.7980.0240.828
cluster_plot2.3670.0582.440
cross_tab_tbl0.1120.0020.116
crosstab_by_celltype0.1110.0050.118
entropy0.0030.0000.003
enumerate_pairing0.4920.0090.505
equalize_ccdb0.0440.0010.045
fancy_name_contigs0.3670.0480.419
fine_cluster_seqs0.0380.0030.042
fine_clustering2.0020.0352.059
generate_pseudobulk0.2340.0050.240
guess_celltype0.0550.0040.058
hushWarning0.0010.0000.000
left_join_warn0.0180.0090.028
map_axis_labels0.2040.0040.209
mutate_cdb0.1320.0100.144
pairing_tables0.4410.0080.454
plot_cluster_factors3.8950.0914.014
purity000
rank_prevalence_ccdb0.4140.0070.421
rbind-ContigCellDB-method0.1360.0070.144
split_cdb0.0600.0030.064
sub-sub-ContigCellDB-character-missing-method0.0480.0090.056