Back to Multiple platform build/check report for BioC 3.18:   simplified   long
A[B]CDEFGHIJKLMNOPQRSTUVWXYZ

This page was generated on 2023-11-30 11:37:24 -0500 (Thu, 30 Nov 2023).

HostnameOSArch (*)R versionInstalled pkgs
nebbiolo2Linux (Ubuntu 22.04.2 LTS)x86_644.3.2 Patched (2023-11-13 r85521) -- "Eye Holes" 4685
palomino4Windows Server 2022 Datacenterx644.3.2 (2023-10-31 ucrt) -- "Eye Holes" 4420
lconwaymacOS 12.7.1 Montereyx86_644.3.2 Patched (2023-11-01 r85457) -- "Eye Holes" 4439
Click on any hostname to see more info about the system (e.g. compilers)      (*) as reported by 'uname -p', except on Windows and Mac OS X

Package 254/2266HostnameOS / ArchINSTALLBUILDCHECKBUILD BIN
BUSpaRse 1.16.0  (landing page)
Lambda Moses
Snapshot Date: 2023-11-29 14:05:05 -0500 (Wed, 29 Nov 2023)
git_url: https://git.bioconductor.org/packages/BUSpaRse
git_branch: RELEASE_3_18
git_last_commit: 3f91189
git_last_commit_date: 2023-10-24 11:15:59 -0500 (Tue, 24 Oct 2023)
nebbiolo2Linux (Ubuntu 22.04.2 LTS) / x86_64  OK    ERROR  skipped
palomino4Windows Server 2022 Datacenter / x64  OK    ERROR  skippedskipped
lconwaymacOS 12.7.1 Monterey / x86_64  OK    ERROR  skippedskipped
kjohnson1macOS 13.6.1 Ventura / arm64see weekly results here

BUILD results for BUSpaRse on lconway


To the developers/maintainers of the BUSpaRse package:
- Allow up to 24 hours (and sometimes 48 hours) for your latest push to git@git.bioconductor.org:packages/BUSpaRse.git to reflect on this report. See Troubleshooting Build Report for more information.
- Use the following Renviron settings to reproduce errors and warnings.
- If 'R CMD check' started to fail recently on the Linux builder(s) over a missing dependency, add the missing dependency to 'Suggests:' in your DESCRIPTION file. See Renviron.bioc for more information.

raw results


Summary

Package: BUSpaRse
Version: 1.16.0
Command: /Library/Frameworks/R.framework/Resources/bin/R CMD build --keep-empty-dirs --no-resave-data BUSpaRse
StartedAt: 2023-11-29 16:08:06 -0500 (Wed, 29 Nov 2023)
EndedAt: 2023-11-29 16:11:44 -0500 (Wed, 29 Nov 2023)
EllapsedTime: 217.9 seconds
RetCode: 1
Status:   ERROR  
PackageFile: None
PackageFileSize: NA

Command output

##############################################################################
##############################################################################
###
### Running command:
###
###   /Library/Frameworks/R.framework/Resources/bin/R CMD build --keep-empty-dirs --no-resave-data BUSpaRse
###
##############################################################################
##############################################################################


* checking for file ‘BUSpaRse/DESCRIPTION’ ... OK
* preparing ‘BUSpaRse’:
* checking DESCRIPTION meta-information ... OK
* cleaning src
* installing the package to build vignettes
* creating vignettes ... ERROR
--- re-building ‘sparse-matrix.Rmd’ using rmarkdown

Quitting from lines 43-46 [unnamed-chunk-3] (sparse-matrix.Rmd)
Error: processing vignette 'sparse-matrix.Rmd' failed with diagnostics:
Internal Server Error (HTTP 500).
--- failed re-building ‘sparse-matrix.Rmd’

--- re-building ‘tr2g.Rmd’ using rmarkdown

Quitting from lines 38-42 [unnamed-chunk-2] (tr2g.Rmd)
Error: processing vignette 'tr2g.Rmd' failed with diagnostics:
invalid 'text' argument
--- failed re-building ‘tr2g.Rmd’

SUMMARY: processing the following files failed:
  ‘sparse-matrix.Rmd’ ‘tr2g.Rmd’

Error: Vignette re-building failed.
Execution halted