Back to Multiple platform build/check report for BioC 3.17: simplified long |
|
This page was generated on 2023-09-23 11:35:23 -0400 (Sat, 23 Sep 2023).
Hostname | OS | Arch (*) | R version | Installed pkgs |
---|---|---|---|---|
nebbiolo1 | Linux (Ubuntu 22.04.2 LTS) | x86_64 | 4.3.1 (2023-06-16) -- "Beagle Scouts" | 4625 |
palomino3 | Windows Server 2022 Datacenter | x64 | 4.3.1 (2023-06-16 ucrt) -- "Beagle Scouts" | 4378 |
merida1 | macOS 12.6.4 Monterey | x86_64 | 4.3.1 (2023-06-16) -- "Beagle Scouts" | 4394 |
Click on any hostname to see more info about the system (e.g. compilers) (*) as reported by 'uname -p', except on Windows and Mac OS X |
Package 1907/2230 | Hostname | OS / Arch | INSTALL | BUILD | CHECK | BUILD BIN | ||||||||
SIAMCAT 2.4.0 (landing page) Jakob Wirbel
| nebbiolo1 | Linux (Ubuntu 22.04.2 LTS) / x86_64 | OK | OK | WARNINGS | ![]() | ||||||||
palomino3 | Windows Server 2022 Datacenter / x64 | OK | OK | WARNINGS | OK | ![]() | ||||||||
merida1 | macOS 12.6.4 Monterey / x86_64 | OK | OK | WARNINGS | NA | |||||||||
To the developers/maintainers of the SIAMCAT package: - Allow up to 24 hours (and sometimes 48 hours) for your latest push to git@git.bioconductor.org:packages/SIAMCAT.git to reflect on this report. See Troubleshooting Build Report for more information. - Use the following Renviron settings to reproduce errors and warnings. - If 'R CMD check' started to fail recently on the Linux builder(s) over a missing dependency, add the missing dependency to 'Suggests:' in your DESCRIPTION file. See Renviron.bioc for more information. |
Package: SIAMCAT |
Version: 2.4.0 |
Command: /home/biocbuild/bbs-3.17-bioc/R/bin/R CMD check --install=check:SIAMCAT.install-out.txt --library=/home/biocbuild/bbs-3.17-bioc/R/site-library --timings SIAMCAT_2.4.0.tar.gz |
StartedAt: 2023-09-23 01:27:49 -0400 (Sat, 23 Sep 2023) |
EndedAt: 2023-09-23 01:36:22 -0400 (Sat, 23 Sep 2023) |
EllapsedTime: 513.2 seconds |
RetCode: 0 |
Status: WARNINGS |
CheckDir: SIAMCAT.Rcheck |
Warnings: 1 |
############################################################################## ############################################################################## ### ### Running command: ### ### /home/biocbuild/bbs-3.17-bioc/R/bin/R CMD check --install=check:SIAMCAT.install-out.txt --library=/home/biocbuild/bbs-3.17-bioc/R/site-library --timings SIAMCAT_2.4.0.tar.gz ### ############################################################################## ############################################################################## * using log directory ‘/home/biocbuild/bbs-3.17-bioc/meat/SIAMCAT.Rcheck’ * using R version 4.3.1 (2023-06-16) * using platform: x86_64-pc-linux-gnu (64-bit) * R was compiled by gcc (Ubuntu 11.3.0-1ubuntu1~22.04.1) 11.3.0 GNU Fortran (Ubuntu 11.3.0-1ubuntu1~22.04.1) 11.3.0 * running under: Ubuntu 22.04.3 LTS * using session charset: UTF-8 * checking for file ‘SIAMCAT/DESCRIPTION’ ... OK * checking extension type ... Package * this is package ‘SIAMCAT’ version ‘2.4.0’ * checking package namespace information ... OK * checking package dependencies ... OK * checking if this is a source package ... OK * checking if there is a namespace ... OK * checking for hidden files and directories ... NOTE Found the following hidden files and directories: .travis.yml These were most likely included in error. See section ‘Package structure’ in the ‘Writing R Extensions’ manual. * checking for portable file names ... OK * checking for sufficient/correct file permissions ... OK * checking whether package ‘SIAMCAT’ can be installed ... WARNING Found the following significant warnings: Note: possible error in 'tune(method = "grid_search", ': unused argument (resolution = grid.size) See ‘/home/biocbuild/bbs-3.17-bioc/meat/SIAMCAT.Rcheck/00install.out’ for details. Information on the location(s) of code generating the ‘Note’s can be obtained by re-running with environment variable R_KEEP_PKG_SOURCE set to ‘yes’. * checking installed package size ... OK * checking package directory ... OK * checking ‘build’ directory ... OK * checking DESCRIPTION meta-information ... OK * checking top-level files ... OK * checking for left-over files ... OK * checking index information ... OK * checking package subdirectories ... OK * checking R files for non-ASCII characters ... OK * checking R files for syntax errors ... OK * checking whether the package can be loaded ... OK * checking whether the package can be loaded with stated dependencies ... OK * checking whether the package can be unloaded cleanly ... OK * checking whether the namespace can be loaded with stated dependencies ... OK * checking whether the namespace can be unloaded cleanly ... OK * checking loading without being on the library search path ... OK * checking dependencies in R code ... OK * checking S3 generic/method consistency ... OK * checking replacement functions ... OK * checking foreign function calls ... OK * checking R code for possible problems ... NOTE train.model: possible error in tune(method = "grid_search", task = task, learner = lrn.fold, resampling = rsmp("cv", folds = 5), measures = msr(measure), resolution = grid.size): unused argument (resolution = grid.size) * checking Rd files ... OK * checking Rd metadata ... OK * checking Rd cross-references ... OK * checking for missing documentation entries ... OK * checking for code/documentation mismatches ... OK * checking Rd \usage sections ... OK * checking Rd contents ... OK * checking for unstated dependencies in examples ... OK * checking contents of ‘data’ directory ... OK * checking data for non-ASCII characters ... OK * checking LazyData ... OK * checking data for ASCII and uncompressed saves ... OK * checking files in ‘vignettes’ ... OK * checking examples ... OK Examples with CPU (user + system) or elapsed time > 5s user system elapsed assign-model_list 23.517 0.492 24.010 model.interpretation.plot 21.587 0.340 21.926 make.predictions 21.588 0.312 21.900 train.model 20.672 0.257 20.929 * checking for unstated dependencies in vignettes ... OK * checking package vignettes in ‘inst/doc’ ... OK * checking running R code from vignettes ... ‘SIAMCAT_confounder.Rmd’ using ‘ASCII’... OK ‘SIAMCAT_holdout.Rmd’ using ‘ASCII’... OK ‘SIAMCAT_meta.Rmd’ using ‘ASCII’... OK ‘SIAMCAT_ml_pitfalls.Rmd’ using ‘ASCII’... OK ‘SIAMCAT_read-in.Rmd’ using ‘ASCII’... OK ‘SIAMCAT_vignette.Rmd’ using ‘ASCII’... OK NONE * checking re-building of vignette outputs ... OK * checking PDF version of manual ... OK * DONE Status: 1 WARNING, 2 NOTEs See ‘/home/biocbuild/bbs-3.17-bioc/meat/SIAMCAT.Rcheck/00check.log’ for details.
SIAMCAT.Rcheck/00install.out
############################################################################## ############################################################################## ### ### Running command: ### ### /home/biocbuild/bbs-3.17-bioc/R/bin/R CMD INSTALL SIAMCAT ### ############################################################################## ############################################################################## * installing to library ‘/home/biocbuild/bbs-3.17-bioc/R/site-library’ * installing *source* package ‘SIAMCAT’ ... ** using staged installation ** R ** data *** moving datasets to lazyload DB ** inst ** byte-compile and prepare package for lazy loading Note: possible error in 'tune(method = "grid_search", ': unused argument (resolution = grid.size) ** help *** installing help indices *** copying figures ** building package indices ** installing vignettes ** testing if installed package can be loaded from temporary location ** testing if installed package can be loaded from final location ** testing if installed package keeps a record of temporary installation path * DONE (SIAMCAT)
SIAMCAT.Rcheck/SIAMCAT-Ex.timings
name | user | system | elapsed | |
accessSlot | 0.011 | 0.000 | 0.011 | |
add.meta.pred | 0.017 | 0.012 | 0.029 | |
assign-associations | 0.004 | 0.004 | 0.008 | |
assign-data_split | 0.007 | 0.000 | 0.008 | |
assign-eval_data | 0.008 | 0.000 | 0.008 | |
assign-filt_feat | 0.008 | 0.000 | 0.008 | |
assign-label | 0.022 | 0.000 | 0.022 | |
assign-meta | 0.024 | 0.000 | 0.024 | |
assign-model_list | 23.517 | 0.492 | 24.010 | |
assign-norm_feat | 0.007 | 0.000 | 0.007 | |
assign-orig_feat | 0.008 | 0.004 | 0.012 | |
assign-physeq | 0.007 | 0.000 | 0.007 | |
assign-pred_matrix | 0.004 | 0.004 | 0.008 | |
assoc_param-methods | 0.002 | 0.004 | 0.006 | |
association.plot | 0.244 | 0.004 | 0.248 | |
associations-methods | 0.009 | 0.000 | 0.009 | |
check.associations | 1.634 | 0.036 | 1.671 | |
check.confounders | 0.418 | 0.020 | 0.438 | |
create.data.split | 0.019 | 0.000 | 0.019 | |
create.label | 0.002 | 0.000 | 0.002 | |
data_split-methods | 0.005 | 0.000 | 0.005 | |
eval_data-methods | 0.006 | 0.000 | 0.006 | |
evaluate.predictions | 0.02 | 0.00 | 0.02 | |
feature_type-methods | 0.006 | 0.000 | 0.006 | |
feature_weights-methods | 0.020 | 0.004 | 0.024 | |
filt_feat-methods | 0.007 | 0.000 | 0.007 | |
filt_params-methods | 0.006 | 0.000 | 0.007 | |
filter.features | 0.013 | 0.004 | 0.017 | |
filter.label | 0.007 | 0.000 | 0.007 | |
get.filt_feat.matrix | 0.005 | 0.000 | 0.005 | |
get.norm_feat.matrix | 0.002 | 0.004 | 0.006 | |
get.orig_feat.matrix | 0.006 | 0.001 | 0.006 | |
label-methods | 0.003 | 0.003 | 0.006 | |
make.predictions | 21.588 | 0.312 | 21.900 | |
meta-methods | 0.019 | 0.003 | 0.022 | |
model.evaluation.plot | 0.028 | 0.000 | 0.028 | |
model.interpretation.plot | 21.587 | 0.340 | 21.926 | |
model_list-methods | 0.002 | 0.004 | 0.005 | |
model_type-methods | 0.006 | 0.000 | 0.006 | |
models-methods | 0.006 | 0.000 | 0.006 | |
norm_feat-methods | 0.006 | 0.000 | 0.006 | |
norm_params-methods | 0.006 | 0.000 | 0.005 | |
normalize.features | 0.014 | 0.000 | 0.014 | |
orig_feat-methods | 0.006 | 0.000 | 0.006 | |
physeq-methods | 0.03 | 0.00 | 0.03 | |
pred_matrix-methods | 0.007 | 0.000 | 0.007 | |
read.label | 0.011 | 0.000 | 0.012 | |
read.lefse | 1.257 | 0.044 | 1.302 | |
select.samples | 0.053 | 0.000 | 0.054 | |
siamcat | 0.250 | 0.004 | 0.254 | |
siamcat.to.lefse | 0.023 | 0.000 | 0.022 | |
siamcat.to.maaslin | 0.019 | 0.003 | 0.022 | |
summarize.features | 1.710 | 0.036 | 1.746 | |
train.model | 20.672 | 0.257 | 20.929 | |
validate.data | 0.017 | 0.002 | 0.019 | |
volcano.plot | 0.013 | 0.000 | 0.013 | |
weight_matrix-methods | 0.005 | 0.000 | 0.006 | |