Back to Multiple platform build/check report for BioC 3.17:   simplified   long
ABCDEFGHIJKLMNOPQR[S]TUVWXYZ

This page was generated on 2023-09-23 11:37:07 -0400 (Sat, 23 Sep 2023).

HostnameOSArch (*)R versionInstalled pkgs
nebbiolo1Linux (Ubuntu 22.04.2 LTS)x86_644.3.1 (2023-06-16) -- "Beagle Scouts" 4625
palomino3Windows Server 2022 Datacenterx644.3.1 (2023-06-16 ucrt) -- "Beagle Scouts" 4378
merida1macOS 12.6.4 Montereyx86_644.3.1 (2023-06-16) -- "Beagle Scouts" 4394
Click on any hostname to see more info about the system (e.g. compilers)      (*) as reported by 'uname -p', except on Windows and Mac OS X

Package 1907/2230HostnameOS / ArchINSTALLBUILDCHECKBUILD BIN
SIAMCAT 2.4.0  (landing page)
Jakob Wirbel
Snapshot Date: 2023-09-22 14:00:14 -0400 (Fri, 22 Sep 2023)
git_url: https://git.bioconductor.org/packages/SIAMCAT
git_branch: RELEASE_3_17
git_last_commit: 026eb87
git_last_commit_date: 2023-04-25 11:02:01 -0400 (Tue, 25 Apr 2023)
nebbiolo1Linux (Ubuntu 22.04.2 LTS) / x86_64  OK    OK    WARNINGS  UNNEEDED, same version is already published
palomino3Windows Server 2022 Datacenter / x64  OK    OK    WARNINGS    OK  UNNEEDED, same version is already published
merida1macOS 12.6.4 Monterey / x86_64  OK    OK    WARNINGS    NA  

CHECK results for SIAMCAT on merida1


To the developers/maintainers of the SIAMCAT package:
- Allow up to 24 hours (and sometimes 48 hours) for your latest push to git@git.bioconductor.org:packages/SIAMCAT.git to reflect on this report. See Troubleshooting Build Report for more information.
- Use the following Renviron settings to reproduce errors and warnings.
- If 'R CMD check' started to fail recently on the Linux builder(s) over a missing dependency, add the missing dependency to 'Suggests:' in your DESCRIPTION file. See Renviron.bioc for more information.

raw results


Summary

Package: SIAMCAT
Version: 2.4.0
Command: /Library/Frameworks/R.framework/Resources/bin/R CMD check --install=check:SIAMCAT.install-out.txt --library=/Library/Frameworks/R.framework/Resources/library --no-vignettes --timings SIAMCAT_2.4.0.tar.gz
StartedAt: 2023-09-23 08:09:31 -0400 (Sat, 23 Sep 2023)
EndedAt: 2023-09-23 08:21:32 -0400 (Sat, 23 Sep 2023)
EllapsedTime: 721.9 seconds
RetCode: 0
Status:   WARNINGS  
CheckDir: SIAMCAT.Rcheck
Warnings: 1

Command output

##############################################################################
##############################################################################
###
### Running command:
###
###   /Library/Frameworks/R.framework/Resources/bin/R CMD check --install=check:SIAMCAT.install-out.txt --library=/Library/Frameworks/R.framework/Resources/library --no-vignettes --timings SIAMCAT_2.4.0.tar.gz
###
##############################################################################
##############################################################################


* using log directory ‘/Users/biocbuild/bbs-3.17-bioc/meat/SIAMCAT.Rcheck’
* using R version 4.3.1 (2023-06-16)
* using platform: x86_64-apple-darwin20 (64-bit)
* R was compiled by
    Apple clang version 14.0.3 (clang-1403.0.22.14.1)
    GNU Fortran (GCC) 12.2.0
* running under: macOS Monterey 12.6.4
* using session charset: UTF-8
* using option ‘--no-vignettes’
* checking for file ‘SIAMCAT/DESCRIPTION’ ... OK
* checking extension type ... Package
* this is package ‘SIAMCAT’ version ‘2.4.0’
* checking package namespace information ... OK
* checking package dependencies ... OK
* checking if this is a source package ... OK
* checking if there is a namespace ... OK
* checking for hidden files and directories ... NOTE
Found the following hidden files and directories:
  .travis.yml
These were most likely included in error. See section ‘Package
structure’ in the ‘Writing R Extensions’ manual.
* checking for portable file names ... OK
* checking for sufficient/correct file permissions ... OK
* checking whether package ‘SIAMCAT’ can be installed ... WARNING
Found the following significant warnings:
  Note: possible error in 'tune(method = "grid_search", ': unused argument (resolution = grid.size) 
See ‘/Users/biocbuild/bbs-3.17-bioc/meat/SIAMCAT.Rcheck/00install.out’ for details.
Information on the location(s) of code generating the ‘Note’s can be
obtained by re-running with environment variable R_KEEP_PKG_SOURCE set
to ‘yes’.
* checking installed package size ... NOTE
  installed size is  5.1Mb
  sub-directories of 1Mb or more:
    extdata   2.1Mb
    help      1.9Mb
* checking package directory ... OK
* checking ‘build’ directory ... OK
* checking DESCRIPTION meta-information ... OK
* checking top-level files ... OK
* checking for left-over files ... OK
* checking index information ... OK
* checking package subdirectories ... OK
* checking R files for non-ASCII characters ... OK
* checking R files for syntax errors ... OK
* checking whether the package can be loaded ... OK
* checking whether the package can be loaded with stated dependencies ... OK
* checking whether the package can be unloaded cleanly ... OK
* checking whether the namespace can be loaded with stated dependencies ... OK
* checking whether the namespace can be unloaded cleanly ... OK
* checking dependencies in R code ... OK
* checking S3 generic/method consistency ... OK
* checking replacement functions ... OK
* checking foreign function calls ... OK
* checking R code for possible problems ... NOTE
train.model: possible error in tune(method = "grid_search", task =
  task, learner = lrn.fold, resampling = rsmp("cv", folds = 5),
  measures = msr(measure), resolution = grid.size): unused argument
  (resolution = grid.size)
* checking Rd files ... OK
* checking Rd metadata ... OK
* checking Rd cross-references ... OK
* checking for missing documentation entries ... OK
* checking for code/documentation mismatches ... OK
* checking Rd \usage sections ... OK
* checking Rd contents ... OK
* checking for unstated dependencies in examples ... OK
* checking contents of ‘data’ directory ... OK
* checking data for non-ASCII characters ... OK
* checking LazyData ... OK
* checking data for ASCII and uncompressed saves ... OK
* checking files in ‘vignettes’ ... OK
* checking examples ... OK
Examples with CPU (user + system) or elapsed time > 5s
                            user system elapsed
make.predictions          43.948  0.768  57.567
model.interpretation.plot 43.505  0.753  56.689
train.model               42.997  0.843  55.941
assign-model_list         41.535  1.032  51.194
summarize.features         4.624  0.237   6.199
* checking for unstated dependencies in vignettes ... OK
* checking package vignettes in ‘inst/doc’ ... OK
* checking running R code from vignettes ... SKIPPED
* checking re-building of vignette outputs ... SKIPPED
* checking PDF version of manual ... OK
* DONE

Status: 1 WARNING, 3 NOTEs
See
  ‘/Users/biocbuild/bbs-3.17-bioc/meat/SIAMCAT.Rcheck/00check.log’
for details.



Installation output

SIAMCAT.Rcheck/00install.out

##############################################################################
##############################################################################
###
### Running command:
###
###   /Library/Frameworks/R.framework/Resources/bin/R CMD INSTALL SIAMCAT
###
##############################################################################
##############################################################################


* installing to library ‘/Library/Frameworks/R.framework/Versions/4.3-x86_64/Resources/library’
* installing *source* package ‘SIAMCAT’ ...
** using staged installation
** R
** data
*** moving datasets to lazyload DB
** inst
** byte-compile and prepare package for lazy loading
Note: possible error in 'tune(method = "grid_search", ': unused argument (resolution = grid.size) 
** help
*** installing help indices
*** copying figures
** building package indices
** installing vignettes
** testing if installed package can be loaded from temporary location
** testing if installed package can be loaded from final location
** testing if installed package keeps a record of temporary installation path
* DONE (SIAMCAT)

Tests output


Example timings

SIAMCAT.Rcheck/SIAMCAT-Ex.timings

nameusersystemelapsed
accessSlot0.0140.0100.029
add.meta.pred0.0540.0100.085
assign-associations0.0120.0050.022
assign-data_split0.0130.0030.023
assign-eval_data0.0130.0040.021
assign-filt_feat0.0130.0040.022
assign-label0.0350.0050.054
assign-meta0.0540.0030.068
assign-model_list41.535 1.03251.194
assign-norm_feat0.0120.0020.017
assign-orig_feat0.0220.0030.029
assign-physeq0.0130.0020.020
assign-pred_matrix0.0120.0030.016
assoc_param-methods0.0090.0030.014
association.plot0.4330.0260.581
associations-methods0.0150.0040.027
check.associations3.5320.0424.718
check.confounders0.9210.0361.238
create.data.split0.0480.0020.064
create.label0.0040.0030.012
data_split-methods0.0090.0020.015
eval_data-methods0.0100.0050.020
evaluate.predictions0.0490.0050.070
feature_type-methods0.0090.0030.015
feature_weights-methods0.0350.0040.051
filt_feat-methods0.0100.0020.016
filt_params-methods0.0100.0030.017
filter.features0.0310.0040.040
filter.label0.0120.0020.018
get.filt_feat.matrix0.0100.0030.019
get.norm_feat.matrix0.0090.0030.015
get.orig_feat.matrix0.0100.0030.015
label-methods0.0100.0040.016
make.predictions43.948 0.76857.567
meta-methods0.0360.0040.053
model.evaluation.plot0.0420.0130.079
model.interpretation.plot43.505 0.75356.689
model_list-methods0.0090.0020.015
model_type-methods0.0090.0030.011
models-methods0.0090.0030.012
norm_feat-methods0.0090.0030.014
norm_params-methods0.0090.0030.015
normalize.features0.0510.0050.078
orig_feat-methods0.0110.0020.014
physeq-methods0.0180.0030.030
pred_matrix-methods0.0110.0030.015
read.label0.0210.0020.027
read.lefse1.4930.0492.040
select.samples0.1200.0030.156
siamcat0.4530.0280.633
siamcat.to.lefse0.0400.0040.053
siamcat.to.maaslin0.0420.0050.063
summarize.features4.6240.2376.199
train.model42.997 0.84355.941
validate.data0.0360.0030.050
volcano.plot0.0200.0050.031
weight_matrix-methods0.0090.0020.014