Back to Multiple platform build/check report for BioC 3.17: simplified long |
|
This page was generated on 2023-06-08 11:05:36 -0400 (Thu, 08 Jun 2023).
Hostname | OS | Arch (*) | R version | Installed pkgs |
---|---|---|---|---|
nebbiolo1 | Linux (Ubuntu 22.04.2 LTS) | x86_64 | 4.3.0 RC (2023-04-13 r84269) -- "Already Tomorrow" | 4628 |
palomino3 | Windows Server 2022 Datacenter | x64 | 4.3.0 RC (2023-04-13 r84269 ucrt) -- "Already Tomorrow" | 4379 |
merida1 | macOS 12.6.4 Monterey | x86_64 | 4.3.0 RC (2023-04-13 r84257) -- "Already Tomorrow" | 4385 |
Click on any hostname to see more info about the system (e.g. compilers) (*) as reported by 'uname -p', except on Windows and Mac OS X |
To the developers/maintainers of the ODER package: - Allow up to 24 hours (and sometimes 48 hours) for your latest push to git@git.bioconductor.org:packages/ODER.git to reflect on this report. See Troubleshooting Build Report for more information. - Use the following Renviron settings to reproduce errors and warnings. - If 'R CMD check' started to fail recently on the Linux builder(s) over a missing dependency, add the missing dependency to 'Suggests:' in your DESCRIPTION file. See Renviron.bioc for more information. |
Package 1406/2229 | Hostname | OS / Arch | INSTALL | BUILD | CHECK | BUILD BIN | ||||||||
David Zhang
| nebbiolo1 | Linux (Ubuntu 22.04.2 LTS) / x86_64 | OK | OK | WARNINGS | ![]() | ||||||||
palomino3 | Windows Server 2022 Datacenter / x64 | OK | OK | WARNINGS | OK | ![]() | ||||||||
merida1 | macOS 12.6.4 Monterey / x86_64 | OK | OK | WARNINGS | OK | ![]() | ||||||||
Package: ODER |
Version: 1.6.0 |
Command: /home/biocbuild/bbs-3.17-bioc/R/bin/R CMD check --install=check:ODER.install-out.txt --library=/home/biocbuild/bbs-3.17-bioc/R/site-library --timings ODER_1.6.0.tar.gz |
StartedAt: 2023-06-07 23:13:29 -0400 (Wed, 07 Jun 2023) |
EndedAt: 2023-06-07 23:30:52 -0400 (Wed, 07 Jun 2023) |
EllapsedTime: 1043.0 seconds |
RetCode: 0 |
Status: WARNINGS |
CheckDir: ODER.Rcheck |
Warnings: 1 |
############################################################################## ############################################################################## ### ### Running command: ### ### /home/biocbuild/bbs-3.17-bioc/R/bin/R CMD check --install=check:ODER.install-out.txt --library=/home/biocbuild/bbs-3.17-bioc/R/site-library --timings ODER_1.6.0.tar.gz ### ############################################################################## ############################################################################## * using log directory ‘/home/biocbuild/bbs-3.17-bioc/meat/ODER.Rcheck’ * using R version 4.3.0 RC (2023-04-13 r84269) * using platform: x86_64-pc-linux-gnu (64-bit) * R was compiled by gcc (Ubuntu 11.3.0-1ubuntu1~22.04) 11.3.0 GNU Fortran (Ubuntu 11.3.0-1ubuntu1~22.04) 11.3.0 * running under: Ubuntu 22.04.2 LTS * using session charset: UTF-8 * checking for file ‘ODER/DESCRIPTION’ ... OK * this is package ‘ODER’ version ‘1.6.0’ * package encoding: UTF-8 * checking package namespace information ... OK * checking package dependencies ... OK * checking if this is a source package ... OK * checking if there is a namespace ... OK * checking for hidden files and directories ... OK * checking for portable file names ... OK * checking for sufficient/correct file permissions ... OK * checking whether package ‘ODER’ can be installed ... WARNING Found the following significant warnings: Warning: Package 'ODER' is deprecated and will be removed from Bioconductor See ‘/home/biocbuild/bbs-3.17-bioc/meat/ODER.Rcheck/00install.out’ for details. * checking installed package size ... OK * checking package directory ... OK * checking ‘build’ directory ... OK * checking DESCRIPTION meta-information ... OK * checking top-level files ... OK * checking for left-over files ... OK * checking index information ... OK * checking package subdirectories ... OK * checking R files for non-ASCII characters ... OK * checking R files for syntax errors ... OK * checking whether the package can be loaded ... OK * checking whether the package can be loaded with stated dependencies ... OK * checking whether the package can be unloaded cleanly ... OK * checking whether the namespace can be loaded with stated dependencies ... OK * checking whether the namespace can be unloaded cleanly ... OK * checking loading without being on the library search path ... OK * checking startup messages can be suppressed ... OK * checking dependencies in R code ... OK * checking S3 generic/method consistency ... OK * checking replacement functions ... OK * checking foreign function calls ... OK * checking R code for possible problems ... OK * checking Rd files ... OK * checking Rd metadata ... OK * checking Rd cross-references ... OK * checking for missing documentation entries ... OK * checking for code/documentation mismatches ... OK * checking Rd \usage sections ... OK * checking Rd contents ... OK * checking for unstated dependencies in examples ... OK * checking contents of ‘data’ directory ... OK * checking data for non-ASCII characters ... OK * checking data for ASCII and uncompressed saves ... OK * checking files in ‘vignettes’ ... OK * checking examples ... OK Examples with CPU (user + system) or elapsed time > 5s user system elapsed ODER 68.859 3.799 72.861 annotatERs 64.323 0.900 65.225 get_opt_ers 41.650 1.472 43.122 add_expressed_genes 41.560 0.704 42.189 get_ers 6.684 1.381 9.150 * checking for unstated dependencies in ‘tests’ ... OK * checking tests ... Running ‘testthat.R’ OK * checking for unstated dependencies in vignettes ... OK * checking package vignettes in ‘inst/doc’ ... OK * checking running R code from vignettes ... ‘ODER_overview.Rmd’ using ‘UTF-8’... OK NONE * checking re-building of vignette outputs ... OK * checking PDF version of manual ... OK * DONE Status: 1 WARNING See ‘/home/biocbuild/bbs-3.17-bioc/meat/ODER.Rcheck/00check.log’ for details.
ODER.Rcheck/00install.out
############################################################################## ############################################################################## ### ### Running command: ### ### /home/biocbuild/bbs-3.17-bioc/R/bin/R CMD INSTALL ODER ### ############################################################################## ############################################################################## * installing to library ‘/home/biocbuild/bbs-3.17-bioc/R/site-library’ * installing *source* package ‘ODER’ ... ** using staged installation ** R ** data ** inst ** byte-compile and prepare package for lazy loading ** help *** installing help indices *** copying figures ** building package indices ** installing vignettes ** testing if installed package can be loaded from temporary location Warning: Package 'ODER' is deprecated and will be removed from Bioconductor version 3.18 ** testing if installed package can be loaded from final location Warning: Package 'ODER' is deprecated and will be removed from Bioconductor version 3.18 ** testing if installed package keeps a record of temporary installation path * DONE (ODER)
ODER.Rcheck/tests/testthat.Rout
R version 4.3.0 RC (2023-04-13 r84269) -- "Already Tomorrow" Copyright (C) 2023 The R Foundation for Statistical Computing Platform: x86_64-pc-linux-gnu (64-bit) R is free software and comes with ABSOLUTELY NO WARRANTY. You are welcome to redistribute it under certain conditions. Type 'license()' or 'licence()' for distribution details. R is a collaborative project with many contributors. Type 'contributors()' for more information and 'citation()' on how to cite R or R packages in publications. Type 'demo()' for some demos, 'help()' for on-line help, or 'help.start()' for an HTML browser interface to help. Type 'q()' to quit R. > library(testthat) > library(ODER) Warning message: Package 'ODER' is deprecated and will be removed from Bioconductor version 3.18 > > test_check("ODER") Starting 2 test processes [ FAIL 0 | WARN 0 | SKIP 0 | PASS 170 ] > > proc.time() user system elapsed 708.843 32.652 497.361
ODER.Rcheck/ODER-Ex.timings
name | user | system | elapsed | |
ODER | 68.859 | 3.799 | 72.861 | |
add_expressed_genes | 41.560 | 0.704 | 42.189 | |
annotatERs | 64.323 | 0.900 | 65.225 | |
file_cache | 0.113 | 0.012 | 0.125 | |
get_chr_info | 0.084 | 0.000 | 0.084 | |
get_count_matrix | 1.486 | 0.053 | 2.978 | |
get_coverage | 1.159 | 0.000 | 1.159 | |
get_ers | 6.684 | 1.381 | 9.150 | |
get_opt_ers | 41.650 | 1.472 | 43.122 | |
plot_ers | 0.865 | 0.044 | 0.909 | |
refine_ERs | 0.822 | 0.020 | 0.842 | |