Back to Multiple platform build/check report for BioC 3.16:   simplified   long
AB[C]DEFGHIJKLMNOPQRSTUVWXYZ

This page was generated on 2023-03-27 11:04:54 -0400 (Mon, 27 Mar 2023).

HostnameOSArch (*)R versionInstalled pkgs
nebbiolo2Linux (Ubuntu 20.04.5 LTS)x86_644.2.3 (2023-03-15) -- "Shortstop Beagle" 4480
palomino4Windows Server 2022 Datacenterx644.2.3 (2023-03-15 ucrt) -- "Shortstop Beagle" 4276
lconwaymacOS 12.5.1 Montereyx86_644.2.3 (2023-03-15) -- "Shortstop Beagle" 4304
Click on any hostname to see more info about the system (e.g. compilers)      (*) as reported by 'uname -p', except on Windows and Mac OS X

CHECK results for ChIPQC on nebbiolo2


To the developers/maintainers of the ChIPQC package:
- Please allow up to 24 hours (and sometimes 48 hours) for your latest push to git@git.bioconductor.org:packages/ChIPQC.git to
reflect on this report. See How and When does the builder pull? When will my changes propagate? for more information.
- Make sure to use the following settings in order to reproduce any error or warning you see on this page.

raw results

Package 314/2183HostnameOS / ArchINSTALLBUILDCHECKBUILD BIN
ChIPQC 1.34.1  (landing page)
Tom Carroll , Rory Stark
Snapshot Date: 2023-03-24 14:00:04 -0400 (Fri, 24 Mar 2023)
git_url: https://git.bioconductor.org/packages/ChIPQC
git_branch: RELEASE_3_16
git_last_commit: dabb39a
git_last_commit_date: 2023-01-10 07:39:10 -0400 (Tue, 10 Jan 2023)
nebbiolo2Linux (Ubuntu 20.04.5 LTS) / x86_64  OK    OK    WARNINGS  UNNEEDED, same version is already published
palomino4Windows Server 2022 Datacenter / x64  OK    OK    WARNINGS    OK  UNNEEDED, same version is already published
lconwaymacOS 12.5.1 Monterey / x86_64  OK    OK    WARNINGS    OK  UNNEEDED, same version is already published

Summary

Package: ChIPQC
Version: 1.34.1
Command: /home/biocbuild/bbs-3.16-bioc/R/bin/R CMD check --install=check:ChIPQC.install-out.txt --library=/home/biocbuild/bbs-3.16-bioc/R/site-library --timings ChIPQC_1.34.1.tar.gz
StartedAt: 2023-03-24 19:30:34 -0400 (Fri, 24 Mar 2023)
EndedAt: 2023-03-24 19:38:02 -0400 (Fri, 24 Mar 2023)
EllapsedTime: 447.8 seconds
RetCode: 0
Status:   WARNINGS  
CheckDir: ChIPQC.Rcheck
Warnings: 1

Command output

##############################################################################
##############################################################################
###
### Running command:
###
###   /home/biocbuild/bbs-3.16-bioc/R/bin/R CMD check --install=check:ChIPQC.install-out.txt --library=/home/biocbuild/bbs-3.16-bioc/R/site-library --timings ChIPQC_1.34.1.tar.gz
###
##############################################################################
##############################################################################


* using log directory ‘/home/biocbuild/bbs-3.16-bioc/meat/ChIPQC.Rcheck’
* using R version 4.2.3 (2023-03-15)
* using platform: x86_64-pc-linux-gnu (64-bit)
* using session charset: UTF-8
* checking for file ‘ChIPQC/DESCRIPTION’ ... OK
* checking extension type ... Package
* this is package ‘ChIPQC’ version ‘1.34.1’
* checking package namespace information ... OK
* checking package dependencies ... OK
* checking if this is a source package ... OK
* checking if there is a namespace ... OK
* checking for hidden files and directories ... OK
* checking for portable file names ... OK
* checking for sufficient/correct file permissions ... OK
* checking whether package ‘ChIPQC’ can be installed ... OK
* checking installed package size ... OK
* checking package directory ... OK
* checking ‘build’ directory ... OK
* checking DESCRIPTION meta-information ... OK
* checking top-level files ... OK
* checking for left-over files ... OK
* checking index information ... OK
* checking package subdirectories ... OK
* checking R files for non-ASCII characters ... OK
* checking R files for syntax errors ... OK
* checking whether the package can be loaded ... OK
* checking whether the package can be loaded with stated dependencies ... OK
* checking whether the package can be unloaded cleanly ... OK
* checking whether the namespace can be loaded with stated dependencies ... OK
* checking whether the namespace can be unloaded cleanly ... OK
* checking loading without being on the library search path ... OK
* checking dependencies in R code ... NOTE
Package in Depends field not imported from: ‘BiocParallel’
  These packages need to be imported from (in the NAMESPACE file)
  for when this namespace is loaded but not attached.
Unexported object imported by a ':::' call: ‘S4Vectors:::tabulate2’
  See the note in ?`:::` about the use of this operator.
* checking S3 generic/method consistency ... OK
* checking replacement functions ... OK
* checking foreign function calls ... NOTE
Foreign function call to a different package:
  .Call("rle_sum_any", ..., PACKAGE = "chipseq")
See chapter ‘System and foreign language interfaces’ in the ‘Writing R
Extensions’ manual.
* checking R code for possible problems ... NOTE
ChIPQC: no visible global function definition for ‘is’
ChIPQC: no visible global function definition for ‘multicoreWorkers’
ChIPQC: no visible global function definition for ‘snowWorkers’
GetGRanges: no visible global function definition for ‘seqlevels<-’
findCovMaxPos: no visible global function definition for ‘seqlengths’
findCovMaxPos: no visible global function definition for ‘seqlengths<-’
getAnnotation: no visible binding for global variable
  ‘TxDb.Hsapiens.UCSC.hg38.knownGene’
getAnnotation: no visible global function definition for ‘seqlengths’
makeCCplot: no visible binding for global variable ‘Shift_Size’
makeCCplot: no visible binding for global variable ‘CC_Score’
makeCoveragePlot: no visible binding for global variable ‘Depth’
makeCoveragePlot: no visible binding for global variable ‘log10_bp’
makeCoveragePlot: no visible binding for global variable ‘Sample’
makeFriblPlot: no visible binding for global variable ‘Sample’
makeFriblPlot: no visible binding for global variable ‘FRIBL’
makeFriblPlot: no visible binding for global variable ‘Reads’
makeFripPlot: no visible binding for global variable ‘Sample’
makeFripPlot: no visible binding for global variable ‘FRIP’
makeFripPlot: no visible binding for global variable ‘Reads’
makePeakProfilePlot: no visible binding for global variable ‘Distance’
makePeakProfilePlot: no visible binding for global variable ‘Signal’
makeRapPlot: no visible binding for global variable ‘Sample’
makeRapPlot: no visible binding for global variable ‘CountsInPeaks’
makeRegiPlot: no visible binding for global variable ‘Sample’
makeRegiPlot: no visible binding for global variable ‘GenomicIntervals’
makeRegiPlot: no visible binding for global variable ‘log2_Enrichment’
makeSSDPlot: no visible binding for global variable ‘Sample’
makeSSDPlot: no visible binding for global variable ‘SSD’
makeSSDPlot: no visible global function definition for ‘geom_point’
sampleQC: no visible global function definition for ‘seqlevels<-’
plotCC,ChIPQCexperiment: no visible binding for global variable
  ‘Sample’
plotCC,list: no visible binding for global variable ‘Sample’
plotPeakProfile,ChIPQCexperiment: no visible binding for global
  variable ‘Sample’
plotPeakProfile,list: no visible binding for global variable ‘Sample’
Undefined global functions or variables:
  CC_Score CountsInPeaks Depth Distance FRIBL FRIP GenomicIntervals
  Reads SSD Sample Shift_Size Signal TxDb.Hsapiens.UCSC.hg38.knownGene
  geom_point is log10_bp log2_Enrichment multicoreWorkers seqlengths
  seqlengths<- seqlevels<- snowWorkers
Consider adding
  importFrom("methods", "is")
  importFrom("stats", "SSD")
to your NAMESPACE file (and ensure that your DESCRIPTION Imports field
contains 'methods').
* checking Rd files ... OK
* checking Rd metadata ... OK
* checking Rd cross-references ... OK
* checking for missing documentation entries ... OK
* checking for code/documentation mismatches ... OK
* checking Rd \usage sections ... OK
* checking Rd contents ... OK
* checking for unstated dependencies in examples ... OK
* checking contents of ‘data’ directory ... OK
* checking data for non-ASCII characters ... WARNING
  Error loading dataset 'exampleExp':
   Error in .requirePackage(package) : 
    unable to find required package 'ChIPQC'
  
  Error loading dataset 'tamoxifen':
   Error in .requirePackage(package) : 
    unable to find required package 'ChIPQC'
  
  The dataset(s) may use package(s) not declared in the DESCRIPTION file.
* checking data for ASCII and uncompressed saves ... OK
* checking installed files from ‘inst/doc’ ... OK
* checking files in ‘vignettes’ ... OK
* checking examples ... OK
Examples with CPU (user + system) or elapsed time > 5s
               user system elapsed
ChIPQCreport 19.602   0.42  20.023
* checking for unstated dependencies in vignettes ... OK
* checking package vignettes in ‘inst/doc’ ... OK
* checking running R code from vignettes ...
  ‘ChIPQC.Rnw’... OK
 OK
* checking re-building of vignette outputs ... OK
* checking PDF version of manual ... OK
* DONE

Status: 1 WARNING, 3 NOTEs
See
  ‘/home/biocbuild/bbs-3.16-bioc/meat/ChIPQC.Rcheck/00check.log’
for details.



Installation output

ChIPQC.Rcheck/00install.out

##############################################################################
##############################################################################
###
### Running command:
###
###   /home/biocbuild/bbs-3.16-bioc/R/bin/R CMD INSTALL ChIPQC
###
##############################################################################
##############################################################################


* installing to library ‘/home/biocbuild/bbs-3.16-bioc/R/site-library’
* installing *source* package ‘ChIPQC’ ...
** using staged installation
** R
** data
** inst
** byte-compile and prepare package for lazy loading
** help
*** installing help indices
** building package indices
** installing vignettes
** testing if installed package can be loaded from temporary location
** testing if installed package can be loaded from final location
** testing if installed package keeps a record of temporary installation path
* DONE (ChIPQC)

Tests output


Example timings

ChIPQC.Rcheck/ChIPQC-Ex.timings

nameusersystemelapsed
ChIPQC-data0.9340.0721.006
ChIPQC0.3230.0440.367
ChIPQCexperiment-class0.3250.0080.333
ChIPQCreport19.602 0.42020.023
ChIPQCsample-class0.9520.0080.959
FragmentLengthCrossCoverage-methods0.0480.0000.048
Normalisedaveragepeaksignal-methods0.0220.0040.026
QCannotation-methods0.0150.0000.015
QCcontrol-methods0.1790.0000.179
QCdba-methods0.1010.0040.105
QCmetadata-methods0.1030.0040.107
QCmetrics-methods0.3330.0080.341
QCsample-methods0.0480.0000.048
ReadLengthCrossCoverage-methods0.0140.0000.014
RelativeCrossCoverage-methods0.0490.0000.048
averagepeaksignal-methods0.0250.0000.025
coveragehistogram-methods0.0250.0000.024
crosscoverage-methods0.0220.0000.023
duplicateRate-methods0.0150.0030.019
duplicates-methods0.0140.0000.015
flagtagcounts-methods0.0150.0000.015
fragmentlength-methods0.0770.0040.081
frip-methods0.0150.0000.015
mapped-methods0.0140.0000.014
peaks-methods0.1430.0040.147
plotCC-methods1.0020.0241.026
plotCorHeatmap-methods0.1680.0080.175
plotCoverageHist-methods0.4240.0080.431
plotFribl-methods0.4960.0040.500
plotFrip-methods0.5190.0040.522
plotPeakProfile-methods1.1580.0081.166
plotPrincomp-methods0.1910.0000.192
plotRap-methods1.9890.0682.059
plotRegi-methods0.8480.0080.856
plotSSD-methods1.1240.0081.132
readlength-methods0.0150.0000.014
reads-methods0.0140.0000.015
regi-methods0.0410.0000.041
ribl-methods0.0150.0000.014
rip-methods0.0150.0000.015
ssd-methods0.0150.0000.014