Back to Multiple platform build/check report for BioC 3.15
ABCDEFGH[I]JKLMNOPQRSTUVWXYZ

This page was generated on 2022-06-24 12:06:10 -0400 (Fri, 24 Jun 2022).

HostnameOSArch (*)R versionInstalled pkgs
nebbiolo1Linux (Ubuntu 20.04.4 LTS)x86_644.2.0 (2022-04-22) -- "Vigorous Calisthenics" 4380
palomino3Windows Server 2022 Datacenterx644.2.0 (2022-04-22 ucrt) -- "Vigorous Calisthenics" 4156
merida1macOS 10.14.6 Mojavex86_644.2.0 (2022-04-22) -- "Vigorous Calisthenics" 4221
Click on any hostname to see more info about the system (e.g. compilers)      (*) as reported by 'uname -p', except on Windows and Mac OS X

CHECK results for imageHTS on palomino3


To the developers/maintainers of the imageHTS package:
- Please allow up to 24 hours (and sometimes 48 hours) for your latest push to git@git.bioconductor.org:packages/imageHTS.git to
reflect on this report. See How and When does the builder pull? When will my changes propagate? for more information.
- Make sure to use the following settings in order to reproduce any error or warning you see on this page.

raw results

Package 946/2140HostnameOS / ArchINSTALLBUILDCHECKBUILD BIN
imageHTS 1.46.0  (landing page)
Joseph Barry
Snapshot Date: 2022-06-23 13:55:15 -0400 (Thu, 23 Jun 2022)
git_url: https://git.bioconductor.org/packages/imageHTS
git_branch: RELEASE_3_15
git_last_commit: 9c5ea7c
git_last_commit_date: 2022-04-26 11:05:32 -0400 (Tue, 26 Apr 2022)
nebbiolo1Linux (Ubuntu 20.04.4 LTS) / x86_64  OK    ERROR  skipped
palomino3Windows Server 2022 Datacenter / x64  OK    OK    ERROR    OK  
merida1macOS 10.14.6 Mojave / x86_64  OK    OK    ERROR    OK  

Summary

Package: imageHTS
Version: 1.46.0
Command: F:\biocbuild\bbs-3.15-bioc\R\bin\R.exe CMD check --no-multiarch --install=check:imageHTS.install-out.txt --library=F:\biocbuild\bbs-3.15-bioc\R\library --no-vignettes --timings imageHTS_1.46.0.tar.gz
StartedAt: 2022-06-24 01:55:09 -0400 (Fri, 24 Jun 2022)
EndedAt: 2022-06-24 01:58:52 -0400 (Fri, 24 Jun 2022)
EllapsedTime: 223.3 seconds
RetCode: 1
Status:   ERROR  
CheckDir: imageHTS.Rcheck
Warnings: NA

Command output

##############################################################################
##############################################################################
###
### Running command:
###
###   F:\biocbuild\bbs-3.15-bioc\R\bin\R.exe CMD check --no-multiarch --install=check:imageHTS.install-out.txt --library=F:\biocbuild\bbs-3.15-bioc\R\library --no-vignettes --timings imageHTS_1.46.0.tar.gz
###
##############################################################################
##############################################################################


* using log directory 'F:/biocbuild/bbs-3.15-bioc/meat/imageHTS.Rcheck'
* using R version 4.2.0 (2022-04-22 ucrt)
* using platform: x86_64-w64-mingw32 (64-bit)
* using session charset: UTF-8
* using option '--no-vignettes'
* checking for file 'imageHTS/DESCRIPTION' ... OK
* this is package 'imageHTS' version '1.46.0'
* checking package namespace information ... OK
* checking package dependencies ... OK
* checking if this is a source package ... OK
* checking if there is a namespace ... OK
* checking for hidden files and directories ... OK
* checking for portable file names ... OK
* checking whether package 'imageHTS' can be installed ... OK
* checking installed package size ... OK
* checking package directory ... OK
* checking 'build' directory ... OK
* checking DESCRIPTION meta-information ... OK
* checking top-level files ... OK
* checking for left-over files ... OK
* checking index information ... OK
* checking package subdirectories ... OK
* checking R files for non-ASCII characters ... OK
* checking R files for syntax errors ... OK
* checking whether the package can be loaded ... OK
* checking whether the package can be loaded with stated dependencies ... OK
* checking whether the package can be unloaded cleanly ... OK
* checking whether the namespace can be loaded with stated dependencies ... OK
* checking whether the namespace can be unloaded cleanly ... OK
* checking dependencies in R code ... OK
* checking S3 generic/method consistency ... OK
* checking replacement functions ... OK
* checking foreign function calls ... OK
* checking R code for possible problems ... OK
* checking Rd files ... OK
* checking Rd metadata ... OK
* checking Rd cross-references ... OK
* checking for missing documentation entries ... OK
* checking for code/documentation mismatches ... OK
* checking Rd \usage sections ... OK
* checking Rd contents ... OK
* checking for unstated dependencies in examples ... OK
* checking sizes of PDF files under 'inst/doc' ... OK
* checking files in 'vignettes' ... OK
* checking examples ... ERROR
Running examples in 'imageHTS-Ex.R' failed
The error most likely occurred in:

> base::assign(".ptime", proc.time(), pos = "CheckExEnv")
> ### Name: segmentYeastBF
> ### Title: Segmentation of yeast cells and ring-shaped objects.
> ### Aliases: segmentYeastBF segmentRing
> 
> ### ** Examples
> 
> filename = system.file('yeast.jpeg', package='imageHTS')
> a = readImage(filename)
> if (interactive()) display(a)
> p = list(edge.threshold=0.05, max.membrane.thickness=5, crown.thickness=8,
+     crown.steps=c(31, 61, 4), locmin.threshold.width=9, locmin.threshold.offset=0.15, 
+     locmin.erode.size=3, cell.max.overlap=2, nucleus.radius.offset=10,
+     cell.radius.offset=4)
> seg = segmentRing(a, p)
Error in if (nrow(cs) > 0) { : argument is of length zero
Calls: segmentRing -> extractCells
Execution halted
* checking for unstated dependencies in vignettes ... OK
* checking package vignettes in 'inst/doc' ... OK
* checking running R code from vignettes ... SKIPPED
* checking re-building of vignette outputs ... SKIPPED
* checking PDF version of manual ... OK
* DONE

Status: 1 ERROR
See
  'F:/biocbuild/bbs-3.15-bioc/meat/imageHTS.Rcheck/00check.log'
for details.


Installation output

imageHTS.Rcheck/00install.out

##############################################################################
##############################################################################
###
### Running command:
###
###   F:\biocbuild\bbs-3.15-bioc\R\bin\R.exe CMD INSTALL imageHTS
###
##############################################################################
##############################################################################


* installing to library 'F:/biocbuild/bbs-3.15-bioc/R/library'
* installing *source* package 'imageHTS' ...
** using staged installation
** R
** inst
** byte-compile and prepare package for lazy loading
** help
*** installing help indices
** building package indices
** installing vignettes
** testing if installed package can be loaded from temporary location
** testing if installed package can be loaded from final location
** testing if installed package keeps a record of temporary installation path
* DONE (imageHTS)

Tests output


Example timings

imageHTS.Rcheck/imageHTS-Ex.timings

nameusersystemelapsed
collectCellFeatures000
countObjects6.910.147.32
extractFeatures13.62 0.3714.03
fileHTS2.520.052.56
getImageConf1.030.001.03
getUnames3.180.033.20
getWellFeatures2.710.022.79
highlightSegmentation000
installCellPicker1.320.081.42
makeCellHTS000
parseDCF000
parseImageConf0.960.010.97
popCellPicker1.040.021.06
prw2uname0.020.000.02
readLearnTS000
segmentATH000
segmentWells4.640.174.81