Back to Multiple platform build/check report for BioC 3.15
ABCDEF[G]HIJKLMNOPQRSTUVWXYZ

This page was generated on 2022-08-12 13:21:30 -0400 (Fri, 12 Aug 2022).

HostnameOSArch (*)R versionInstalled pkgs
nebbiolo1Linux (Ubuntu 20.04.4 LTS)x86_644.2.1 (2022-06-23) -- "Funny-Looking Kid" 4364
palomino3Windows Server 2022 Datacenterx644.2.1 (2022-06-23 ucrt) -- "Funny-Looking Kid" 4117
merida1macOS 10.14.6 Mojavex86_644.2.1 (2022-06-23) -- "Funny-Looking Kid" 4182
Click on any hostname to see more info about the system (e.g. compilers)      (*) as reported by 'uname -p', except on Windows and Mac OS X

CHECK results for geneXtendeR on palomino3


To the developers/maintainers of the geneXtendeR package:
- Please allow up to 24 hours (and sometimes 48 hours) for your latest push to git@git.bioconductor.org:packages/geneXtendeR.git to
reflect on this report. See How and When does the builder pull? When will my changes propagate? for more information.
- Make sure to use the following settings in order to reproduce any error or warning you see on this page.

raw results

Package 761/2140HostnameOS / ArchINSTALLBUILDCHECKBUILD BIN
geneXtendeR 1.22.0  (landing page)
Bohdan Khomtchouk
Snapshot Date: 2022-08-11 13:55:06 -0400 (Thu, 11 Aug 2022)
git_url: https://git.bioconductor.org/packages/geneXtendeR
git_branch: RELEASE_3_15
git_last_commit: 36e8d12
git_last_commit_date: 2022-04-26 11:36:15 -0400 (Tue, 26 Apr 2022)
nebbiolo1Linux (Ubuntu 20.04.4 LTS) / x86_64  OK    OK    WARNINGS  UNNEEDED, same version is already published
palomino3Windows Server 2022 Datacenter / x64  OK    OK    WARNINGS    OK  UNNEEDED, same version is already published
merida1macOS 10.14.6 Mojave / x86_64  OK    OK    WARNINGS    OK  UNNEEDED, same version is already published

Summary

Package: geneXtendeR
Version: 1.22.0
Command: F:\biocbuild\bbs-3.15-bioc\R\bin\R.exe CMD check --no-multiarch --install=check:geneXtendeR.install-out.txt --library=F:\biocbuild\bbs-3.15-bioc\R\library --no-vignettes --timings geneXtendeR_1.22.0.tar.gz
StartedAt: 2022-08-12 01:09:55 -0400 (Fri, 12 Aug 2022)
EndedAt: 2022-08-12 01:25:34 -0400 (Fri, 12 Aug 2022)
EllapsedTime: 939.0 seconds
RetCode: 0
Status:   WARNINGS  
CheckDir: geneXtendeR.Rcheck
Warnings: 1

Command output

##############################################################################
##############################################################################
###
### Running command:
###
###   F:\biocbuild\bbs-3.15-bioc\R\bin\R.exe CMD check --no-multiarch --install=check:geneXtendeR.install-out.txt --library=F:\biocbuild\bbs-3.15-bioc\R\library --no-vignettes --timings geneXtendeR_1.22.0.tar.gz
###
##############################################################################
##############################################################################


* using log directory 'F:/biocbuild/bbs-3.15-bioc/meat/geneXtendeR.Rcheck'
* using R version 4.2.1 (2022-06-23 ucrt)
* using platform: x86_64-w64-mingw32 (64-bit)
* using session charset: UTF-8
* using option '--no-vignettes'
* checking for file 'geneXtendeR/DESCRIPTION' ... OK
* checking extension type ... Package
* this is package 'geneXtendeR' version '1.22.0'
* package encoding: UTF-8
* checking package namespace information ... OK
* checking package dependencies ... OK
* checking if this is a source package ... OK
* checking if there is a namespace ... OK
* checking for hidden files and directories ... OK
* checking for portable file names ... OK
* checking whether package 'geneXtendeR' can be installed ... OK
* checking installed package size ... NOTE
  installed size is 11.4Mb
  sub-directories of 1Mb or more:
    data      5.8Mb
    doc       1.9Mb
    extdata   3.5Mb
* checking package directory ... OK
* checking DESCRIPTION meta-information ... NOTE
Package listed in more than one of Depends, Imports, Suggests, Enhances:
  'rtracklayer'
A package should be listed in only one of these fields.
* checking top-level files ... OK
* checking for left-over files ... OK
* checking index information ... OK
* checking package subdirectories ... OK
* checking R files for non-ASCII characters ... OK
* checking R files for syntax errors ... OK
* checking whether the package can be loaded ... OK
* checking whether the package can be loaded with stated dependencies ... OK
* checking whether the package can be unloaded cleanly ... OK
* checking whether the namespace can be loaded with stated dependencies ... OK
* checking whether the namespace can be unloaded cleanly ... OK
* checking dependencies in R code ... NOTE
Namespaces in Imports field not imported from:
  'BiocStyle' 'SnowballC' 'org.Rn.eg.db'
  All declared Imports should be used.
* checking S3 generic/method consistency ... OK
* checking replacement functions ... OK
* checking foreign function calls ... OK
* checking R code for possible problems ... NOTE
.geneXtender: no visible binding for global variable 'type'
.geneXtender: no visible binding for global variable 'seqid'
.geneXtender: no visible binding for global variable 'gene_id'
.geneXtender: no visible binding for global variable 'gene_name'
annotate_n: no visible binding for global variable '..I'
annotate_n: no visible binding for global variable 'seqid'
diffGO: no visible binding for global variable 'rat'
gene_annotate: no visible global function definition for '.'
gene_annotate: no visible binding for global variable
  'Distance-of-Gene-to-Nearest-Peak'
gene_annotate: no visible global function definition for 'sd'
gene_annotate: no visible binding for global variable 'Chromosome'
gene_annotate: no visible binding for global variable 'Gene-Start'
gene_annotate: no visible binding for global variable 'Gene-End'
gene_annotate: no visible binding for global variable 'Gene-ID'
gene_annotate: no visible binding for global variable 'Gene-Name'
gene_annotate: no visible binding for global variable
  'Peaks-on-Gene-Body'
gene_annotate: no visible binding for global variable
  'Number-of-Peaks-Associated-with-Gene'
gene_lookup: no visible binding for global variable 'gene_name_id'
gene_lookup: no visible binding for global variable 'gene_id'
gene_lookup : internal_find: no visible binding for global variable
  'Chromosome'
gene_lookup : internal_find: no visible binding for global variable
  'distance'
gene_lookup : internal_find: no visible global function definition for
  'na.omit'
gene_lookup: no visible binding for global variable '..I'
gene_lookup: no visible binding for global variable 'distance'
makeWordCloud: no visible binding for global variable 'rat'
meanPeakLength: no visible binding for global variable 'rat'
peaksInput: no visible binding for global variable 'chr'
peaksInput: no visible global function definition for 'na.omit'
peaksMerge: no visible binding for global variable 'chr'
peaksMerge: no visible binding for global variable 'g'
peaksMerge: no visible global function definition for '.'
plotWordFreq : geneXtender: no visible binding for global variable
  'type'
plotWordFreq : geneXtender: no visible binding for global variable
  'seqid'
plotWordFreq : geneXtender: no visible binding for global variable
  'gene_id'
plotWordFreq : geneXtender: no visible binding for global variable
  'gene_name'
Undefined global functions or variables:
  . ..I Chromosome Distance-of-Gene-to-Nearest-Peak Gene-End Gene-ID
  Gene-Name Gene-Start Number-of-Peaks-Associated-with-Gene
  Peaks-on-Gene-Body chr distance g gene_id gene_name gene_name_id
  na.omit rat sd seqid type
Consider adding
  importFrom("stats", "na.omit", "sd")
to your NAMESPACE file.
* checking Rd files ... OK
* checking Rd metadata ... OK
* checking Rd cross-references ... OK
* checking for missing documentation entries ... OK
* checking for code/documentation mismatches ... OK
* checking Rd \usage sections ... OK
* checking Rd contents ... OK
* checking for unstated dependencies in examples ... OK
* checking contents of 'data' directory ... OK
* checking data for non-ASCII characters ... OK
* checking LazyData ... WARNING
  LazyData DB of 5.8 MB without LazyDataCompression set
  See ยง1.1.6 of 'Writing R Extensions'
* checking data for ASCII and uncompressed saves ... OK
* checking line endings in C/C++/Fortran sources/headers ... OK
* checking compiled code ... NOTE
Note: information on .o files for x64 is not available
File 'F:/biocbuild/bbs-3.15-bioc/R/library/geneXtendeR/libs/x64/geneXtendeR.dll':
  Found 'abort', possibly from 'abort' (C), 'runtime' (Fortran)

Compiled code should not call entry points which might terminate R nor
write to stdout/stderr instead of to the console, nor use Fortran I/O
nor system RNGs. The detected symbols are linked into the code but
might come from libraries and not actually be called.

See 'Writing portable packages' in the 'Writing R Extensions' manual.
* checking sizes of PDF files under 'inst/doc' ... OK
* checking installed files from 'inst/doc' ... OK
* checking files in 'vignettes' ... NOTE
Files named as vignettes but with no recognized vignette engine:
   'vignettes/geneXtendeR.Rnw'
(Is a VignetteBuilder field missing?)
* checking examples ... OK
Examples with CPU (user + system) or elapsed time > 5s
                    user system elapsed
meanPeakLengthPlot 48.80   0.62   51.68
hotspotPlot        40.93   1.31   44.96
barChart           32.53   0.61   35.18
cumlinePlot        29.32   0.69   32.31
linePlot           27.74   0.52   30.84
annotate           24.71   0.33   27.24
diffGO             22.84   0.48   51.34
makeNetwork        21.70   0.39   24.25
plotWordFreq       21.57   0.33   24.02
makeWordCloud      21.53   0.25   23.86
distinct           20.49   0.25   23.09
gene_lookup        20.46   0.22   22.54
gene_annotate      20.09   0.22   22.38
peakLengthBoxplot  20.03   0.20   22.26
meanPeakLength     18.83   0.16   20.95
* checking for unstated dependencies in 'tests' ... OK
* checking tests ...
  Running 'testthat.R'
 OK
* checking PDF version of manual ... OK
* DONE

Status: 1 WARNING, 6 NOTEs
See
  'F:/biocbuild/bbs-3.15-bioc/meat/geneXtendeR.Rcheck/00check.log'
for details.



Installation output

geneXtendeR.Rcheck/00install.out

##############################################################################
##############################################################################
###
### Running command:
###
###   F:\biocbuild\bbs-3.15-bioc\R\bin\R.exe CMD INSTALL geneXtendeR
###
##############################################################################
##############################################################################


* installing to library 'F:/biocbuild/bbs-3.15-bioc/R/library'
* installing *source* package 'geneXtendeR' ...
** using staged installation
** libs
gcc  -I"F:/biocbuild/bbs-3.15-bioc/R/include" -DNDEBUG     -I"C:/rtools42/x86_64-w64-mingw32.static.posix/include"     -O2 -Wall  -std=gnu99 -mfpmath=sse -msse2 -mstackrealign  -c annotate.c -o annotate.o
gcc  -I"F:/biocbuild/bbs-3.15-bioc/R/include" -DNDEBUG     -I"C:/rtools42/x86_64-w64-mingw32.static.posix/include"     -O2 -Wall  -std=gnu99 -mfpmath=sse -msse2 -mstackrealign  -c extract_number.c -o extract_number.o
extract_number.c: In function 'extractnumber':
extract_number.c:72:10: warning: variable 'n_1' set but not used [-Wunused-but-set-variable]
   72 |     long n_1;
      |          ^~~
extract_number.c:66:10: warning: variable 'j_1' set but not used [-Wunused-but-set-variable]
   66 |     long j_1;
      |          ^~~
extract_number.c:54:12: warning: variable 'pvcfcol5_5' set but not used [-Wunused-but-set-variable]
   54 |     char * pvcfcol5_5;
      |            ^~~~~~~~~~
extract_number.c:53:12: warning: variable 'pvcfcol4_4' set but not used [-Wunused-but-set-variable]
   53 |     char * pvcfcol4_4;
      |            ^~~~~~~~~~
extract_number.c:52:12: warning: variable 'pvcfcol3_3' set but not used [-Wunused-but-set-variable]
   52 |     char * pvcfcol3_3;
      |            ^~~~~~~~~~
extract_number.c:51:12: warning: variable 'pvcfcol2_2' set but not used [-Wunused-but-set-variable]
   51 |     char * pvcfcol2_2;
      |            ^~~~~~~~~~
extract_number.c:50:12: warning: variable 'pvcfcol1_1' set but not used [-Wunused-but-set-variable]
   50 |     char * pvcfcol1_1;
      |            ^~~~~~~~~~
gcc  -I"F:/biocbuild/bbs-3.15-bioc/R/include" -DNDEBUG     -I"C:/rtools42/x86_64-w64-mingw32.static.posix/include"     -O2 -Wall  -std=gnu99 -mfpmath=sse -msse2 -mstackrealign  -c extract_peaks.c -o extract_peaks.o
gcc -shared -s -static-libgcc -o geneXtendeR.dll tmp.def annotate.o extract_number.o extract_peaks.o -LC:/rtools42/x86_64-w64-mingw32.static.posix/lib/x64 -LC:/rtools42/x86_64-w64-mingw32.static.posix/lib -LF:/biocbuild/bbs-3.15-bioc/R/bin/x64 -lR
installing to F:/biocbuild/bbs-3.15-bioc/R/library/00LOCK-geneXtendeR/00new/geneXtendeR/libs/x64
** R
** data
*** moving datasets to lazyload DB
** inst
** byte-compile and prepare package for lazy loading
** help
*** installing help indices
** building package indices
** installing vignettes
** testing if installed package can be loaded from temporary location
** testing if installed package can be loaded from final location
** testing if installed package keeps a record of temporary installation path
* DONE (geneXtendeR)

Tests output

geneXtendeR.Rcheck/tests/testthat.Rout


R version 4.2.1 (2022-06-23 ucrt) -- "Funny-Looking Kid"
Copyright (C) 2022 The R Foundation for Statistical Computing
Platform: x86_64-w64-mingw32/x64 (64-bit)

R is free software and comes with ABSOLUTELY NO WARRANTY.
You are welcome to redistribute it under certain conditions.
Type 'license()' or 'licence()' for distribution details.

R is a collaborative project with many contributors.
Type 'contributors()' for more information and
'citation()' on how to cite R or R packages in publications.

Type 'demo()' for some demos, 'help()' for on-line help, or
'help.start()' for an HTML browser interface to help.
Type 'q()' to quit R.

> library(testthat)
> library(geneXtendeR)
Loading required package: rtracklayer
Loading required package: GenomicRanges
Loading required package: stats4
Loading required package: BiocGenerics

Attaching package: 'BiocGenerics'

The following objects are masked from 'package:stats':

    IQR, mad, sd, var, xtabs

The following objects are masked from 'package:base':

    Filter, Find, Map, Position, Reduce, anyDuplicated, append,
    as.data.frame, basename, cbind, colnames, dirname, do.call,
    duplicated, eval, evalq, get, grep, grepl, intersect, is.unsorted,
    lapply, mapply, match, mget, order, paste, pmax, pmax.int, pmin,
    pmin.int, rank, rbind, rownames, sapply, setdiff, sort, table,
    tapply, union, unique, unsplit, which.max, which.min

Loading required package: S4Vectors

Attaching package: 'S4Vectors'

The following objects are masked from 'package:base':

    I, expand.grid, unname

Loading required package: IRanges

Attaching package: 'IRanges'

The following object is masked from 'package:grDevices':

    windows

Loading required package: GenomeInfoDb
Loading required package: GO.db
Loading required package: AnnotationDbi
Loading required package: Biobase
Welcome to Bioconductor

    Vignettes contain introductory material; view with
    'browseVignettes()'. To cite Bioconductor, see
    'citation("Biobase")', and for packages 'citation("pkgname")'.


> 
> test_check("geneXtendeR")
[ FAIL 0 | WARN 0 | SKIP 0 | PASS 86 ]
> 
> proc.time()
   user  system elapsed 
 203.43   14.46  219.01 

Example timings

geneXtendeR.Rcheck/geneXtendeR-Ex.timings

nameusersystemelapsed
allPeakLengths0.060.000.12
annotate24.71 0.3327.24
annotate_n000
barChart32.53 0.6135.18
cumlinePlot29.32 0.6932.31
diffGO22.84 0.4851.34
distinct20.49 0.2523.09
gene_annotate20.09 0.2222.38
gene_lookup20.46 0.2222.54
hotspotPlot40.93 1.3144.96
linePlot27.74 0.5230.84
makeNetwork21.70 0.3924.25
makeWordCloud21.53 0.2523.86
meanPeakLength18.83 0.1620.95
meanPeakLengthPlot48.80 0.6251.68
peakLengthBoxplot20.03 0.2022.26
peaksInput0.310.082.27
peaksMerge0.20.00.2
plotWordFreq21.57 0.3324.02
rat2.590.022.60
samplepeaksinput000