Back to Multiple platform build/check report for BioC 3.15 |
|
This page was generated on 2022-05-27 12:05:04 -0400 (Fri, 27 May 2022).
Hostname | OS | Arch (*) | R version | Installed pkgs |
---|---|---|---|---|
nebbiolo1 | Linux (Ubuntu 20.04.4 LTS) | x86_64 | 4.2.0 (2022-04-22) -- "Vigorous Calisthenics" | 4380 |
palomino3 | Windows Server 2022 Datacenter | x64 | 4.2.0 (2022-04-22 ucrt) -- "Vigorous Calisthenics" | 4156 |
merida1 | macOS 10.14.6 Mojave | x86_64 | 4.2.0 (2022-04-22) -- "Vigorous Calisthenics" | 4221 |
Click on any hostname to see more info about the system (e.g. compilers) (*) as reported by 'uname -p', except on Windows and Mac OS X |
To the developers/maintainers of the biscuiteer package: - Please allow up to 24 hours (and sometimes 48 hours) for your latest push to git@git.bioconductor.org:packages/biscuiteer.git to reflect on this report. See How and When does the builder pull? When will my changes propagate? for more information. - Make sure to use the following settings in order to reproduce any error or warning you see on this page. |
Package 203/2140 | Hostname | OS / Arch | INSTALL | BUILD | CHECK | BUILD BIN | ||||||||
biscuiteer 1.10.0 (landing page) Jacob Morrison
| nebbiolo1 | Linux (Ubuntu 20.04.4 LTS) / x86_64 | OK | OK | WARNINGS | ![]() | ||||||||
palomino3 | Windows Server 2022 Datacenter / x64 | OK | OK | WARNINGS | OK | ![]() | ||||||||
merida1 | macOS 10.14.6 Mojave / x86_64 | OK | OK | WARNINGS | OK | ![]() | ||||||||
Package: biscuiteer |
Version: 1.10.0 |
Command: /home/biocbuild/bbs-3.15-bioc/R/bin/R CMD check --install=check:biscuiteer.install-out.txt --library=/home/biocbuild/bbs-3.15-bioc/R/library --no-vignettes --timings biscuiteer_1.10.0.tar.gz |
StartedAt: 2022-05-26 18:40:17 -0400 (Thu, 26 May 2022) |
EndedAt: 2022-05-26 18:48:23 -0400 (Thu, 26 May 2022) |
EllapsedTime: 486.5 seconds |
RetCode: 0 |
Status: WARNINGS |
CheckDir: biscuiteer.Rcheck |
Warnings: 1 |
############################################################################## ############################################################################## ### ### Running command: ### ### /home/biocbuild/bbs-3.15-bioc/R/bin/R CMD check --install=check:biscuiteer.install-out.txt --library=/home/biocbuild/bbs-3.15-bioc/R/library --no-vignettes --timings biscuiteer_1.10.0.tar.gz ### ############################################################################## ############################################################################## * using log directory ‘/home/biocbuild/bbs-3.15-bioc/meat/biscuiteer.Rcheck’ * using R version 4.2.0 (2022-04-22) * using platform: x86_64-pc-linux-gnu (64-bit) * using session charset: UTF-8 * using option ‘--no-vignettes’ * checking for file ‘biscuiteer/DESCRIPTION’ ... OK * checking extension type ... Package * this is package ‘biscuiteer’ version ‘1.10.0’ * package encoding: UTF-8 * checking package namespace information ... OK * checking package dependencies ... OK * checking if this is a source package ... OK * checking if there is a namespace ... OK * checking for hidden files and directories ... OK * checking for portable file names ... OK * checking for sufficient/correct file permissions ... OK * checking whether package ‘biscuiteer’ can be installed ... WARNING Found the following significant warnings: Warning: replacing previous import ‘BiocParallel::bpstart’ by ‘QDNAseq::bpstart’ when loading ‘biscuiteer’ See ‘/home/biocbuild/bbs-3.15-bioc/meat/biscuiteer.Rcheck/00install.out’ for details. * checking installed package size ... NOTE installed size is 5.2Mb sub-directories of 1Mb or more: data 1.1Mb extdata 3.5Mb * checking package directory ... OK * checking ‘build’ directory ... OK * checking DESCRIPTION meta-information ... OK * checking top-level files ... OK * checking for left-over files ... OK * checking index information ... OK * checking package subdirectories ... OK * checking R files for non-ASCII characters ... OK * checking R files for syntax errors ... OK * checking whether the package can be loaded ... OK * checking whether the package can be loaded with stated dependencies ... OK * checking whether the package can be unloaded cleanly ... OK * checking whether the namespace can be loaded with stated dependencies ... OK * checking whether the namespace can be unloaded cleanly ... OK * checking dependencies in R code ... NOTE Unexported object imported by a ':::' call: ‘QDNAseq:::expectedVariance’ See the note in ?`:::` about the use of this operator. * checking S3 generic/method consistency ... OK * checking replacement functions ... OK * checking foreign function calls ... OK * checking R code for possible problems ... OK * checking Rd files ... OK * checking Rd metadata ... OK * checking Rd cross-references ... OK * checking for missing documentation entries ... OK * checking for code/documentation mismatches ... OK * checking Rd \usage sections ... OK * checking Rd contents ... OK * checking for unstated dependencies in examples ... OK * checking contents of ‘data’ directory ... OK * checking data for non-ASCII characters ... OK * checking data for ASCII and uncompressed saves ... OK * checking installed files from ‘inst/doc’ ... OK * checking files in ‘vignettes’ ... OK * checking examples ... OK Examples with CPU (user + system) or elapsed time > 5s user system elapsed filterLoci 8.453 0.215 8.580 RRBSeq 7.540 0.462 8.037 unionize 7.463 0.416 7.781 WGBSage 6.802 0.164 6.874 byExtremality 6.105 0.112 6.129 * checking for unstated dependencies in ‘tests’ ... OK * checking tests ... Running ‘testthat.R’ OK * checking for unstated dependencies in vignettes ... OK * checking package vignettes in ‘inst/doc’ ... OK * checking running R code from vignettes ... SKIPPED * checking re-building of vignette outputs ... SKIPPED * checking PDF version of manual ... OK * DONE Status: 1 WARNING, 2 NOTEs See ‘/home/biocbuild/bbs-3.15-bioc/meat/biscuiteer.Rcheck/00check.log’ for details.
biscuiteer.Rcheck/00install.out
############################################################################## ############################################################################## ### ### Running command: ### ### /home/biocbuild/bbs-3.15-bioc/R/bin/R CMD INSTALL biscuiteer ### ############################################################################## ############################################################################## * installing to library ‘/home/biocbuild/bbs-3.15-bioc/R/library’ * installing *source* package ‘biscuiteer’ ... ** using staged installation ** R ** data ** inst ** byte-compile and prepare package for lazy loading Warning: replacing previous import ‘BiocParallel::bpstart’ by ‘QDNAseq::bpstart’ when loading ‘biscuiteer’ ** help *** installing help indices ** building package indices ** installing vignettes ** testing if installed package can be loaded from temporary location Warning: replacing previous import ‘BiocParallel::bpstart’ by ‘QDNAseq::bpstart’ when loading ‘biscuiteer’ ** testing if installed package can be loaded from final location Warning: replacing previous import ‘BiocParallel::bpstart’ by ‘QDNAseq::bpstart’ when loading ‘biscuiteer’ ** testing if installed package keeps a record of temporary installation path * DONE (biscuiteer)
biscuiteer.Rcheck/tests/testthat.Rout
R version 4.2.0 (2022-04-22) -- "Vigorous Calisthenics" Copyright (C) 2022 The R Foundation for Statistical Computing Platform: x86_64-pc-linux-gnu (64-bit) R is free software and comes with ABSOLUTELY NO WARRANTY. You are welcome to redistribute it under certain conditions. Type 'license()' or 'licence()' for distribution details. R is a collaborative project with many contributors. Type 'contributors()' for more information and 'citation()' on how to cite R or R packages in publications. Type 'demo()' for some demos, 'help()' for on-line help, or 'help.start()' for an HTML browser interface to help. Type 'q()' to quit R. > library(testthat) > library(biscuiteer) Loading required package: biscuiteerData Loading required package: ExperimentHub Loading required package: BiocGenerics Attaching package: 'BiocGenerics' The following objects are masked from 'package:stats': IQR, mad, sd, var, xtabs The following objects are masked from 'package:base': Filter, Find, Map, Position, Reduce, anyDuplicated, append, as.data.frame, basename, cbind, colnames, dirname, do.call, duplicated, eval, evalq, get, grep, grepl, intersect, is.unsorted, lapply, mapply, match, mget, order, paste, pmax, pmax.int, pmin, pmin.int, rank, rbind, rownames, sapply, setdiff, sort, table, tapply, union, unique, unsplit, which.max, which.min Loading required package: AnnotationHub Loading required package: BiocFileCache Loading required package: dbplyr Loading biscuiteerData. Loading required package: bsseq Loading required package: GenomicRanges Loading required package: stats4 Loading required package: S4Vectors Attaching package: 'S4Vectors' The following objects are masked from 'package:base': I, expand.grid, unname Loading required package: IRanges Loading required package: GenomeInfoDb Loading required package: SummarizedExperiment Loading required package: MatrixGenerics Loading required package: matrixStats Attaching package: 'MatrixGenerics' The following objects are masked from 'package:matrixStats': colAlls, colAnyNAs, colAnys, colAvgsPerRowSet, colCollapse, colCounts, colCummaxs, colCummins, colCumprods, colCumsums, colDiffs, colIQRDiffs, colIQRs, colLogSumExps, colMadDiffs, colMads, colMaxs, colMeans2, colMedians, colMins, colOrderStats, colProds, colQuantiles, colRanges, colRanks, colSdDiffs, colSds, colSums2, colTabulates, colVarDiffs, colVars, colWeightedMads, colWeightedMeans, colWeightedMedians, colWeightedSds, colWeightedVars, rowAlls, rowAnyNAs, rowAnys, rowAvgsPerColSet, rowCollapse, rowCounts, rowCummaxs, rowCummins, rowCumprods, rowCumsums, rowDiffs, rowIQRDiffs, rowIQRs, rowLogSumExps, rowMadDiffs, rowMads, rowMaxs, rowMeans2, rowMedians, rowMins, rowOrderStats, rowProds, rowQuantiles, rowRanges, rowRanks, rowSdDiffs, rowSds, rowSums2, rowTabulates, rowVarDiffs, rowVars, rowWeightedMads, rowWeightedMeans, rowWeightedMedians, rowWeightedSds, rowWeightedVars Loading required package: Biobase Welcome to Bioconductor Vignettes contain introductory material; view with 'browseVignettes()'. To cite Bioconductor, see 'citation("Biobase")', and for packages 'citation("pkgname")'. Attaching package: 'Biobase' The following object is masked from 'package:MatrixGenerics': rowMedians The following objects are masked from 'package:matrixStats': anyMissing, rowMedians The following object is masked from 'package:ExperimentHub': cache The following object is masked from 'package:AnnotationHub': cache Warning message: replacing previous import 'BiocParallel::bpstart' by 'QDNAseq::bpstart' when loading 'biscuiteer' > > test_check("biscuiteer") [ FAIL 0 | WARN 0 | SKIP 0 | PASS 1 ] > > proc.time() user system elapsed 23.956 1.488 26.106
biscuiteer.Rcheck/biscuiteer-Ex.timings
name | user | system | elapsed | |
RRBSeq | 7.540 | 0.462 | 8.037 | |
WGBSage | 6.802 | 0.164 | 6.874 | |
WGBSeq | 4.460 | 0.192 | 4.653 | |
atRegions | 2.111 | 0.075 | 2.142 | |
binCoverage | 4.403 | 0.148 | 4.506 | |
biscuitMetadata | 2.175 | 0.052 | 2.183 | |
biscuiteer-package | 3.695 | 0.089 | 3.735 | |
byChromArm | 2.628 | 0.052 | 2.631 | |
byExtremality | 6.105 | 0.112 | 6.129 | |
checkBiscuitBED | 0.158 | 0.003 | 0.162 | |
condenseSampleNames | 0.077 | 0.000 | 0.077 | |
extremality | 0.000 | 0.000 | 0.001 | |
fexpit | 0.001 | 0.003 | 0.003 | |
filterLoci | 8.453 | 0.215 | 8.580 | |
fixAge | 0.041 | 0.000 | 0.042 | |
fixNAs | 0.002 | 0.000 | 0.002 | |
flogit | 0.002 | 0.000 | 0.002 | |
getClock | 0.04 | 0.00 | 0.04 | |
getLogitFracMeth | 3.440 | 0.052 | 3.449 | |
grToSeg | 0.049 | 0.004 | 0.052 | |
makeBSseq | 4.340 | 0.467 | 4.745 | |
readBiscuit | 2.148 | 0.120 | 2.230 | |
readEpibed | 0.158 | 0.024 | 0.182 | |
segToGr | 0.073 | 0.008 | 0.081 | |
simplifySampleNames | 2.694 | 0.152 | 2.797 | |
summarizeBsSeqOver | 2.673 | 0.120 | 2.748 | |
unionize | 7.463 | 0.416 | 7.781 | |