Back to Multiple platform build/check report for BioC 3.15
ABCDEFGHIJKLMNOPQRSTU[V]WXYZ

This page was generated on 2022-08-12 13:23:53 -0400 (Fri, 12 Aug 2022).

HostnameOSArch (*)R versionInstalled pkgs
nebbiolo1Linux (Ubuntu 20.04.4 LTS)x86_644.2.1 (2022-06-23) -- "Funny-Looking Kid" 4364
palomino3Windows Server 2022 Datacenterx644.2.1 (2022-06-23 ucrt) -- "Funny-Looking Kid" 4117
merida1macOS 10.14.6 Mojavex86_644.2.1 (2022-06-23) -- "Funny-Looking Kid" 4182
Click on any hostname to see more info about the system (e.g. compilers)      (*) as reported by 'uname -p', except on Windows and Mac OS X

CHECK results for VariantTools on merida1


To the developers/maintainers of the VariantTools package:
- Please allow up to 24 hours (and sometimes 48 hours) for your latest push to git@git.bioconductor.org:packages/VariantTools.git to
reflect on this report. See How and When does the builder pull? When will my changes propagate? for more information.
- Make sure to use the following settings in order to reproduce any error or warning you see on this page.

raw results

Package 2097/2140HostnameOS / ArchINSTALLBUILDCHECKBUILD BIN
VariantTools 1.38.0  (landing page)
Michael Lawrence
Snapshot Date: 2022-08-11 13:55:06 -0400 (Thu, 11 Aug 2022)
git_url: https://git.bioconductor.org/packages/VariantTools
git_branch: RELEASE_3_15
git_last_commit: 517f59a
git_last_commit_date: 2022-04-26 11:12:34 -0400 (Tue, 26 Apr 2022)
nebbiolo1Linux (Ubuntu 20.04.4 LTS) / x86_64  OK    OK    WARNINGS  UNNEEDED, same version is already published
palomino3Windows Server 2022 Datacenter / x64  OK    OK    WARNINGS    OK  UNNEEDED, same version is already published
merida1macOS 10.14.6 Mojave / x86_64  OK    OK    WARNINGS    OK  UNNEEDED, same version is already published

Summary

Package: VariantTools
Version: 1.38.0
Command: /Library/Frameworks/R.framework/Resources/bin/R CMD check --install=check:VariantTools.install-out.txt --library=/Library/Frameworks/R.framework/Resources/library --no-vignettes --timings VariantTools_1.38.0.tar.gz
StartedAt: 2022-08-12 09:37:24 -0400 (Fri, 12 Aug 2022)
EndedAt: 2022-08-12 09:48:16 -0400 (Fri, 12 Aug 2022)
EllapsedTime: 651.7 seconds
RetCode: 0
Status:   WARNINGS  
CheckDir: VariantTools.Rcheck
Warnings: 2

Command output

##############################################################################
##############################################################################
###
### Running command:
###
###   /Library/Frameworks/R.framework/Resources/bin/R CMD check --install=check:VariantTools.install-out.txt --library=/Library/Frameworks/R.framework/Resources/library --no-vignettes --timings VariantTools_1.38.0.tar.gz
###
##############################################################################
##############################################################################


* using log directory ‘/Users/biocbuild/bbs-3.15-bioc/meat/VariantTools.Rcheck’
* using R version 4.2.1 (2022-06-23)
* using platform: x86_64-apple-darwin17.0 (64-bit)
* using session charset: UTF-8
* using option ‘--no-vignettes’
* checking for file ‘VariantTools/DESCRIPTION’ ... OK
* checking extension type ... Package
* this is package ‘VariantTools’ version ‘1.38.0’
* checking package namespace information ... OK
* checking package dependencies ... OK
* checking if this is a source package ... OK
* checking if there is a namespace ... OK
* checking for hidden files and directories ... NOTE
Found the following hidden files and directories:
  .BBSoptions
These were most likely included in error. See section ‘Package
structure’ in the ‘Writing R Extensions’ manual.
* checking for portable file names ... OK
* checking for sufficient/correct file permissions ... OK
* checking whether package ‘VariantTools’ can be installed ... OK
* checking installed package size ... NOTE
  installed size is  6.5Mb
  sub-directories of 1Mb or more:
    doc   5.4Mb
* checking package directory ... OK
* checking ‘build’ directory ... OK
* checking DESCRIPTION meta-information ... OK
* checking top-level files ... OK
* checking for left-over files ... OK
* checking index information ... OK
* checking package subdirectories ... OK
* checking R files for non-ASCII characters ... OK
* checking R files for syntax errors ... OK
* checking whether the package can be loaded ... OK
* checking whether the package can be loaded with stated dependencies ... OK
* checking whether the package can be unloaded cleanly ... OK
* checking whether the namespace can be loaded with stated dependencies ... OK
* checking whether the namespace can be unloaded cleanly ... OK
* checking dependencies in R code ... NOTE
Unexported objects imported by ':::' calls:
  ‘BiocGenerics:::testPackage’ ‘IRanges:::unlist_as_integer’
  See the note in ?`:::` about the use of this operator.
* checking S3 generic/method consistency ... OK
* checking replacement functions ... OK
* checking foreign function calls ... OK
* checking R code for possible problems ... NOTE
LowerFrequencyInOtherFilter : <anonymous>: no visible binding for
  global variable ‘control.alt.depth’
LowerFrequencyInOtherFilter : <anonymous>: no visible binding for
  global variable ‘control.total.depth’
ReadPositionTTestFilter : <anonymous>: no visible binding for global
  variable ‘read.pos.mean’
ReadPositionTTestFilter : <anonymous>: no visible binding for global
  variable ‘read.pos.mean.ref’
ReadPositionTTestFilter : <anonymous>: no visible binding for global
  variable ‘read.pos.var’
ReadPositionTTestFilter : <anonymous>: no visible binding for global
  variable ‘read.pos.var.ref’
ReadPositionTTestFilter : <anonymous>: no visible global function
  definition for ‘rawDepth’
StrandFETFilter : <anonymous>: no visible binding for global variable
  ‘count.plus.ref’
StrandFETFilter : <anonymous>: no visible binding for global variable
  ‘count.minus.ref’
StrandFETFilter : <anonymous>: no visible binding for global variable
  ‘count.plus’
StrandFETFilter : <anonymous>: no visible binding for global variable
  ‘count.minus’
calculateConcordanceMatrix: no visible binding for global variable ‘x’
caseControlFET: no visible binding for global variable
  ‘control.alt.depth’
caseControlFET: no visible binding for global variable
  ‘control.total.depth’
variantGR2Vcf: no visible global function definition for
  ‘variantGRangesIsDeprecated’
variantGR2Vcf: no visible global function definition for
  ‘makeVRangesFromVariantGRanges’
callVariants,GenomicRanges: no visible global function definition for
  ‘variantGRangesIsDeprecated’
callVariants,GenomicRanges: no visible global function definition for
  ‘variantGRangesToVRanges’
Undefined global functions or variables:
  control.alt.depth control.total.depth count.minus count.minus.ref
  count.plus count.plus.ref makeVRangesFromVariantGRanges rawDepth
  read.pos.mean read.pos.mean.ref read.pos.var read.pos.var.ref
  variantGRangesIsDeprecated variantGRangesToVRanges x
* checking Rd files ... WARNING
./man/tallyVariants.Rd: non-ASCII input and no declared encoding
problem found in ‘tallyVariants.Rd’
* checking Rd metadata ... OK
* checking Rd cross-references ... OK
* checking for missing documentation entries ... OK
* checking for code/documentation mismatches ... OK
* checking Rd \usage sections ... OK
* checking Rd contents ... OK
* checking for unstated dependencies in examples ... OK
* checking contents of ‘data’ directory ... OK
* checking data for non-ASCII characters ... OK
* checking data for ASCII and uncompressed saves ... OK
* checking sizes of PDF files under ‘inst/doc’ ... OK
* checking installed files from ‘inst/doc’ ... NOTE
The following directories should probably not be installed:
  ‘fig’

Consider the use of a .Rinstignore file: see ‘Writing R Extensions’,
or move the vignette sources from ‘inst/doc’ to ‘vignettes’.
* checking files in ‘vignettes’ ... OK
* checking examples ... WARNING
Found the following significant warnings:

  Warning: 'applyPileups' is deprecated.
Deprecated functions may be defunct as soon as of the next release of
R.
See ?Deprecated.
Examples with CPU (user + system) or elapsed time > 5s
                              user system elapsed
callGenotypes              151.144  9.350  97.785
callSampleSpecificVariants  12.753  4.456   6.663
callVariants                 6.216  2.151   3.031
tallyVariants                5.838  2.136   2.620
* checking for unstated dependencies in ‘tests’ ... OK
* checking tests ...
  Running ‘VariantTools_unit_tests.R’
 OK
* checking for unstated dependencies in vignettes ... OK
* checking package vignettes in ‘inst/doc’ ... OK
* checking running R code from vignettes ... SKIPPED
* checking re-building of vignette outputs ... SKIPPED
* checking PDF version of manual ... OK
* DONE

Status: 2 WARNINGs, 5 NOTEs
See
  ‘/Users/biocbuild/bbs-3.15-bioc/meat/VariantTools.Rcheck/00check.log’
for details.



Installation output

VariantTools.Rcheck/00install.out

##############################################################################
##############################################################################
###
### Running command:
###
###   /Library/Frameworks/R.framework/Resources/bin/R CMD INSTALL VariantTools
###
##############################################################################
##############################################################################


* installing to library ‘/Library/Frameworks/R.framework/Versions/4.2/Resources/library’
* installing *source* package ‘VariantTools’ ...
** using staged installation
** R
** data
** inst
** byte-compile and prepare package for lazy loading
** help
*** installing help indices
** building package indices
** installing vignettes
** testing if installed package can be loaded from temporary location
** testing if installed package can be loaded from final location
** testing if installed package keeps a record of temporary installation path
* DONE (VariantTools)

Tests output

VariantTools.Rcheck/tests/VariantTools_unit_tests.Rout


R version 4.2.1 (2022-06-23) -- "Funny-Looking Kid"
Copyright (C) 2022 The R Foundation for Statistical Computing
Platform: x86_64-apple-darwin17.0 (64-bit)

R is free software and comes with ABSOLUTELY NO WARRANTY.
You are welcome to redistribute it under certain conditions.
Type 'license()' or 'licence()' for distribution details.

R is a collaborative project with many contributors.
Type 'contributors()' for more information and
'citation()' on how to cite R or R packages in publications.

Type 'demo()' for some demos, 'help()' for on-line help, or
'help.start()' for an HTML browser interface to help.
Type 'q()' to quit R.

> ##require("VariantTools") || stop("unable to load VariantTools package")
> ##VariantTools:::.test()
> 
> proc.time()
   user  system elapsed 
  0.329   0.076   0.380 

Example timings

VariantTools.Rcheck/VariantTools-Ex.timings

nameusersystemelapsed
FilterConstructors1.9190.1882.114
annnotateWithControlDepth0.6560.0080.665
callGenotypes151.144 9.350 97.785
callSampleSpecificVariants12.753 4.456 6.663
callVariants6.2162.1513.031
callWildtype0.6270.0650.693
pileupVariants0.3600.0570.423
postFilterVariants0.6140.0600.674
qaVariants0.3460.0340.381
tallyVariants5.8382.1362.620
variantGR2Vcf000
vignette0.0180.0060.024