Back to Multiple platform build/check report for BioC 3.15
ABCDEFGHIJKLMNOPQ[R]STUVWXYZ

This page was generated on 2022-06-24 12:08:04 -0400 (Fri, 24 Jun 2022).

HostnameOSArch (*)R versionInstalled pkgs
nebbiolo1Linux (Ubuntu 20.04.4 LTS)x86_644.2.0 (2022-04-22) -- "Vigorous Calisthenics" 4380
palomino3Windows Server 2022 Datacenterx644.2.0 (2022-04-22 ucrt) -- "Vigorous Calisthenics" 4156
merida1macOS 10.14.6 Mojavex86_644.2.0 (2022-04-22) -- "Vigorous Calisthenics" 4221
Click on any hostname to see more info about the system (e.g. compilers)      (*) as reported by 'uname -p', except on Windows and Mac OS X

CHECK results for RiboProfiling on merida1


To the developers/maintainers of the RiboProfiling package:
- Please allow up to 24 hours (and sometimes 48 hours) for your latest push to git@git.bioconductor.org:packages/RiboProfiling.git to
reflect on this report. See How and When does the builder pull? When will my changes propagate? for more information.
- Make sure to use the following settings in order to reproduce any error or warning you see on this page.

raw results

Package 1650/2140HostnameOS / ArchINSTALLBUILDCHECKBUILD BIN
RiboProfiling 1.26.0  (landing page)
A. Popa
Snapshot Date: 2022-06-23 13:55:15 -0400 (Thu, 23 Jun 2022)
git_url: https://git.bioconductor.org/packages/RiboProfiling
git_branch: RELEASE_3_15
git_last_commit: 9f71470
git_last_commit_date: 2022-04-26 11:27:55 -0400 (Tue, 26 Apr 2022)
nebbiolo1Linux (Ubuntu 20.04.4 LTS) / x86_64  OK    OK    WARNINGS  UNNEEDED, same version is already published
palomino3Windows Server 2022 Datacenter / x64  OK    OK    WARNINGS    OK  UNNEEDED, same version is already published
merida1macOS 10.14.6 Mojave / x86_64  OK    OK    WARNINGS    NA  

Summary

Package: RiboProfiling
Version: 1.26.0
Command: /Library/Frameworks/R.framework/Resources/bin/R CMD check --install=check:RiboProfiling.install-out.txt --library=/Library/Frameworks/R.framework/Resources/library --no-vignettes --timings RiboProfiling_1.26.0.tar.gz
StartedAt: 2022-06-24 07:39:25 -0400 (Fri, 24 Jun 2022)
EndedAt: 2022-06-24 07:57:30 -0400 (Fri, 24 Jun 2022)
EllapsedTime: 1085.0 seconds
RetCode: 0
Status:   WARNINGS  
CheckDir: RiboProfiling.Rcheck
Warnings: 1

Command output

##############################################################################
##############################################################################
###
### Running command:
###
###   /Library/Frameworks/R.framework/Resources/bin/R CMD check --install=check:RiboProfiling.install-out.txt --library=/Library/Frameworks/R.framework/Resources/library --no-vignettes --timings RiboProfiling_1.26.0.tar.gz
###
##############################################################################
##############################################################################


* using log directory ‘/Users/biocbuild/bbs-3.15-bioc/meat/RiboProfiling.Rcheck’
* using R version 4.2.0 (2022-04-22)
* using platform: x86_64-apple-darwin17.0 (64-bit)
* using session charset: UTF-8
* using option ‘--no-vignettes’
* checking for file ‘RiboProfiling/DESCRIPTION’ ... OK
* checking extension type ... Package
* this is package ‘RiboProfiling’ version ‘1.26.0’
* checking package namespace information ... OK
* checking package dependencies ... OK
* checking if this is a source package ... OK
* checking if there is a namespace ... OK
* checking for hidden files and directories ... OK
* checking for portable file names ... OK
* checking for sufficient/correct file permissions ... OK
* checking whether package ‘RiboProfiling’ can be installed ... WARNING
Found the following significant warnings:
  Warning: replacing previous import ‘BiocGenerics::Position’ by ‘ggplot2::Position’ when loading ‘RiboProfiling’
See ‘/Users/biocbuild/bbs-3.15-bioc/meat/RiboProfiling.Rcheck/00install.out’ for details.
* checking installed package size ... OK
* checking package directory ... OK
* checking ‘build’ directory ... OK
* checking DESCRIPTION meta-information ... OK
* checking top-level files ... OK
* checking for left-over files ... OK
* checking index information ... OK
* checking package subdirectories ... OK
* checking R files for non-ASCII characters ... OK
* checking R files for syntax errors ... OK
* checking whether the package can be loaded ... OK
* checking whether the package can be loaded with stated dependencies ... OK
* checking whether the package can be unloaded cleanly ... OK
* checking whether the namespace can be loaded with stated dependencies ... OK
* checking whether the namespace can be unloaded cleanly ... OK
* checking dependencies in R code ... OK
* checking S3 generic/method consistency ... OK
* checking replacement functions ... OK
* checking foreign function calls ... OK
* checking R code for possible problems ... NOTE
applyShiftFeature: no visible global function definition for 'is'
aroundPromoter: no visible global function definition for 'is'
codonInfo: no visible global function definition for 'is'
countShiftReads: no visible global function definition for 'is'
histMatchLength: no visible global function definition for 'is'
orfRelativePos: no visible global function definition for 'is'
plotSummarizedCov: no visible global function definition for 'is'
readStartCov: no visible global function definition for 'is'
readsToStartOrEnd: no visible global function definition for 'is'
riboSeqFromBAM: no visible global function definition for 'is'
Undefined global functions or variables:
  is
Consider adding
  importFrom("methods", "is")
to your NAMESPACE file (and ensure that your DESCRIPTION Imports field
contains 'methods').
* checking Rd files ... OK
* checking Rd metadata ... OK
* checking Rd cross-references ... OK
* checking for missing documentation entries ... OK
* checking for code/documentation mismatches ... OK
* checking Rd \usage sections ... OK
* checking Rd contents ... OK
* checking for unstated dependencies in examples ... OK
* checking contents of ‘data’ directory ... OK
* checking data for non-ASCII characters ... OK
* checking data for ASCII and uncompressed saves ... OK
* checking sizes of PDF files under ‘inst/doc’ ... OK
* checking files in ‘vignettes’ ... OK
* checking examples ... OK
Examples with CPU (user + system) or elapsed time > 5s
                    user system elapsed
riboSeqFromBAM    95.328 10.946 105.933
countsPlot        89.373  8.141  97.569
orfRelativePos    52.687  2.485  55.198
countShiftReads   41.303  6.032  49.717
codonInfo         34.595  0.731  37.658
plotSummarizedCov 11.169  2.403  13.413
aroundPromoter    10.236  0.486  10.792
readStartCov       6.355  1.020   7.350
* checking for unstated dependencies in ‘tests’ ... OK
* checking tests ...
  Running ‘testthat.R’
 OK
* checking for unstated dependencies in vignettes ... OK
* checking package vignettes in ‘inst/doc’ ... OK
* checking running R code from vignettes ... SKIPPED
* checking re-building of vignette outputs ... SKIPPED
* checking PDF version of manual ... OK
* DONE

Status: 1 WARNING, 1 NOTE
See
  ‘/Users/biocbuild/bbs-3.15-bioc/meat/RiboProfiling.Rcheck/00check.log’
for details.



Installation output

RiboProfiling.Rcheck/00install.out

##############################################################################
##############################################################################
###
### Running command:
###
###   /Library/Frameworks/R.framework/Resources/bin/R CMD INSTALL RiboProfiling
###
##############################################################################
##############################################################################


* installing to library ‘/Library/Frameworks/R.framework/Versions/4.2/Resources/library’
* installing *source* package ‘RiboProfiling’ ...
** using staged installation
** R
** data
** inst
** byte-compile and prepare package for lazy loading
Warning: replacing previous import ‘BiocGenerics::Position’ by ‘ggplot2::Position’ when loading ‘RiboProfiling’
** help
*** installing help indices
** building package indices
** installing vignettes
** testing if installed package can be loaded from temporary location
Warning: replacing previous import ‘BiocGenerics::Position’ by ‘ggplot2::Position’ when loading ‘RiboProfiling’
** testing if installed package can be loaded from final location
Warning: replacing previous import ‘BiocGenerics::Position’ by ‘ggplot2::Position’ when loading ‘RiboProfiling’
** testing if installed package keeps a record of temporary installation path
* DONE (RiboProfiling)

Tests output

RiboProfiling.Rcheck/tests/testthat.Rout


R version 4.2.0 (2022-04-22) -- "Vigorous Calisthenics"
Copyright (C) 2022 The R Foundation for Statistical Computing
Platform: x86_64-apple-darwin17.0 (64-bit)

R is free software and comes with ABSOLUTELY NO WARRANTY.
You are welcome to redistribute it under certain conditions.
Type 'license()' or 'licence()' for distribution details.

R is a collaborative project with many contributors.
Type 'contributors()' for more information and
'citation()' on how to cite R or R packages in publications.

Type 'demo()' for some demos, 'help()' for on-line help, or
'help.start()' for an HTML browser interface to help.
Type 'q()' to quit R.

> library(testthat)
> library(RiboProfiling)
Loading required package: Biostrings
Loading required package: BiocGenerics

Attaching package: 'BiocGenerics'

The following objects are masked from 'package:stats':

    IQR, mad, sd, var, xtabs

The following objects are masked from 'package:base':

    Filter, Find, Map, Position, Reduce, anyDuplicated, append,
    as.data.frame, basename, cbind, colnames, dirname, do.call,
    duplicated, eval, evalq, get, grep, grepl, intersect, is.unsorted,
    lapply, mapply, match, mget, order, paste, pmax, pmax.int, pmin,
    pmin.int, rank, rbind, rownames, sapply, setdiff, sort, table,
    tapply, union, unique, unsplit, which.max, which.min

Loading required package: S4Vectors
Loading required package: stats4

Attaching package: 'S4Vectors'

The following objects are masked from 'package:base':

    I, expand.grid, unname

Loading required package: IRanges
Loading required package: XVector
Loading required package: GenomeInfoDb

Attaching package: 'Biostrings'

The following object is masked from 'package:base':

    strsplit

Warning message:
replacing previous import 'BiocGenerics::Position' by 'ggplot2::Position' when loading 'RiboProfiling' 
> 
> test_check("RiboProfiling")
[ FAIL 0 | WARN 1 | SKIP 0 | PASS 11 ]

[ FAIL 0 | WARN 1 | SKIP 0 | PASS 11 ]
> 
> proc.time()
   user  system elapsed 
144.845   3.891 149.032 

Example timings

RiboProfiling.Rcheck/RiboProfiling-Ex.timings

nameusersystemelapsed
aroundPromoter10.236 0.48610.792
codonInfo34.595 0.73137.658
codonPCA2.5180.2483.466
countShiftReads41.303 6.03249.717
countsPlot89.373 8.14197.569
histMatchLength0.4660.0490.514
orfRelativePos52.687 2.48555.198
plotSummarizedCov11.169 2.40313.413
printPCA2.6100.2572.845
readStartCov6.3551.0207.350
readsToStartOrEnd0.1480.0190.166
riboSeqFromBAM 95.328 10.946105.933