Back to Multiple platform build/check report for BioC 3.15
ABCDE[F]GHIJKLMNOPQRSTUVWXYZ

This page was generated on 2022-06-24 12:06:01 -0400 (Fri, 24 Jun 2022).

HostnameOSArch (*)R versionInstalled pkgs
nebbiolo1Linux (Ubuntu 20.04.4 LTS)x86_644.2.0 (2022-04-22) -- "Vigorous Calisthenics" 4380
palomino3Windows Server 2022 Datacenterx644.2.0 (2022-04-22 ucrt) -- "Vigorous Calisthenics" 4156
merida1macOS 10.14.6 Mojavex86_644.2.0 (2022-04-22) -- "Vigorous Calisthenics" 4221
Click on any hostname to see more info about the system (e.g. compilers)      (*) as reported by 'uname -p', except on Windows and Mac OS X

CHECK results for FunChIP on palomino3


To the developers/maintainers of the FunChIP package:
- Please allow up to 24 hours (and sometimes 48 hours) for your latest push to git@git.bioconductor.org:packages/FunChIP.git to
reflect on this report. See How and When does the builder pull? When will my changes propagate? for more information.
- Make sure to use the following settings in order to reproduce any error or warning you see on this page.

raw results

Package 710/2140HostnameOS / ArchINSTALLBUILDCHECKBUILD BIN
FunChIP 1.22.0  (landing page)
Alice Parodi
Snapshot Date: 2022-06-23 13:55:15 -0400 (Thu, 23 Jun 2022)
git_url: https://git.bioconductor.org/packages/FunChIP
git_branch: RELEASE_3_15
git_last_commit: fa64a66
git_last_commit_date: 2022-04-26 11:32:41 -0400 (Tue, 26 Apr 2022)
nebbiolo1Linux (Ubuntu 20.04.4 LTS) / x86_64  OK    OK    WARNINGS  UNNEEDED, same version is already published
palomino3Windows Server 2022 Datacenter / x64  OK    OK    WARNINGS    OK  UNNEEDED, same version is already published
merida1macOS 10.14.6 Mojave / x86_64  OK    OK    OK    OK  UNNEEDED, same version is already published

Summary

Package: FunChIP
Version: 1.22.0
Command: F:\biocbuild\bbs-3.15-bioc\R\bin\R.exe CMD check --no-multiarch --install=check:FunChIP.install-out.txt --library=F:\biocbuild\bbs-3.15-bioc\R\library --no-vignettes --timings FunChIP_1.22.0.tar.gz
StartedAt: 2022-06-24 01:07:40 -0400 (Fri, 24 Jun 2022)
EndedAt: 2022-06-24 01:11:44 -0400 (Fri, 24 Jun 2022)
EllapsedTime: 243.5 seconds
RetCode: 0
Status:   WARNINGS  
CheckDir: FunChIP.Rcheck
Warnings: 1

Command output

##############################################################################
##############################################################################
###
### Running command:
###
###   F:\biocbuild\bbs-3.15-bioc\R\bin\R.exe CMD check --no-multiarch --install=check:FunChIP.install-out.txt --library=F:\biocbuild\bbs-3.15-bioc\R\library --no-vignettes --timings FunChIP_1.22.0.tar.gz
###
##############################################################################
##############################################################################


* using log directory 'F:/biocbuild/bbs-3.15-bioc/meat/FunChIP.Rcheck'
* using R version 4.2.0 (2022-04-22 ucrt)
* using platform: x86_64-w64-mingw32 (64-bit)
* using session charset: UTF-8
* using option '--no-vignettes'
* checking for file 'FunChIP/DESCRIPTION' ... OK
* checking extension type ... Package
* this is package 'FunChIP' version '1.22.0'
* checking package namespace information ... OK
* checking package dependencies ... OK
* checking if this is a source package ... OK
* checking if there is a namespace ... OK
* checking for hidden files and directories ... OK
* checking for portable file names ... OK
* checking whether package 'FunChIP' can be installed ... WARNING
Found the following significant warnings:
  kmean_function.cpp:677:52: warning: suggest parentheses around comparison in operand of '&' [-Wparentheses]
See 'F:/biocbuild/bbs-3.15-bioc/meat/FunChIP.Rcheck/00install.out' for details.
* checking installed package size ... NOTE
  installed size is 23.3Mb
  sub-directories of 1Mb or more:
    extdata  21.5Mb
    libs      1.0Mb
* checking package directory ... OK
* checking 'build' directory ... OK
* checking DESCRIPTION meta-information ... OK
* checking top-level files ... OK
* checking for left-over files ... OK
* checking index information ... OK
* checking package subdirectories ... OK
* checking R files for non-ASCII characters ... OK
* checking R files for syntax errors ... OK
* checking whether the package can be loaded ... OK
* checking whether the package can be loaded with stated dependencies ... OK
* checking whether the package can be unloaded cleanly ... OK
* checking whether the namespace can be loaded with stated dependencies ... OK
* checking whether the namespace can be unloaded cleanly ... OK
* checking dependencies in R code ... OK
* checking S3 generic/method consistency ... OK
* checking replacement functions ... OK
* checking foreign function calls ... OK
* checking R code for possible problems ... OK
* checking Rd files ... OK
* checking Rd metadata ... OK
* checking Rd cross-references ... OK
* checking for missing documentation entries ... OK
* checking for code/documentation mismatches ... OK
* checking Rd \usage sections ... OK
* checking Rd contents ... OK
* checking for unstated dependencies in examples ... OK
* checking contents of 'data' directory ... OK
* checking data for non-ASCII characters ... OK
* checking LazyData ... OK
* checking data for ASCII and uncompressed saves ... OK
* checking line endings in C/C++/Fortran sources/headers ... OK
* checking line endings in Makefiles ... OK
* checking compilation flags in Makevars ... OK
* checking for GNU extensions in Makefiles ... OK
* checking for portable use of $(BLAS_LIBS) and $(LAPACK_LIBS) ... OK
* checking use of PKG_*FLAGS in Makefiles ... OK
* checking compiled code ... NOTE
Note: information on .o files for x64 is not available
File 'F:/biocbuild/bbs-3.15-bioc/R/library/FunChIP/libs/x64/FunChIP.dll':
  Found 'abort', possibly from 'abort' (C), 'runtime' (Fortran)
  Found 'exit', possibly from 'exit' (C), 'stop' (Fortran)

Compiled code should not call entry points which might terminate R nor
write to stdout/stderr instead of to the console, nor use Fortran I/O
nor system RNGs. The detected symbols are linked into the code but
might come from libraries and not actually be called.

See 'Writing portable packages' in the 'Writing R Extensions' manual.
* checking sizes of PDF files under 'inst/doc' ... OK
* checking files in 'vignettes' ... OK
* checking examples ... OK
Examples with CPU (user + system) or elapsed time > 5s
                         user system elapsed
compute_fragments_length 3.11   0.11    7.39
pileup_peak-method       2.18   0.03   11.50
* checking for unstated dependencies in vignettes ... OK
* checking package vignettes in 'inst/doc' ... OK
* checking running R code from vignettes ... SKIPPED
* checking re-building of vignette outputs ... SKIPPED
* checking PDF version of manual ... OK
* DONE

Status: 1 WARNING, 2 NOTEs
See
  'F:/biocbuild/bbs-3.15-bioc/meat/FunChIP.Rcheck/00check.log'
for details.



Installation output

FunChIP.Rcheck/00install.out

##############################################################################
##############################################################################
###
### Running command:
###
###   F:\biocbuild\bbs-3.15-bioc\R\bin\R.exe CMD INSTALL FunChIP
###
##############################################################################
##############################################################################


* installing to library 'F:/biocbuild/bbs-3.15-bioc/R/library'
* installing *source* package 'FunChIP' ...
** using staged installation
** libs
g++  -std=gnu++11 -I"F:/biocbuild/bbs-3.15-bioc/R/include" -DNDEBUG -I../inst/include -I. -DNDEBUG -I'F:/biocbuild/bbs-3.15-bioc/R/library/Rcpp/include'   -I"C:/rtools42/x86_64-w64-mingw32.static.posix/include"     -O2 -Wall  -mfpmath=sse -msse2 -mstackrealign  -c kmean_function.cpp -o kmean_function.o
kmean_function.cpp: In function 'SEXPREC* kmean_function(SEXP, SEXP, SEXP, SEXP, SEXP, SEXP, SEXP, SEXP, SEXP, SEXP, SEXP, SEXP)':
kmean_function.cpp:74:31: warning: comparison of integer expressions of different signedness: 'unsigned int' and 'int' [-Wsign-compare]
   74 |     for (unsigned int i =0 ; i<num_data; i++){
      |                              ~^~~~~~~~~
kmean_function.cpp:80:34: warning: comparison of integer expressions of different signedness: 'unsigned int' and 'int' [-Wsign-compare]
   80 |       for (unsigned int t =0 ; t < num_points; t++)
      |                                ~~^~~~~~~~~~~~
kmean_function.cpp: In function 'SEXPREC* distance_matrix(SEXP, SEXP, SEXP, SEXP, SEXP)':
kmean_function.cpp:210:35: warning: comparison of integer expressions of different signedness: 'unsigned int' and 'int' [-Wsign-compare]
  210 |         for (unsigned int i =0 ; i<num_data; i++){
      |                                  ~^~~~~~~~~
kmean_function.cpp:216:40: warning: comparison of integer expressions of different signedness: 'unsigned int' and 'int' [-Wsign-compare]
  216 |             for (unsigned int t =0 ; t < num_points; t++)
      |                                      ~~^~~~~~~~~~~~
kmean_function.cpp: In function 'void kma_discrete(std::vector<peak>&, const int&, std::vector<int>&, const double&, const double&, const int&, const char&, const double&, const double&, std::vector<int>&, std::vector<double>&, std::vector<int>&, const double&, const double&, int, char, char)':
kmean_function.cpp:638:51: warning: comparison of integer expressions of different signedness: 'int' and 'std::vector<peak>::size_type' {aka 'long long unsigned int'} [-Wsign-compare]
  638 |   while( iter < iter_max and number_distances_low < dati.size()  and cluster_vuoti==0){  //and number_clusters_different > 0
      |                              ~~~~~~~~~~~~~~~~~~~~~^~~~~~~~~~~~~
kmean_function.cpp:677:52: warning: suggest parentheses around comparison in operand of '&' [-Wparentheses]
  677 |       if ( (unsigned int)number_clusters_different == dati.size() & iter != 1)
      |            ~~~~~~~~~~~~~~~~~~~~~~~~~~~~~~~~~~~~~~~~^~~~~~~~~~~~~~
kmean_function.cpp:681:31: warning: comparison of integer expressions of different signedness: 'int' and 'std::vector<peak>::size_type' {aka 'long long unsigned int'} [-Wsign-compare]
  681 |       if (number_distances_low== dati.size())
      |           ~~~~~~~~~~~~~~~~~~~~^~~~~~~~~~~~~~
kmean_function.cpp: In function 'void normalize_data(std::vector<int>&, std::vector<int>&, const int&)':
kmean_function.cpp:759:27: warning: comparison of integer expressions of different signedness: 'unsigned int' and 'const int' [-Wsign-compare]
  759 |   for (unsigned int i=0; i<n_clust; i++)
      |                          ~^~~~~~~~
In file included from kmean_function.cpp:1:
peak.h: In member function 'std::vector<double> peak::area(int, char) const':
peak.h:154:46: warning: 'D' may be used uninitialized in this function [-Wmaybe-uninitialized]
  154 |                 area_def[0] = sqrt(area[0]/2)/D;
      |                               ~~~~~~~~~~~~~~~^~
g++ -shared -s -static-libgcc -o FunChIP.dll tmp.def kmean_function.o -LC:/rtools42/x86_64-w64-mingw32.static.posix/lib/x64 -LC:/rtools42/x86_64-w64-mingw32.static.posix/lib -LF:/biocbuild/bbs-3.15-bioc/R/bin/x64 -lR
installing to F:/biocbuild/bbs-3.15-bioc/R/library/00LOCK-FunChIP/00new/FunChIP/libs/x64
** R
** data
*** moving datasets to lazyload DB
** inst
** byte-compile and prepare package for lazy loading
** help
*** installing help indices
** building package indices
** installing vignettes
** testing if installed package can be loaded from temporary location
** testing if installed package can be loaded from final location
** testing if installed package keeps a record of temporary installation path
* DONE (FunChIP)

Tests output


Example timings

FunChIP.Rcheck/FunChIP-Ex.timings

nameusersystemelapsed
GR1000.040.000.05
bending_index0.020.010.03
choose_k-method0.070.000.06
cluster_peak-method2.730.002.75
compute_fragments_length3.110.117.39
distance_peak0.020.020.03
peaks000
pileup_peak-method 2.18 0.0311.50
plot_peak-method0.080.030.11
silhouette_plot1.460.101.56
smooth_peak-method4.150.334.48
summit_peak-method0.020.000.02