Back to Multiple platform build/check report for BioC 3.14
AB[C]DEFGHIJKLMNOPQRSTUVWXYZ

This page was generated on 2021-10-26 14:06:55 -0400 (Tue, 26 Oct 2021).

CHECK results for CAGEr on riesling1

To the developers/maintainers of the CAGEr package:
- Please allow up to 24 hours (and sometimes 48 hours) for your latest push to git@git.bioconductor.org:packages/CAGEr.git to
reflect on this report. See How and When does the builder pull? When will my changes propagate? here for more information.
- Make sure to use the following settings in order to reproduce any error or warning you see on this page.

raw results

Package 237/2083HostnameOS / ArchINSTALLBUILDCHECKBUILD BIN
CAGEr 1.99.0  (landing page)
Charles Plessy
Snapshot Date: 2021-10-25 14:50:11 -0400 (Mon, 25 Oct 2021)
git_url: https://git.bioconductor.org/packages/CAGEr
git_branch: master
git_last_commit: d4049ac
git_last_commit_date: 2021-07-04 20:39:25 -0400 (Sun, 04 Jul 2021)
nebbiolo2Linux (Ubuntu 20.04.2 LTS) / x86_64  OK    OK    WARNINGS  UNNEEDED, same version is already published
riesling1Windows Server 2019 Standard / x64  OK    OK    WARNINGS    OK  UNNEEDED, same version is already published
merida1macOS 10.14.6 Mojave / x86_64  OK    OK    WARNINGS    OK  UNNEEDED, same version is already published
machv2macOS 10.14.6 Mojave / x86_64  OK    OK    WARNINGS    OK  

Summary

Package: CAGEr
Version: 1.99.0
Command: D:\biocbuild\bbs-3.14-bioc\R\bin\R.exe CMD check --force-multiarch --install=check:CAGEr.install-out.txt --library=D:\biocbuild\bbs-3.14-bioc\R\library --no-vignettes --timings CAGEr_1.99.0.tar.gz
StartedAt: 2021-10-26 00:40:21 -0400 (Tue, 26 Oct 2021)
EndedAt: 2021-10-26 00:47:33 -0400 (Tue, 26 Oct 2021)
EllapsedTime: 431.8 seconds
RetCode: 0
Status:   WARNINGS  
CheckDir: CAGEr.Rcheck
Warnings: 1

Command output

##############################################################################
##############################################################################
###
### Running command:
###
###   D:\biocbuild\bbs-3.14-bioc\R\bin\R.exe CMD check --force-multiarch --install=check:CAGEr.install-out.txt --library=D:\biocbuild\bbs-3.14-bioc\R\library --no-vignettes --timings CAGEr_1.99.0.tar.gz
###
##############################################################################
##############################################################################


* using log directory 'D:/biocbuild/bbs-3.14-bioc/meat/CAGEr.Rcheck'
* using R version 4.1.1 (2021-08-10)
* using platform: x86_64-w64-mingw32 (64-bit)
* using session charset: ISO8859-1
* using option '--no-vignettes'
* checking for file 'CAGEr/DESCRIPTION' ... OK
* this is package 'CAGEr' version '1.99.0'
* package encoding: UTF-8
* checking package namespace information ... OK
* checking package dependencies ... OK
* checking if this is a source package ... OK
* checking if there is a namespace ... OK
* checking for hidden files and directories ... OK
* checking for portable file names ... OK
* checking whether package 'CAGEr' can be installed ... OK
* checking installed package size ... OK
* checking package directory ... OK
* checking 'build' directory ... OK
* checking DESCRIPTION meta-information ... OK
* checking top-level files ... OK
* checking for left-over files ... OK
* checking index information ... OK
* checking package subdirectories ... OK
* checking R files for non-ASCII characters ... OK
* checking R files for syntax errors ... OK
* loading checks for arch 'i386'
** checking whether the package can be loaded ... OK
** checking whether the package can be loaded with stated dependencies ... OK
** checking whether the package can be unloaded cleanly ... OK
** checking whether the namespace can be loaded with stated dependencies ... OK
** checking whether the namespace can be unloaded cleanly ... OK
* loading checks for arch 'x64'
** checking whether the package can be loaded ... OK
** checking whether the package can be loaded with stated dependencies ... OK
** checking whether the package can be unloaded cleanly ... OK
** checking whether the namespace can be loaded with stated dependencies ... OK
** checking whether the namespace can be unloaded cleanly ... OK
* checking dependencies in R code ... OK
* checking S3 generic/method consistency ... OK
* checking replacement functions ... OK
* checking foreign function calls ... OK
* checking R code for possible problems ... OK
* checking Rd files ... OK
* checking Rd metadata ... OK
* checking Rd cross-references ... OK
* checking for missing documentation entries ... WARNING
Undocumented code objects:
  'FANTOM5humanSamples' 'FANTOM5mouseSamples'
Undocumented data sets:
  'FANTOM5humanSamples' 'FANTOM5mouseSamples'
All user-level objects in a package should have documentation entries.
See chapter 'Writing R documentation files' in the 'Writing R
Extensions' manual.
* checking for code/documentation mismatches ... OK
* checking Rd \usage sections ... OK
* checking Rd contents ... OK
* checking for unstated dependencies in examples ... OK
* checking contents of 'data' directory ... OK
* checking data for non-ASCII characters ... OK
* checking LazyData ... OK
* checking data for ASCII and uncompressed saves ... OK
* checking files in 'vignettes' ... OK
* checking examples ...
** running examples for arch 'i386' ... OK
Examples with CPU (user + system) or elapsed time > 5s
                            user system elapsed
exportToTrack              21.25   0.06   21.38
cumulativeCTSSdistribution 17.21   3.04   20.27
quantilePositions          11.69   0.01   11.70
aggregateTagClusters        5.94   0.00    5.93
** running examples for arch 'x64' ... OK
Examples with CPU (user + system) or elapsed time > 5s
                            user system elapsed
exportToTrack              22.64   0.05   22.69
cumulativeCTSSdistribution 16.31   5.89   22.20
quantilePositions          12.39   0.02   12.41
aggregateTagClusters        6.11   0.00    6.10
* checking for unstated dependencies in vignettes ... OK
* checking package vignettes in 'inst/doc' ... OK
* checking running R code from vignettes ... SKIPPED
* checking re-building of vignette outputs ... SKIPPED
* checking PDF version of manual ... OK
* DONE

Status: 1 WARNING
See
  'D:/biocbuild/bbs-3.14-bioc/meat/CAGEr.Rcheck/00check.log'
for details.



Installation output

CAGEr.Rcheck/00install.out

##############################################################################
##############################################################################
###
### Running command:
###
###   C:\cygwin\bin\curl.exe -O http://155.52.207.166/BBS/3.14/bioc/src/contrib/CAGEr_1.99.0.tar.gz && rm -rf CAGEr.buildbin-libdir && mkdir CAGEr.buildbin-libdir && D:\biocbuild\bbs-3.14-bioc\R\bin\R.exe CMD INSTALL --merge-multiarch --build --library=CAGEr.buildbin-libdir CAGEr_1.99.0.tar.gz && D:\biocbuild\bbs-3.14-bioc\R\bin\R.exe CMD INSTALL CAGEr_1.99.0.zip && rm CAGEr_1.99.0.tar.gz CAGEr_1.99.0.zip
###
##############################################################################
##############################################################################


  % Total    % Received % Xferd  Average Speed   Time    Time     Time  Current
                                 Dload  Upload   Total   Spent    Left  Speed

  0     0    0     0    0     0      0      0 --:--:-- --:--:-- --:--:--     0
100  677k  100  677k    0     0  2021k      0 --:--:-- --:--:-- --:--:-- 2021k

install for i386

* installing *source* package 'CAGEr' ...
** using staged installation
** R
** data
*** moving datasets to lazyload DB
** inst
** byte-compile and prepare package for lazy loading
** help
*** installing help indices
  converting help for package 'CAGEr'
    finding HTML links ... done
    CAGEexp-class                           html  
    finding level-2 HTML links ... done

    CAGEr-class                             html  
    CAGEr-package                           html  
    CAGEr_Multicore                         html  
    CTSS-class                              html  
    CTSSclusteringMethod                    html  
    CTSScoordinates                         html  
    CTSScumulativesTagClusters              html  
    CTSSnormalizedTpm                       html  
    CTSStagCount                            html  
    CTSStoGenes                             html  
    ConsensusClusters-class                 html  
    CustomConsensusClusters                 html  
    GeneExpDESeq2                           html  
    GeneExpSE                               html  
    QuantileWidthFunctions                  html  
    TagClusters-class                       html  
    aggregateTagClusters                    html  
    annotateCTSS                            html  
    bam2CTSS                                html  
    byCtss                                  html  
    clusterAggregateAndSum                  html  
    clusterCTSS                             html  
    coerceInBSgenome                        html  
    consensusClusterConvertors              html  
    consensusClusters-set                   html  
    consensusClusters                       html  
    consensusClustersDESeq2                 html  
    consensusClustersQuantile               html  
    consensusClustersTpm                    html  
    coverage-functions                      html  
    cumulativeCTSSdistribution              html  
    distclu-functions                       html  
    exampleCAGEexp                          html  
    exampleZv9_annot                        html  
    exportToTrack                           html  
    expressionClasses                       html  
    genomeName                              html  
    getCTSS                                 html  
    getExpressionProfiles                   html  
    getShiftingPromoters                    html  
    hanabi-class                            html  
    hanabi                                  html  
REDIRECT:topic	 Previous alias or file overwritten by alias: D:/biocbuild/bbs-3.14-bioc/meat/CAGEr.buildbin-libdir/00LOCK-CAGEr/00new/CAGEr/help/hanabi+2Clist-method.html
    hanabiPlot                              html  
    import.CAGEscanMolecule                 html  
    import.CTSS                             html  
    import.bam                              html  
    import.bam.ctss                         html  
    import.bedCTSS                          html  
    import.bedScore                         html  
    import.bedmolecule                      html  
    inputFiles                              html  
    inputFilesType                          html  
    librarySizes                            html  
    loadFileIntoGPos                        html  
    mapStats                                html  
    mapStatsScopes                          html  
    mergeCAGEsets                           html  
    mergeSamples                            html  
    moleculesGR2CTSS                        html  
    normalizeTagCount                       html  
    parseCAGEscanBlocksToGrangeTSS          html  
    plot.hanabi                             html  
    plotAnnot                               html  
    plotCorrelation                         html  
    plotExpressionProfiles                  html  
    plotInterquantileWidth                  html  
    plotReverseCumulatives                  html  
    powerLaw                                html  
    quantilePositions                       html  
    ranges2annot                            html  
    ranges2genes                            html  
    ranges2names                            html  
    sampleLabels                            html  
    scoreShift                              html  
    seqNameTotalsSE                         html  
    setColors                               html  
    strandInvaders                          html  
    summariseChrExpr                        html  
    tagClusters                             html  
** building package indices
** installing vignettes
** testing if installed package can be loaded from temporary location
** testing if installed package can be loaded from final location
** testing if installed package keeps a record of temporary installation path

install for x64

* installing *source* package 'CAGEr' ...
** testing if installed package can be loaded
* MD5 sums
packaged installation of 'CAGEr' as CAGEr_1.99.0.zip
* DONE (CAGEr)
* installing to library 'D:/biocbuild/bbs-3.14-bioc/R/library'
package 'CAGEr' successfully unpacked and MD5 sums checked

Tests output


Example timings

CAGEr.Rcheck/examples_i386/CAGEr-Ex.timings

nameusersystemelapsed
CAGEexp-class2.940.943.87
CAGEr_Multicore0.030.000.03
CTSS-class0.240.000.24
CTSSclusteringMethod000
CTSScoordinates0.040.000.04
CTSSnormalizedTpm0.520.000.52
CTSStagCount0.560.010.58
CTSStoGenes0.340.000.34
CustomConsensusClusters0.790.000.78
GeneExpDESeq20.820.030.86
GeneExpSE0.020.000.02
QuantileWidthFunctions000
aggregateTagClusters5.940.005.93
annotateCTSS1.170.001.18
byCtss000
clusterCTSS2.480.222.70
consensusClusters0.110.000.11
consensusClustersDESeq20.170.000.17
consensusClustersTpm000
coverage-functions2.090.102.18
cumulativeCTSSdistribution17.21 3.0420.27
distclu-functions2.820.413.23
exampleCAGEexp000
exportToTrack21.25 0.0621.38
expressionClasses0.020.000.01
genomeName000
getCTSS0.80.00.8
getExpressionProfiles1.640.001.64
getShiftingPromoters000
hanabi0.20.00.2
hanabiPlot0.250.020.27
import.CAGEscanMolecule000
import.CTSS0.060.000.06
import.bam000
import.bedCTSS000
import.bedScore000
import.bedmolecule000
inputFiles000
inputFilesType000
librarySizes000
mapStats0.050.000.05
mergeCAGEsets1.730.031.77
mergeSamples0.610.000.60
moleculesGR2CTSS0.160.000.16
normalizeTagCount0.640.000.64
parseCAGEscanBlocksToGrangeTSS0.020.000.02
plotAnnot1.110.031.14
plotCorrelation0.310.000.31
plotExpressionProfiles2.800.052.84
plotInterquantileWidth1.710.001.72
plotReverseCumulatives0.270.000.27
quantilePositions11.69 0.0111.70
ranges2annot0.250.000.25
ranges2genes0.030.000.03
ranges2names0.050.000.05
sampleLabels000
scoreShift000
seqNameTotalsSE000
setColors0.340.000.34
strandInvaders0.530.080.63
summariseChrExpr0.420.000.42
tagClusters0.100.000.09

CAGEr.Rcheck/examples_x64/CAGEr-Ex.timings

nameusersystemelapsed
CAGEexp-class2.830.863.68
CAGEr_Multicore0.010.030.05
CTSS-class0.300.000.29
CTSSclusteringMethod000
CTSScoordinates0.060.000.06
CTSSnormalizedTpm1.190.001.21
CTSStagCount0.610.000.61
CTSStoGenes0.370.000.37
CustomConsensusClusters0.80.00.8
GeneExpDESeq20.830.080.91
GeneExpSE000
QuantileWidthFunctions000
aggregateTagClusters6.110.006.10
annotateCTSS1.340.011.36
byCtss000
clusterCTSS2.860.193.05
consensusClusters0.120.000.13
consensusClustersDESeq20.220.000.21
consensusClustersTpm000
coverage-functions2.160.272.43
cumulativeCTSSdistribution16.31 5.8922.20
distclu-functions2.910.503.39
exampleCAGEexp000
exportToTrack22.64 0.0522.69
expressionClasses0.030.000.03
genomeName000
getCTSS1.310.011.33
getExpressionProfiles2.170.002.17
getShiftingPromoters000
hanabi0.210.020.22
hanabiPlot0.250.030.28
import.CAGEscanMolecule000
import.CTSS0.070.000.08
import.bam000
import.bedCTSS000
import.bedScore000
import.bedmolecule000
inputFiles000
inputFilesType000
librarySizes000
mapStats0.040.000.03
mergeCAGEsets1.870.011.89
mergeSamples0.470.000.47
moleculesGR2CTSS0.090.000.09
normalizeTagCount0.520.000.52
parseCAGEscanBlocksToGrangeTSS0.010.000.01
plotAnnot1.240.001.24
plotCorrelation0.330.000.33
plotExpressionProfiles2.930.113.04
plotInterquantileWidth1.850.001.85
plotReverseCumulatives0.260.000.26
quantilePositions12.39 0.0212.41
ranges2annot0.300.000.29
ranges2genes0.030.000.04
ranges2names0.050.000.04
sampleLabels000
scoreShift000
seqNameTotalsSE0.020.000.02
setColors0.340.000.34
strandInvaders0.620.060.69
summariseChrExpr0.470.000.47
tagClusters0.100.000.09